{"id":725331,"date":"2025-08-27T19:48:38","date_gmt":"2025-08-27T16:48:38","guid":{"rendered":"https:\/\/roveyayinevi.com.tr\/index.php\/urun\/ah-istanbul\/"},"modified":"2026-04-16T02:32:56","modified_gmt":"2026-04-15T23:32:56","slug":"ah-istanbul","status":"publish","type":"product","link":"https:\/\/roveyayinevi.com.tr\/index.php\/urun\/ah-istanbul\/","title":{"rendered":"Ah \u0130stanbul"},"content":{"rendered":"<p>Ah, \u0130stanbul!Azizim!Sensiz ge\u00e7en g\u00fcnlerim hep hicran, hep h\u00fcz\u00fcnC\u0131v\u0131l c\u0131v\u0131l \u0130stiklal, ate\u015finde yand\u0131\u011f\u0131m\u0131z Gezi <\/p>\n","protected":false},"excerpt":{"rendered":"<p>Ah, \u0130stanbul!Azizim!Sensiz ge\u00e7en g\u00fcnlerim hep hicran, hep h\u00fcz\u00fcnC\u0131v\u0131l c\u0131v\u0131l \u0130stiklal, ate\u015finde yand\u0131\u011f\u0131m\u0131z Gezi<\/p>\n","protected":false},"featured_media":0,"template":"","meta":{"_monsterinsights_skip_tracking":false,"_monsterinsights_sitenote_active":false,"_monsterinsights_sitenote_note":"","_monsterinsights_sitenote_category":0},"product_brand":[],"product_cat":[12291,12509],"product_tag":[],"class_list":{"0":"post-725331","1":"product","2":"type-product","3":"status-publish","5":"product_cat-edebiyat","6":"product_cat-siir","7":"pa_cilt-ciltsiz","8":"pa_tur-kitap","9":"pa_yayinevi-elpis-yayinlari","10":"pa_yazar-osman-akyol","12":"first","13":"instock","14":"sale","15":"shipping-taxable","16":"purchasable","17":"product-type-simple"},"_links":{"self":[{"href":"https:\/\/roveyayinevi.com.tr\/index.php\/wp-json\/wp\/v2\/product\/725331","targetHints":{"allow":["GET"]}}],"collection":[{"href":"https:\/\/roveyayinevi.com.tr\/index.php\/wp-json\/wp\/v2\/product"}],"about":[{"href":"https:\/\/roveyayinevi.com.tr\/index.php\/wp-json\/wp\/v2\/types\/product"}],"wp:attachment":[{"href":"https:\/\/roveyayinevi.com.tr\/index.php\/wp-json\/wp\/v2\/media?parent=725331"}],"wp:term":[{"taxonomy":"product_brand","embeddable":true,"href":"https:\/\/roveyayinevi.com.tr\/index.php\/wp-json\/wp\/v2\/product_brand?post=725331"},{"taxonomy":"product_cat","embeddable":true,"href":"https:\/\/roveyayinevi.com.tr\/index.php\/wp-json\/wp\/v2\/product_cat?post=725331"},{"taxonomy":"product_tag","embeddable":true,"href":"https:\/\/roveyayinevi.com.tr\/index.php\/wp-json\/wp\/v2\/product_tag?post=725331"}],"curies":[{"name":"wp","href":"https:\/\/api.w.org\/{rel}","templated":true}]}}