{"id":725330,"date":"2025-08-27T19:48:37","date_gmt":"2025-08-27T16:48:37","guid":{"rendered":"https:\/\/roveyayinevi.com.tr\/index.php\/urun\/wilson\/"},"modified":"2026-04-16T02:32:56","modified_gmt":"2026-04-15T23:32:56","slug":"wilson","status":"publish","type":"product","link":"https:\/\/roveyayinevi.com.tr\/index.php\/urun\/wilson\/","title":{"rendered":"Wilson"},"content":{"rendered":"<p>\u00c7a\u011f\u0131m\u0131z\u0131n en \u00f6nemli \u00e7izerlerinden biri olan Daniel Clowes, bu ilk uzun soluklu \u00e7izgiroman\u0131nda, bir modern zaman bencilinin karma\u015f\u0131k ve b\u00fcy\u00fcleyici bir portresini \u00e7iziyor. Ghost World, Patience ve Eightball gibi k\u00fclt eserlerin yarat\u0131c\u0131s\u0131 olan Daniel Clowes, bu kitapta tek sayfal\u0131k anekdotlar halinde \u00e7al\u0131\u015f\u0131yor ve her sayfada farkl\u0131 \u00fcsluplar deneyerek g\u00fcn\u00fcm\u00fcz\u00fcn etkileyici \u00e7izgiromanlar\u0131ndan birine imza at\u0131yor.\ufffcTan\u0131t\u0131m Metni<\/p>\n","protected":false},"excerpt":{"rendered":"<p>\u00c7a\u011f\u0131m\u0131z\u0131n en \u00f6nemli \u00e7izerlerinden biri olan Daniel Clowes, bu ilk uzun soluklu \u00e7izgiroman\u0131nda, bir modern zaman bencilinin karma\u015f\u0131k ve b\u00fcy\u00fcleyici bir portresini \u00e7iziyor. Ghost World, Patience<span class=\"excerpt-hellip\"> [\u2026]<\/span><\/p>\n","protected":false},"featured_media":0,"template":"","meta":{"_monsterinsights_skip_tracking":false,"_monsterinsights_sitenote_active":false,"_monsterinsights_sitenote_note":"","_monsterinsights_sitenote_category":0},"product_brand":[],"product_cat":[12689,12274],"product_tag":[],"class_list":{"0":"post-725330","1":"product","2":"type-product","3":"status-publish","5":"product_cat-cizgi-roman-cocuk-ve-genclik-kitaplari","6":"product_cat-cocuk-ve-genclik-kitaplari","7":"pa_cilt-ciltsiz","8":"pa_tur-kitap","9":"pa_yayinevi-kara-karga-yayinlari","10":"pa_yazar-daniel-clowes","12":"first","13":"instock","14":"sale","15":"shipping-taxable","16":"purchasable","17":"product-type-simple"},"_links":{"self":[{"href":"https:\/\/roveyayinevi.com.tr\/index.php\/wp-json\/wp\/v2\/product\/725330","targetHints":{"allow":["GET"]}}],"collection":[{"href":"https:\/\/roveyayinevi.com.tr\/index.php\/wp-json\/wp\/v2\/product"}],"about":[{"href":"https:\/\/roveyayinevi.com.tr\/index.php\/wp-json\/wp\/v2\/types\/product"}],"wp:attachment":[{"href":"https:\/\/roveyayinevi.com.tr\/index.php\/wp-json\/wp\/v2\/media?parent=725330"}],"wp:term":[{"taxonomy":"product_brand","embeddable":true,"href":"https:\/\/roveyayinevi.com.tr\/index.php\/wp-json\/wp\/v2\/product_brand?post=725330"},{"taxonomy":"product_cat","embeddable":true,"href":"https:\/\/roveyayinevi.com.tr\/index.php\/wp-json\/wp\/v2\/product_cat?post=725330"},{"taxonomy":"product_tag","embeddable":true,"href":"https:\/\/roveyayinevi.com.tr\/index.php\/wp-json\/wp\/v2\/product_tag?post=725330"}],"curies":[{"name":"wp","href":"https:\/\/api.w.org\/{rel}","templated":true}]}}