{"id":725329,"date":"2025-08-27T19:48:36","date_gmt":"2025-08-27T16:48:36","guid":{"rendered":"https:\/\/roveyayinevi.com.tr\/index.php\/urun\/reform-serisi-medeni-usul-hukuku\/"},"modified":"2026-04-16T02:32:56","modified_gmt":"2026-04-15T23:32:56","slug":"reform-serisi-medeni-usul-hukuku","status":"publish","type":"product","link":"https:\/\/roveyayinevi.com.tr\/index.php\/urun\/reform-serisi-medeni-usul-hukuku\/","title":{"rendered":"Reform Serisi Medeni Usul Hukuku"},"content":{"rendered":"<p>\u0130\u00e7indekiler Medeni Usul Hukuku  Birinci B\u00f6l\u00fcm*Birinci K\u0131s\u0131m   -Medeni Usul Hukukuna Giri\u015f*\u0130kinci K\u0131s\u0131m   \u2013Yarg\u0131 \u00d6rg\u00fct\u00fc  \u0130kinci B\u00f6l\u00fcm*Birinci K\u0131s\u0131m  -Medeni Usul Hukukunun Konusu Amac\u0131 Ve Kaynaklar\u0131*\u0130kinci K\u0131s\u0131m   -Medeni Usul Hukukuna Tabi Olan Temel \u0130lkeler*\u00dc\u00e7\u00fcnc\u00fc K\u0131s\u0131m   \u2013Yarg\u0131lama Faaliyetinin Niteli\u011fi Ve S\u00fcjeleri*D\u00f6rd\u00fcnc\u00fc K\u0131s\u0131m  \u2013Mahkemelerin Ba\u011f\u0131ms\u0131zl\u0131\u011f\u0131, Hakimlik Teminat\u0131 Ve Hakimin Tarafs\u0131zl\u0131\u011f\u0131  \u00dc\u00e7\u00fcnc\u00fc B\u00f6l\u00fcm*Birinci K\u0131s\u0131m  \u2013Medeni Yarg\u0131da G\u00f6rev Ve Yetki Kavramlar\u0131  D\u00f6rd\u00fcnc\u00fc B\u00f6l\u00fcm  \u2013Medeni Yarg\u0131da Taraf Kavram\u0131  Be\u015finci B\u00f6l\u00fcm  \u2013Taraf Ehliyeti  Alt\u0131nc\u0131 B\u00f6l\u00fcm  \u2013Dava Takip Yetkisi  Yedinci  B\u00f6l\u00fcm  -Dava Ehliyeti  Sekizinci B\u00f6l\u00fcm  \u2013S\u0131fat(Husumet)  Dokuzuncu B\u00f6l\u00fcm  \u2013Dava Arkada\u015fl\u0131\u011f\u0131  Onuncu B\u00f6l\u00fcm   Onbirinci B\u00f6l\u00fcm  -Davan\u0131n \u0130hbar\u0131  Onikinci B\u00f6l\u00fcm  -Davada Taraflar\u0131n Temsili  On\u00fc\u00e7\u00fcnc\u00fc B\u00f6l\u00fcm  \u2013Dava T\u00fcrleri  Ond\u00f6rd\u00fcnc\u00fc B\u00f6l\u00fcm  -Dava \u015eartlar\u0131 Ve \u0130lk \u0130tirazlar  Onbe\u015finci B\u00f6l\u00fcm  \u2013Davan\u0131n A\u00e7\u0131lmas\u0131, Dilek\u00e7eler Teatisi Ve \u00d6n \u0130nceleme  Onalt\u0131nc\u0131 B\u00f6l\u00fcm  \u2013\u0130ddia Ve Savunman\u0131n Geni\u015fletilmesi Ve De\u011fi\u015ftirilmesi Yasa\u011f\u0131  Onyedinci B\u00f6l\u00fcm  \u2013\u00d6n \u0130nceleme   Onsekizinci B\u00f6l\u00fcm  \u2013Tahkikat,\u0130spat,S\u00f6zl\u00fc Yarg\u0131lama Ve H\u00fck\u00fcm  Ondokuzuncu B\u00f6l\u00fcm *Birinci K\u0131s\u0131m \u2013 Kesin Deliller*\u0130kinci K\u0131s\u0131m &#8211;  Takdiri Deliller Yirminci B\u00f6l\u00fcm \u2013 \u0130sticvap Yirmibirinci B\u00f6l\u00fcm*Birinci K\u0131s\u0131m  \u2013Tahkikat\u0131n Bitmesi Ve S\u00f6zl\u00fc Yarg\u0131lama*\u0130kinci K\u0131s\u0131m  Yirmiikinci B\u00f6l\u00fcm  \u2013Davaya Son Veren Taraf Usul \u0130\u015flemleri  Yirmi\u00fc\u00e7\u00fcnc\u00fc B\u00f6l\u00fcm   Yirmid\u00f6rd\u00fcnc\u00fc B\u00f6l\u00fcm  \u2013Yarg\u0131laman\u0131n \u0130adesi  Yirmibe\u015finci B\u00f6l\u00fcm  \u2013Ge\u00e7ici Hukuki Korumalar  Yirmialt\u0131nc\u0131 B\u00f6l\u00fcm  Yirmiyedinci B\u00f6l\u00fcm *Birinci K\u0131s\u0131m  \u2013Tahkim Yarg\u0131lamas\u0131*\u0130kinci K\u0131s\u0131m  *\u00dc\u00e7\u00fcnc\u00fc K\u0131s\u0131m  -Hakem Kararlar\u0131na Kar\u015f\u0131 Ba\u015fvuru Yollar\u0131  Yirmisekizinci B\u00f6l\u00fcm  \u2013Alternatif Uyu\u015fmazl\u0131k \u00c7\u00f6z\u00fcm Y\u00f6ntemleri*Birinci K\u0131s\u0131m*\u0130kinci K\u0131s\u0131m Medeni Usul Hukuku Sorular\u0131 \u0130dari Hakimlik Sorular\u0131 Adli Hakimlik Sorular\u0131<\/p>\n","protected":false},"excerpt":{"rendered":"<p>\u0130\u00e7indekiler Medeni Usul Hukuku Birinci B\u00f6l\u00fcm*Birinci K\u0131s\u0131m -Medeni Usul Hukukuna Giri\u015f*\u0130kinci K\u0131s\u0131m \u2013Yarg\u0131 \u00d6rg\u00fct\u00fc \u0130kinci B\u00f6l\u00fcm*Birinci K\u0131s\u0131m -Medeni Usul Hukukunun Konusu Amac\u0131 Ve Kaynaklar\u0131*\u0130kinci K\u0131s\u0131m -Medeni<span class=\"excerpt-hellip\"> [\u2026]<\/span><\/p>\n","protected":false},"featured_media":0,"template":"","meta":{"_monsterinsights_skip_tracking":false,"_monsterinsights_sitenote_active":false,"_monsterinsights_sitenote_note":"","_monsterinsights_sitenote_category":0},"product_brand":[],"product_cat":[15350,17602],"product_tag":[],"class_list":{"0":"post-725329","1":"product","2":"type-product","3":"status-publish","5":"product_cat-hukuk","6":"product_cat-hukuk-uzerine","7":"pa_cilt-ciltsiz","8":"pa_tur-kitap","9":"pa_yayinevi-gazi-kitabevi","10":"pa_yazar-kolektif","12":"first","13":"instock","14":"sale","15":"shipping-taxable","16":"purchasable","17":"product-type-simple"},"_links":{"self":[{"href":"https:\/\/roveyayinevi.com.tr\/index.php\/wp-json\/wp\/v2\/product\/725329","targetHints":{"allow":["GET"]}}],"collection":[{"href":"https:\/\/roveyayinevi.com.tr\/index.php\/wp-json\/wp\/v2\/product"}],"about":[{"href":"https:\/\/roveyayinevi.com.tr\/index.php\/wp-json\/wp\/v2\/types\/product"}],"wp:attachment":[{"href":"https:\/\/roveyayinevi.com.tr\/index.php\/wp-json\/wp\/v2\/media?parent=725329"}],"wp:term":[{"taxonomy":"product_brand","embeddable":true,"href":"https:\/\/roveyayinevi.com.tr\/index.php\/wp-json\/wp\/v2\/product_brand?post=725329"},{"taxonomy":"product_cat","embeddable":true,"href":"https:\/\/roveyayinevi.com.tr\/index.php\/wp-json\/wp\/v2\/product_cat?post=725329"},{"taxonomy":"product_tag","embeddable":true,"href":"https:\/\/roveyayinevi.com.tr\/index.php\/wp-json\/wp\/v2\/product_tag?post=725329"}],"curies":[{"name":"wp","href":"https:\/\/api.w.org\/{rel}","templated":true}]}}