{"id":725305,"date":"2025-08-27T19:48:16","date_gmt":"2025-08-27T16:48:16","guid":{"rendered":"https:\/\/roveyayinevi.com.tr\/index.php\/urun\/dusle-inan-yasa\/"},"modified":"2026-04-03T02:40:14","modified_gmt":"2026-04-02T23:40:14","slug":"dusle-inan-yasa","status":"publish","type":"product","link":"https:\/\/roveyayinevi.com.tr\/index.php\/urun\/dusle-inan-yasa\/","title":{"rendered":"D\u00fc\u015fle \u0130nan Ya\u015fa"},"content":{"rendered":"<p>D\u00fc\u015f\u00fcncelerin, duygular\u0131n ve s\u00f6zc\u00fcklerin g\u00fcc\u00fcn\u00fc ke\u015ffe, ya\u015fam\u0131n\u0131n efendisi ol. S\u00d6YLE OLSUN! Annemin kaybolu\u015fu, babam\u0131n vefat\u0131\u2026 \u00d6z ailemin elimdeki her \u015feyi almas\u0131yla sokakta kal\u0131\u015f\u0131m\u2026 B\u00fct\u00fcn bunlar\u0131n ard\u0131ndan ablam\u0131n vefat\u0131yla devam eden o karanl\u0131k d\u00f6nemden \u00e7\u0131kmama vesile olan mucizeleri yaratan fark\u0131ndal\u0131k tekniklerini bu kitapta bulabilirsiniz. Dilerim ki benim hayat\u0131ma oldu\u011fu gibi hepinizin hayat\u0131na \u015fifa olsun. Hepimizin hayatta ne yapaca\u011f\u0131n\u0131 bilemedi\u011fi anlar olmu\u015ftur.  Mutlu olmak i\u00e7in ger\u00e7ekle\u015fmesini beklediklerimiz vard\u0131r. Belki de en dibi g\u00f6rd\u00fc\u011f\u00fcm\u00fcz\u00fc hissetti\u011fimiz noktada bir aray\u0131\u015fa gireriz. Siz de \u00e7\u0131k\u0131\u015f i\u00e7in bir \u0131\u015f\u0131k ar\u0131yorsan\u0131z \u015fu an elinizde do\u011fru kitab\u0131 tutuyorsunuz. Yaln\u0131zca e\u011fitimlerden de\u011fil, ayn\u0131 zamanda deneyimlerden elde edilmi\u015f, uygulamal\u0131, birbirinden de\u011ferli pek \u00e7ok bilgiyi bu kitapta ke\u015ffedeceksiniz. Ya\u015famdan istedikleriniz mi var? Peki ya bunlardan \u00e7ok daha fazlas\u0131na sahip olabilseydiniz? Ben oldum ve olmaya devam ediyorum. Siz de olabilirsiniz! Hem de hayal edebilece\u011finizden daha iyilerine&#8230; Yaln\u0131z \u015funu unutmay\u0131n; mutluluk ki\u015finin kendi zihniyle, becerisiyle yaratt\u0131\u011f\u0131 bir ba\u015far\u0131d\u0131r.  \u0130stedi\u011finiz ya\u015fam\u0131 ya\u015famak m\u0131 istiyorsunuz? \u00d6yleyse d\u00fc\u015fleyin, inan\u0131n ve ya\u015fay\u0131n! MUAZZEZ \u0130LM\u0130YE \u00c7I\u011e &#8211; SEYF\u0130 DURSUNO\u011eLU YILMAZ ERDO\u011eAN &#8211; B\u0130LLUR KALKAVAN &#8211; YILDIZ KENTER ATIL KUTO\u011eLU &#8211; FAZIL SAY &#8211; SABA T\u00dcMER &#8211; ECE USLU Onlar da d\u00fc\u015flediler, inand\u0131lar ve ya\u015f\u0131yorlar. T\u00fcrkiye\u2019nin birbirinden de\u011ferli bu dokuz ismi, hayat hik\u00e2yelerini bu kitapta anlatt\u0131lar. Tekrar tekrar okunmas\u0131 gereken, fark\u0131ndal\u0131\u011fa giden yolda size \u0131\u015f\u0131k tutacak bu r\u00f6portajlar\u0131 mutlaka ba\u015fucunuzda bulundurun. <\/p>\n","protected":false},"excerpt":{"rendered":"<p>D\u00fc\u015f\u00fcncelerin, duygular\u0131n ve s\u00f6zc\u00fcklerin g\u00fcc\u00fcn\u00fc ke\u015ffe, ya\u015fam\u0131n\u0131n efendisi ol. S\u00d6YLE OLSUN! Annemin kaybolu\u015fu, babam\u0131n vefat\u0131\u2026 \u00d6z ailemin elimdeki her \u015feyi almas\u0131yla sokakta kal\u0131\u015f\u0131m\u2026 B\u00fct\u00fcn bunlar\u0131n ard\u0131ndan<span class=\"excerpt-hellip\"> [\u2026]<\/span><\/p>\n","protected":false},"featured_media":0,"template":"","meta":{"_monsterinsights_skip_tracking":false,"_monsterinsights_sitenote_active":false,"_monsterinsights_sitenote_note":"","_monsterinsights_sitenote_category":0},"product_brand":[],"product_cat":[12364,12376],"product_tag":[],"class_list":{"0":"post-725305","1":"product","2":"type-product","3":"status-publish","5":"product_cat-genel-konular","6":"product_cat-kisisel-gelisim","7":"pa_cilt-ciltsiz","8":"pa_tur-kitap","9":"pa_yayinevi-indigo-kitap","10":"pa_yazar-can-aydogmus","12":"first","13":"instock","14":"sale","15":"shipping-taxable","16":"purchasable","17":"product-type-simple"},"_links":{"self":[{"href":"https:\/\/roveyayinevi.com.tr\/index.php\/wp-json\/wp\/v2\/product\/725305","targetHints":{"allow":["GET"]}}],"collection":[{"href":"https:\/\/roveyayinevi.com.tr\/index.php\/wp-json\/wp\/v2\/product"}],"about":[{"href":"https:\/\/roveyayinevi.com.tr\/index.php\/wp-json\/wp\/v2\/types\/product"}],"wp:attachment":[{"href":"https:\/\/roveyayinevi.com.tr\/index.php\/wp-json\/wp\/v2\/media?parent=725305"}],"wp:term":[{"taxonomy":"product_brand","embeddable":true,"href":"https:\/\/roveyayinevi.com.tr\/index.php\/wp-json\/wp\/v2\/product_brand?post=725305"},{"taxonomy":"product_cat","embeddable":true,"href":"https:\/\/roveyayinevi.com.tr\/index.php\/wp-json\/wp\/v2\/product_cat?post=725305"},{"taxonomy":"product_tag","embeddable":true,"href":"https:\/\/roveyayinevi.com.tr\/index.php\/wp-json\/wp\/v2\/product_tag?post=725305"}],"curies":[{"name":"wp","href":"https:\/\/api.w.org\/{rel}","templated":true}]}}