{"id":725303,"date":"2025-08-27T19:48:13","date_gmt":"2025-08-27T16:48:13","guid":{"rendered":"https:\/\/roveyayinevi.com.tr\/index.php\/urun\/karanligin-sarkisi\/"},"modified":"2026-04-16T02:32:56","modified_gmt":"2026-04-15T23:32:56","slug":"karanligin-sarkisi","status":"publish","type":"product","link":"https:\/\/roveyayinevi.com.tr\/index.php\/urun\/karanligin-sarkisi\/","title":{"rendered":"Karanl\u0131\u011f\u0131n \u015eark\u0131s\u0131"},"content":{"rendered":"<p>Karanl\u0131\u011fa hapsoldum san\u0131rs\u0131nFakat hayallerin ve sevginin \u0131\u015f\u0131\u011f\u0131En beklemedi\u011fin anda tekrar parlay\u0131verirHer \u015fey g\u00fczel olacak. Maggie yeni okuluna, yeni durumuna, yeni hayat\u0131na al\u0131\u015facak. Herkes b\u00f6yle s\u00f6yl\u00fcyordu. Ama ger\u00e7ek \u015fu ki, menenjit y\u00fcz\u00fcnden k\u00f6r oldu\u011fundan beri hi\u00e7bir \u015fey iyiye gitmiyordu ve hay\u0131r, Maggie buna al\u0131\u015fmay\u0131 kesinlikle d\u00fc\u015f\u00fcnm\u00fcyordu. Ta ki muhte\u015fem bir \u015fekilde yere yap\u0131\u015f\u0131p kafas\u0131n\u0131 \u00e7arpana kadar. Birden tekrar g\u00f6rebilmeye ba\u015flam\u0131\u015ft\u0131. Yani, en az\u0131ndan bir ki\u015fiyi: Ben isminde on ya\u015f\u0131ndaki ne\u015feli bir o\u011flan\u0131. S\u0131n\u0131rlara de\u011fil olas\u0131l\u0131klar\u0131n b\u00fcy\u00fcs\u00fcne inanan Ben ve abisi (ayn\u0131 zamanda favori m\u00fczik grubunun solisti) Mason Milton sayesinde hem i\u00e7inde b\u00fcy\u00fcmekte olan \u015fark\u0131 ona hayallerine giden yolu g\u00f6sterecek hem de sevginin her \u00e7e\u015fidiyle yeni ba\u015ftan tan\u0131\u015facakt\u0131. Fakat neden sadece bir ki\u015fiyi g\u00f6rebildi\u011fini sorgulad\u0131\u011f\u0131nda \u00e7ok \u00f6nemli bir \u015feyi ke\u015ffedecekti: Kazanmak i\u00e7in bazen kaybetmek gerekirdi.<\/p>\n","protected":false},"excerpt":{"rendered":"<p>Karanl\u0131\u011fa hapsoldum san\u0131rs\u0131nFakat hayallerin ve sevginin \u0131\u015f\u0131\u011f\u0131En beklemedi\u011fin anda tekrar parlay\u0131verirHer \u015fey g\u00fczel olacak. Maggie yeni okuluna, yeni durumuna, yeni hayat\u0131na al\u0131\u015facak. Herkes b\u00f6yle s\u00f6yl\u00fcyordu. Ama<span class=\"excerpt-hellip\"> [\u2026]<\/span><\/p>\n","protected":false},"featured_media":0,"template":"","meta":{"_monsterinsights_skip_tracking":false,"_monsterinsights_sitenote_active":false,"_monsterinsights_sitenote_note":"","_monsterinsights_sitenote_category":0},"product_brand":[],"product_cat":[12291,12711],"product_tag":[],"class_list":{"0":"post-725303","1":"product","2":"type-product","3":"status-publish","5":"product_cat-edebiyat","6":"product_cat-roman-oyku","7":"pa_cilt-ciltsiz","8":"pa_tur-kitap","9":"pa_yayinevi-yabanci-yayinevi","10":"pa_yazar-marci-lyn-curtis","12":"first","13":"instock","14":"sale","15":"shipping-taxable","16":"purchasable","17":"product-type-simple"},"_links":{"self":[{"href":"https:\/\/roveyayinevi.com.tr\/index.php\/wp-json\/wp\/v2\/product\/725303","targetHints":{"allow":["GET"]}}],"collection":[{"href":"https:\/\/roveyayinevi.com.tr\/index.php\/wp-json\/wp\/v2\/product"}],"about":[{"href":"https:\/\/roveyayinevi.com.tr\/index.php\/wp-json\/wp\/v2\/types\/product"}],"wp:attachment":[{"href":"https:\/\/roveyayinevi.com.tr\/index.php\/wp-json\/wp\/v2\/media?parent=725303"}],"wp:term":[{"taxonomy":"product_brand","embeddable":true,"href":"https:\/\/roveyayinevi.com.tr\/index.php\/wp-json\/wp\/v2\/product_brand?post=725303"},{"taxonomy":"product_cat","embeddable":true,"href":"https:\/\/roveyayinevi.com.tr\/index.php\/wp-json\/wp\/v2\/product_cat?post=725303"},{"taxonomy":"product_tag","embeddable":true,"href":"https:\/\/roveyayinevi.com.tr\/index.php\/wp-json\/wp\/v2\/product_tag?post=725303"}],"curies":[{"name":"wp","href":"https:\/\/api.w.org\/{rel}","templated":true}]}}