{"id":725295,"date":"2025-08-27T19:48:06","date_gmt":"2025-08-27T16:48:06","guid":{"rendered":"https:\/\/roveyayinevi.com.tr\/index.php\/urun\/cehennem-evi\/"},"modified":"2026-04-12T02:39:26","modified_gmt":"2026-04-11T23:39:26","slug":"cehennem-evi","status":"publish","type":"product","link":"https:\/\/roveyayinevi.com.tr\/index.php\/urun\/cehennem-evi\/","title":{"rendered":"Cehennem Evi"},"content":{"rendered":"<p>\u201cCehennem Evi,  yaz\u0131lm\u0131\u015f en korkun\u00e7 lanetli ev roman\u0131.\u201d \u2013Stephen King\u201cRichard Matheson, yirminci y\u00fczy\u0131l\u0131n en iyi yazarlar\u0131ndan biri.\u201d \u2013Ray BradburyRichard Matheson korku, fantazya ve bilimkurgu t\u00fcr\u00fcnde yazd\u0131klar\u0131yla yirminci y\u00fczy\u0131la damga vurmu\u015f yazarlar\u0131ndan biri. Yaln\u0131zca Stephen King, Neil Gaiman ve Anne Rice gibi yazarlar\u0131 de\u011fil, George A. Romero ve Steven Spielberg gibi y\u00f6netmenleri de derinden etkileyen Matheson\u2019\u0131n Ben, Efsane\u2019yle beraber en me\u015fhur eseri olan Cehennem Evi, k\u00e2buslara neden olacak bir lanetli ev anlat\u0131s\u0131.Lanetli evlerin Everest\u2019i olarak bilinen Belasco Evi, nam\u0131di\u011fer Cehennem Evi, y\u0131llar i\u00e7inde iki kez ziyaret edilmi\u015fti ve iki seferde de ziyaret\u00e7ilerin sonu \u00f6l\u00fcm, intihar ya da delilik olmu\u015ftu. \u015eimdi, bu tekinsiz yere \u00fc\u00e7\u00fcnc\u00fc bir ziyaret yap\u0131lacakt\u0131. Biliminsan\u0131 Dr. Barrett ve e\u015fi Edith ile iki medyum, onlar\u0131 \u201cheyecanla\u201d bekleyen Cehennem Evi\u2019nde bir hafta ge\u00e7ireceklerdi. Delili\u011fin, sapk\u0131nl\u0131\u011f\u0131n ve kan arzusunun h\u00fck\u00fcm s\u00fcrd\u00fc\u011f\u00fc evin s\u0131rr\u0131 bu kez \u00e7\u00f6z\u00fclebilecek miydi?Cehennem Evi\u2019nin kap\u0131lar\u0131 ard\u0131na kadar a\u00e7\u0131ld\u0131.<\/p>\n","protected":false},"excerpt":{"rendered":"<p>\u201cCehennem Evi, yaz\u0131lm\u0131\u015f en korkun\u00e7 lanetli ev roman\u0131.\u201d \u2013Stephen King\u201cRichard Matheson, yirminci y\u00fczy\u0131l\u0131n en iyi yazarlar\u0131ndan biri.\u201d \u2013Ray BradburyRichard Matheson korku, fantazya ve bilimkurgu t\u00fcr\u00fcnde yazd\u0131klar\u0131yla<span class=\"excerpt-hellip\"> [\u2026]<\/span><\/p>\n","protected":false},"featured_media":0,"template":"","meta":{"_monsterinsights_skip_tracking":false,"_monsterinsights_sitenote_active":false,"_monsterinsights_sitenote_note":"","_monsterinsights_sitenote_category":0},"product_brand":[],"product_cat":[12291,17033],"product_tag":[],"class_list":{"0":"post-725295","1":"product","2":"type-product","3":"status-publish","5":"product_cat-edebiyat","6":"product_cat-korku-gerilim","7":"pa_cilt-ciltsiz","8":"pa_tur-kitap","9":"pa_yayinevi-ithaki-yayinlari","10":"pa_yazar-richard-matheson","12":"first","13":"instock","14":"sale","15":"shipping-taxable","16":"purchasable","17":"product-type-simple"},"_links":{"self":[{"href":"https:\/\/roveyayinevi.com.tr\/index.php\/wp-json\/wp\/v2\/product\/725295","targetHints":{"allow":["GET"]}}],"collection":[{"href":"https:\/\/roveyayinevi.com.tr\/index.php\/wp-json\/wp\/v2\/product"}],"about":[{"href":"https:\/\/roveyayinevi.com.tr\/index.php\/wp-json\/wp\/v2\/types\/product"}],"wp:attachment":[{"href":"https:\/\/roveyayinevi.com.tr\/index.php\/wp-json\/wp\/v2\/media?parent=725295"}],"wp:term":[{"taxonomy":"product_brand","embeddable":true,"href":"https:\/\/roveyayinevi.com.tr\/index.php\/wp-json\/wp\/v2\/product_brand?post=725295"},{"taxonomy":"product_cat","embeddable":true,"href":"https:\/\/roveyayinevi.com.tr\/index.php\/wp-json\/wp\/v2\/product_cat?post=725295"},{"taxonomy":"product_tag","embeddable":true,"href":"https:\/\/roveyayinevi.com.tr\/index.php\/wp-json\/wp\/v2\/product_tag?post=725295"}],"curies":[{"name":"wp","href":"https:\/\/api.w.org\/{rel}","templated":true}]}}