{"id":725293,"date":"2025-08-27T19:48:05","date_gmt":"2025-08-27T16:48:05","guid":{"rendered":"https:\/\/roveyayinevi.com.tr\/index.php\/urun\/safranbolu-ilcesi-halk-kulturu\/"},"modified":"2026-04-16T02:32:56","modified_gmt":"2026-04-15T23:32:56","slug":"safranbolu-ilcesi-halk-kulturu","status":"publish","type":"product","link":"https:\/\/roveyayinevi.com.tr\/index.php\/urun\/safranbolu-ilcesi-halk-kulturu\/","title":{"rendered":"Safranbolu \u0130l\u00e7esi Halk K\u00fclt\u00fcr\u00fc"},"content":{"rendered":"<p>\u0130\u00e7indekiler 1.Giri\u015f 2.\u0130lgili Alanyaz\u0131n  2.1.Kuramsal \u00c7er\u00e7eve  2.2.\u0130lgili Ara\u015ft\u0131rmalar 3.Y\u00f6ntem 4.Bulgular Ve Yorumlar  4.1.Ara\u015ft\u0131rma Alan\u0131 Hakk\u0131nda Genel Bilgiler  4.2.Safranbolu Halk Edebiyat\u0131 \u00dcr\u00fcnleri  4.3.Safranbolu Halk Bilimi \u00dcr\u00fcnleri 5.Sonu\u00e7 Ve \u00d6nerilerKaynak Ki\u015filer ListesiKaynak\u00e7aEklerFoto\u011fraflar<\/p>\n","protected":false},"excerpt":{"rendered":"<p>\u0130\u00e7indekiler 1.Giri\u015f 2.\u0130lgili Alanyaz\u0131n 2.1.Kuramsal \u00c7er\u00e7eve 2.2.\u0130lgili Ara\u015ft\u0131rmalar 3.Y\u00f6ntem 4.Bulgular Ve Yorumlar 4.1.Ara\u015ft\u0131rma Alan\u0131 Hakk\u0131nda Genel Bilgiler 4.2.Safranbolu Halk Edebiyat\u0131 \u00dcr\u00fcnleri 4.3.Safranbolu Halk Bilimi \u00dcr\u00fcnleri 5.Sonu\u00e7<span class=\"excerpt-hellip\"> [\u2026]<\/span><\/p>\n","protected":false},"featured_media":0,"template":"","meta":{"_monsterinsights_skip_tracking":false,"_monsterinsights_sitenote_active":false,"_monsterinsights_sitenote_note":"","_monsterinsights_sitenote_category":0},"product_brand":[],"product_cat":[13633,12324],"product_tag":[],"class_list":{"0":"post-725293","1":"product","2":"type-product","3":"status-publish","5":"product_cat-kultur-ve-bilim","6":"product_cat-sosyoloji","7":"pa_cilt-ciltsiz","8":"pa_tur-kitap","9":"pa_yayinevi-gazi-kitabevi","10":"pa_yazar-berrin-saritunc","12":"first","13":"instock","14":"sale","15":"shipping-taxable","16":"purchasable","17":"product-type-simple"},"_links":{"self":[{"href":"https:\/\/roveyayinevi.com.tr\/index.php\/wp-json\/wp\/v2\/product\/725293","targetHints":{"allow":["GET"]}}],"collection":[{"href":"https:\/\/roveyayinevi.com.tr\/index.php\/wp-json\/wp\/v2\/product"}],"about":[{"href":"https:\/\/roveyayinevi.com.tr\/index.php\/wp-json\/wp\/v2\/types\/product"}],"wp:attachment":[{"href":"https:\/\/roveyayinevi.com.tr\/index.php\/wp-json\/wp\/v2\/media?parent=725293"}],"wp:term":[{"taxonomy":"product_brand","embeddable":true,"href":"https:\/\/roveyayinevi.com.tr\/index.php\/wp-json\/wp\/v2\/product_brand?post=725293"},{"taxonomy":"product_cat","embeddable":true,"href":"https:\/\/roveyayinevi.com.tr\/index.php\/wp-json\/wp\/v2\/product_cat?post=725293"},{"taxonomy":"product_tag","embeddable":true,"href":"https:\/\/roveyayinevi.com.tr\/index.php\/wp-json\/wp\/v2\/product_tag?post=725293"}],"curies":[{"name":"wp","href":"https:\/\/api.w.org\/{rel}","templated":true}]}}