{"id":725285,"date":"2025-08-27T19:47:59","date_gmt":"2025-08-27T16:47:59","guid":{"rendered":"https:\/\/roveyayinevi.com.tr\/index.php\/urun\/binlerce-kilometrelik-bir-yolculuk-bile-tek-bir-adimla-baslar\/"},"modified":"2026-04-13T02:40:41","modified_gmt":"2026-04-12T23:40:41","slug":"binlerce-kilometrelik-bir-yolculuk-bile-tek-bir-adimla-baslar","status":"publish","type":"product","link":"https:\/\/roveyayinevi.com.tr\/index.php\/urun\/binlerce-kilometrelik-bir-yolculuk-bile-tek-bir-adimla-baslar\/","title":{"rendered":"Binlerce Kilometrelik Bir Yolculuk Bile Tek Bir Ad\u0131mla Ba\u015flar"},"content":{"rendered":"<p>\u201cBir testi yapars\u0131n \u00e7amurdan, i\u00e7indeki bo\u015fluktur onu yararl\u0131 k\u0131lan.\u201d2500 y\u0131l \u00f6nce kaleme ald\u0131\u011f\u0131 Tao Te Ching ile Taoizm\u2019in kutsal kitab\u0131n\u0131 yaratan Lao Tzu, Do\u011fu bilgeli\u011fini gizemli sat\u0131rlarla kalbimize f\u0131s\u0131ldam\u0131\u015ft\u0131r. Ya\u015fam\u0131n d\u00fczeninin olu\u015f ve bozulu\u015ftan ibaret oldu\u011funu, hakikatin g\u00f6r\u00fcnende de\u011fil g\u00f6r\u00fcnmeyende gizlendi\u011fini s\u00f6yleyen Lao Tzu z\u0131tl\u0131klardan do\u011fan uyuma dikkat \u00e7eker. Arzulardan s\u0131yr\u0131larak ger\u00e7ek yolu bulmay\u0131, teslimiyeti, al\u00e7akg\u00f6n\u00fcll\u00fcl\u00fc\u011f\u00fc, varolu\u015fun ve do\u011fan\u0131n \u00f6z\u00fcn\u00fc b\u00fcy\u00fcl\u00fc bir dille anlatan Lao Tzu, g\u00fcn\u00fcm\u00fczde de insanl\u0131\u011fa ilham olmaya devam ediyor.<\/p>\n","protected":false},"excerpt":{"rendered":"<p>\u201cBir testi yapars\u0131n \u00e7amurdan, i\u00e7indeki bo\u015fluktur onu yararl\u0131 k\u0131lan.\u201d2500 y\u0131l \u00f6nce kaleme ald\u0131\u011f\u0131 Tao Te Ching ile Taoizm\u2019in kutsal kitab\u0131n\u0131 yaratan Lao Tzu, Do\u011fu bilgeli\u011fini gizemli<span class=\"excerpt-hellip\"> [\u2026]<\/span><\/p>\n","protected":false},"featured_media":0,"template":"","meta":{"_monsterinsights_skip_tracking":false,"_monsterinsights_sitenote_active":false,"_monsterinsights_sitenote_note":"","_monsterinsights_sitenote_category":0},"product_brand":[],"product_cat":[12388,13555],"product_tag":[],"class_list":{"0":"post-725285","1":"product","2":"type-product","3":"status-publish","5":"product_cat-felsefe","6":"product_cat-genel-felsefe","7":"pa_cilt-ciltsiz","8":"pa_tur-kitap","9":"pa_yayinevi-destek-yayinlari","10":"pa_yazar-lao-tzu","12":"first","13":"instock","14":"sale","15":"shipping-taxable","16":"purchasable","17":"product-type-simple"},"_links":{"self":[{"href":"https:\/\/roveyayinevi.com.tr\/index.php\/wp-json\/wp\/v2\/product\/725285","targetHints":{"allow":["GET"]}}],"collection":[{"href":"https:\/\/roveyayinevi.com.tr\/index.php\/wp-json\/wp\/v2\/product"}],"about":[{"href":"https:\/\/roveyayinevi.com.tr\/index.php\/wp-json\/wp\/v2\/types\/product"}],"wp:attachment":[{"href":"https:\/\/roveyayinevi.com.tr\/index.php\/wp-json\/wp\/v2\/media?parent=725285"}],"wp:term":[{"taxonomy":"product_brand","embeddable":true,"href":"https:\/\/roveyayinevi.com.tr\/index.php\/wp-json\/wp\/v2\/product_brand?post=725285"},{"taxonomy":"product_cat","embeddable":true,"href":"https:\/\/roveyayinevi.com.tr\/index.php\/wp-json\/wp\/v2\/product_cat?post=725285"},{"taxonomy":"product_tag","embeddable":true,"href":"https:\/\/roveyayinevi.com.tr\/index.php\/wp-json\/wp\/v2\/product_tag?post=725285"}],"curies":[{"name":"wp","href":"https:\/\/api.w.org\/{rel}","templated":true}]}}