{"id":725284,"date":"2025-08-27T19:47:58","date_gmt":"2025-08-27T16:47:58","guid":{"rendered":"https:\/\/roveyayinevi.com.tr\/index.php\/urun\/komunizmin-kara-kitabi-ciltli\/"},"modified":"2026-04-16T02:32:55","modified_gmt":"2026-04-15T23:32:55","slug":"komunizmin-kara-kitabi-ciltli","status":"publish","type":"product","link":"https:\/\/roveyayinevi.com.tr\/index.php\/urun\/komunizmin-kara-kitabi-ciltli\/","title":{"rendered":"Kom\u00fcnizmin Kara Kitab\u0131 &#8211; Ciltli"},"content":{"rendered":"<p>Bu uluslararas\u0131 \u00e7ok-satan kitap yak\u0131n zamanda a\u00e7\u0131lm\u0131\u015f eski Sovyet blokunun ar\u015fivlerini derinlemesine inceleyerek kom\u00fcnizmin t\u00fcm d\u00fcnyadaki as\u0131l &#8220;ba\u015far\u0131s\u0131&#8221;n\u0131 ortaya \u00e7\u0131kar\u0131yor: ter\u00f6r, i\u015fkence, k\u0131tl\u0131k, toplu s\u00fcrg\u00fcn ve katliamlar. Bir araya getirdi\u011fi \u015fa\u015f\u0131rt\u0131c\u0131 detaylarla kitap kom\u00fcnizmin yetmi\u015f y\u0131l\u0131 a\u015fk\u0131n s\u00fcre boyunca i\u015fledi\u011fi su\u00e7lar\u0131 listeleyen ve analiz eden ilk kapsaml\u0131 denemedir. \u201cDevrimler, a\u011fa\u00e7lar gibi, meyveleriyle yarg\u0131lanmal\u0131d\u0131r,\u201d diye yazm\u0131\u015ft\u0131r Ignazio Silone ve bu tam olarak yazarlar\u0131n \u201cB\u00fcy\u00fck Serd\u00fcmen\u201d lakapl\u0131 Mao\u2019nun \u00c7in\u2019i, Kim \u0130l-Sung\u2019un Kore\u2019si, \u201cHo Amca\u201d lakapl\u0131 Ho \u00c7i Minh\u2019in y\u00f6netimindeki Vietnam ve Castro y\u00f6netimindeki K\u00fcba, Mengitsu y\u00f6netimindeki Etiyopya, Neto y\u00f6netimindeki Angola ve Muhammed Necibullah y\u00f6netimindeki Afganistan gibi kom\u00fcnist deneyimlere uygulad\u0131klar\u0131 ilkedir. Hepsi Avrupa\u2019da ya\u015fayan se\u00e7kin bilim insanlar\u0131 olan yazarlar sadece insanl\u0131\u011fa kar\u015f\u0131 i\u015flenmi\u015f kom\u00fcnist su\u00e7lar\u0131 de\u011fil, Stalin\u2019in Moskova\u2019daki y\u00fczlerce kilisenin y\u0131k\u0131m\u0131ndan \u00c7avu\u015fesku\u2019nun B\u00fckre\u015f\u2019in tarih\u00ee merkezini yerle bir etmesine ve Mao\u2019nun K\u0131z\u0131l Muhaf\u0131zlar\u2019\u0131n\u0131n \u00c7in k\u00fclt\u00fcr\u00fc \u00fczerinde yaratt\u0131\u011f\u0131 geni\u015f \u00e7apl\u0131 y\u0131k\u0131ma kadar ulusal ve evrensel k\u00fclt\u00fcre kar\u015f\u0131 i\u015flenmi\u015f olanlar\u0131 da belgeliyorlar. \u00d6l\u00fc say\u0131s\u0131 artarken \u2013eski Sovyetler Birli\u011fi\u2019nde 25 milyon, \u00c7in\u2019de 65 milyon, Kambo\u00e7ya\u2019da 1,7 milyon ve b\u00f6yle gidiyor- yazarlar kom\u00fcnizmin bin y\u0131ll\u0131k ideolojisinin uygulanmaya ba\u015flad\u0131\u011f\u0131 yerde hemen nas\u0131l ve neden su\u00e7a, ter\u00f6re ve bask\u0131ya yol a\u00e7t\u0131\u011f\u0131n\u0131 sistematik bir \u015fekilde g\u00f6steriyor. S\u0131rad\u0131\u015f\u0131 bir muhasebe olan bu kitap 20. Y\u00fczy\u0131l&#8217;\u0131n \u015fiddet hiyerar\u015fisinde kom\u00fcnizmin dikkat \u00e7ekici ve e\u015fi benzeri olmayan konumunu g\u00f6zler \u00f6n\u00fcne seriyor.<\/p>\n","protected":false},"excerpt":{"rendered":"<p>Bu uluslararas\u0131 \u00e7ok-satan kitap yak\u0131n zamanda a\u00e7\u0131lm\u0131\u015f eski Sovyet blokunun ar\u015fivlerini derinlemesine inceleyerek kom\u00fcnizmin t\u00fcm d\u00fcnyadaki as\u0131l &#8220;ba\u015far\u0131s\u0131&#8221;n\u0131 ortaya \u00e7\u0131kar\u0131yor: ter\u00f6r, i\u015fkence, k\u0131tl\u0131k, toplu s\u00fcrg\u00fcn ve<span class=\"excerpt-hellip\"> [\u2026]<\/span><\/p>\n","protected":false},"featured_media":0,"template":"","meta":{"_monsterinsights_skip_tracking":false,"_monsterinsights_sitenote_active":false,"_monsterinsights_sitenote_note":"","_monsterinsights_sitenote_category":0},"product_brand":[],"product_cat":[12337,16547],"product_tag":[],"class_list":{"0":"post-725284","1":"product","2":"type-product","3":"status-publish","5":"product_cat-politika-siyaset","6":"product_cat-sol-hareketler","7":"pa_cilt-ciltli","8":"pa_tur-kitap","9":"pa_yayinevi-felix-kitap","10":"pa_yazar-kolektif","12":"first","13":"instock","14":"sale","15":"shipping-taxable","16":"purchasable","17":"product-type-simple"},"_links":{"self":[{"href":"https:\/\/roveyayinevi.com.tr\/index.php\/wp-json\/wp\/v2\/product\/725284","targetHints":{"allow":["GET"]}}],"collection":[{"href":"https:\/\/roveyayinevi.com.tr\/index.php\/wp-json\/wp\/v2\/product"}],"about":[{"href":"https:\/\/roveyayinevi.com.tr\/index.php\/wp-json\/wp\/v2\/types\/product"}],"wp:attachment":[{"href":"https:\/\/roveyayinevi.com.tr\/index.php\/wp-json\/wp\/v2\/media?parent=725284"}],"wp:term":[{"taxonomy":"product_brand","embeddable":true,"href":"https:\/\/roveyayinevi.com.tr\/index.php\/wp-json\/wp\/v2\/product_brand?post=725284"},{"taxonomy":"product_cat","embeddable":true,"href":"https:\/\/roveyayinevi.com.tr\/index.php\/wp-json\/wp\/v2\/product_cat?post=725284"},{"taxonomy":"product_tag","embeddable":true,"href":"https:\/\/roveyayinevi.com.tr\/index.php\/wp-json\/wp\/v2\/product_tag?post=725284"}],"curies":[{"name":"wp","href":"https:\/\/api.w.org\/{rel}","templated":true}]}}