{"id":725265,"date":"2025-08-27T19:47:43","date_gmt":"2025-08-27T16:47:43","guid":{"rendered":"https:\/\/roveyayinevi.com.tr\/index.php\/urun\/airborne-44-cilt-2-ciltli\/"},"modified":"2026-04-16T02:32:55","modified_gmt":"2026-04-15T23:32:55","slug":"airborne-44-cilt-2-ciltli","status":"publish","type":"product","link":"https:\/\/roveyayinevi.com.tr\/index.php\/urun\/airborne-44-cilt-2-ciltli\/","title":{"rendered":"Airborne 44 Cilt 2 ( Ciltli )"},"content":{"rendered":"<p>\u0130kinci D\u00fcnya Sava\u015f\u0131n\u0131n arka plan\u0131n\u0131 \u00e7ok katmanl\u0131 ve ustal\u0131kla yaz\u0131lm\u0131\u015f bir hik\u00e2yeyle okumaya haz\u0131r olun!Aral\u0131k 1944. Ardenler\u2019de k\u00f6\u015feye s\u0131k\u0131\u015fan Nazi Almanya\u2019s\u0131na kar\u015f\u0131 b\u00fcy\u00fck bir \u00fcst\u00fcnl\u00fck elde eden m\u00fcttefik birlikleri kar\u015f\u0131 sald\u0131r\u0131 ba\u015flat\u0131r. \u00d6zellikle kad\u0131n pilotlar\u0131 b\u00fcnyesinde bar\u0131nd\u0131ran, \u0130ngiliz sivil havac\u0131l\u0131k kurumu ATA (Air Transport Auxiliary) a \u00fczerine d\u00fc\u015feni yapar ve bir s\u00fcredir \u0130ngiltere ve Bel\u00e7ika aras\u0131nda ta\u015f\u0131mac\u0131l\u0131k yapan yetenekli ve korkusuz gen\u00e7 Amerikal\u0131 pilot Tessa\u2019y\u0131 bu tarihi g\u00f6reve dahil eder. Ne yaz\u0131k ki Tessa, bir hava sald\u0131r\u0131s\u0131 sonucu Alman hatt\u0131n\u0131n gerisine, \u00e7at\u0131\u015fmalar\u0131n en a\u011f\u0131r \u015fekilde ya\u015fand\u0131\u011f\u0131 Bastogne\u2019a acil ini\u015f yapmak zorunda kal\u0131r. Onu kurtarman\u0131n tek yolu b\u00f6lgeye para\u015f\u00fctl\u00fc komandolar g\u00f6ndermektir. Tessa\u2019n\u0131n gen\u00e7lik y\u0131llar\u0131ndan tan\u0131d\u0131\u011f\u0131 iki deneyimli asker Sebastian Leder ve Tom De Witt bu g\u00f6rev i\u00e7in se\u00e7ilir. En zorlu \u00e7at\u0131\u015fmalar\u0131n yan\u0131 s\u0131ra dondurucu so\u011fuk y\u00fcz\u00fcnden sonu gelmez gecelerle ba\u015f etmek zorunda olan ikili bir yandan Tessa\u2019y\u0131 ararken bir yandan da d\u00fc\u015fman birliklerinin yerini bulmak zorundad\u0131r.\u00dc\u00e7\u00fcnc\u00fc Reich sona ermi\u015fti ve sava\u015f sona yakla\u015f\u0131yordu. Amerikan ve Rus askerleri Berlin\u2019e ilerlerken Almanyadan ka\u00e7ma planlar\u0131 yapan SS\u2019ler belki de d\u00fcnya tarihini temelli de\u011fi\u015ftireceklerdi.<\/p>\n","protected":false},"excerpt":{"rendered":"<p>\u0130kinci D\u00fcnya Sava\u015f\u0131n\u0131n arka plan\u0131n\u0131 \u00e7ok katmanl\u0131 ve ustal\u0131kla yaz\u0131lm\u0131\u015f bir hik\u00e2yeyle okumaya haz\u0131r olun!Aral\u0131k 1944. Ardenler\u2019de k\u00f6\u015feye s\u0131k\u0131\u015fan Nazi Almanya\u2019s\u0131na kar\u015f\u0131 b\u00fcy\u00fck bir \u00fcst\u00fcnl\u00fck elde<span class=\"excerpt-hellip\"> [\u2026]<\/span><\/p>\n","protected":false},"featured_media":0,"template":"","meta":{"_monsterinsights_skip_tracking":false,"_monsterinsights_sitenote_active":false,"_monsterinsights_sitenote_note":"","_monsterinsights_sitenote_category":0},"product_brand":[],"product_cat":[12416,12291],"product_tag":[],"class_list":{"0":"post-725265","1":"product","2":"type-product","3":"status-publish","5":"product_cat-cizgi-roman","6":"product_cat-edebiyat","7":"pa_cilt-ciltli","8":"pa_tur-kitap","9":"pa_yayinevi-alfa-yayinlari","10":"pa_yazar-philippe-jarbinet","12":"first","13":"instock","14":"sale","15":"shipping-taxable","16":"purchasable","17":"product-type-simple"},"_links":{"self":[{"href":"https:\/\/roveyayinevi.com.tr\/index.php\/wp-json\/wp\/v2\/product\/725265","targetHints":{"allow":["GET"]}}],"collection":[{"href":"https:\/\/roveyayinevi.com.tr\/index.php\/wp-json\/wp\/v2\/product"}],"about":[{"href":"https:\/\/roveyayinevi.com.tr\/index.php\/wp-json\/wp\/v2\/types\/product"}],"wp:attachment":[{"href":"https:\/\/roveyayinevi.com.tr\/index.php\/wp-json\/wp\/v2\/media?parent=725265"}],"wp:term":[{"taxonomy":"product_brand","embeddable":true,"href":"https:\/\/roveyayinevi.com.tr\/index.php\/wp-json\/wp\/v2\/product_brand?post=725265"},{"taxonomy":"product_cat","embeddable":true,"href":"https:\/\/roveyayinevi.com.tr\/index.php\/wp-json\/wp\/v2\/product_cat?post=725265"},{"taxonomy":"product_tag","embeddable":true,"href":"https:\/\/roveyayinevi.com.tr\/index.php\/wp-json\/wp\/v2\/product_tag?post=725265"}],"curies":[{"name":"wp","href":"https:\/\/api.w.org\/{rel}","templated":true}]}}