{"id":725259,"date":"2025-08-27T19:47:38","date_gmt":"2025-08-27T16:47:38","guid":{"rendered":"https:\/\/roveyayinevi.com.tr\/index.php\/urun\/tebrikler-kovuldunuz\/"},"modified":"2026-04-16T02:32:55","modified_gmt":"2026-04-15T23:32:55","slug":"tebrikler-kovuldunuz","status":"publish","type":"product","link":"https:\/\/roveyayinevi.com.tr\/index.php\/urun\/tebrikler-kovuldunuz\/","title":{"rendered":"Tebrikler Kovuldunuz!"},"content":{"rendered":"<p>\u201cHayallere ko\u015farken \u00f6denen bedelleri arka fonuna alan bu e\u015fsiz (!) eser, ayn\u0131 zamanda i\u015f hayat\u0131n\u0131 g\u00f6zlerinde a\u015f\u0131r\u0131 b\u00fcy\u00fcten ve bir an \u00f6nce o topuklu ayakkab\u0131lar\u0131, tak\u0131m elbiseleri giymek i\u00e7in \u015fafak sayar gibi g\u00fcn sayan; ger\u00e7ekte kendilerini bekleyen maceralardan bihaber; i\u015fletme, kariyer ve ekonomi kul\u00fcplerinin gediklisi olmu\u015f \u00fcniversite gen\u00e7li\u011fi i\u00e7in de bir ba\u015fucu kitab\u0131 niteli\u011finde.\u201dSahnelerin e\u011flenceli y\u00fcz\u00fc Kaan Sekban Tebrikler Kovuldunuz\u2019da \u00fcniversite y\u0131llar\u0131ndan ba\u015flayarak plaza deneyimini, gemileri yak\u0131p istifa edi\u015fini, ilk talk-show\u2019unu, ilk sahne deneyimini anlat\u0131yor.<\/p>\n","protected":false},"excerpt":{"rendered":"<p>\u201cHayallere ko\u015farken \u00f6denen bedelleri arka fonuna alan bu e\u015fsiz (!) eser, ayn\u0131 zamanda i\u015f hayat\u0131n\u0131 g\u00f6zlerinde a\u015f\u0131r\u0131 b\u00fcy\u00fcten ve bir an \u00f6nce o topuklu ayakkab\u0131lar\u0131, tak\u0131m<span class=\"excerpt-hellip\"> [\u2026]<\/span><\/p>\n","protected":false},"featured_media":0,"template":"","meta":{"_monsterinsights_skip_tracking":false,"_monsterinsights_sitenote_active":false,"_monsterinsights_sitenote_note":"","_monsterinsights_sitenote_category":0},"product_brand":[],"product_cat":[18545,12291],"product_tag":[],"class_list":{"0":"post-725259","1":"product","2":"type-product","3":"status-publish","5":"product_cat-anlati","6":"product_cat-edebiyat","7":"pa_cilt-ciltsiz","8":"pa_tur-kitap","9":"pa_yayinevi-inkilap-kitabevi","10":"pa_yazar-kaan-sekban","12":"first","13":"instock","14":"sale","15":"shipping-taxable","16":"purchasable","17":"product-type-simple"},"_links":{"self":[{"href":"https:\/\/roveyayinevi.com.tr\/index.php\/wp-json\/wp\/v2\/product\/725259","targetHints":{"allow":["GET"]}}],"collection":[{"href":"https:\/\/roveyayinevi.com.tr\/index.php\/wp-json\/wp\/v2\/product"}],"about":[{"href":"https:\/\/roveyayinevi.com.tr\/index.php\/wp-json\/wp\/v2\/types\/product"}],"wp:attachment":[{"href":"https:\/\/roveyayinevi.com.tr\/index.php\/wp-json\/wp\/v2\/media?parent=725259"}],"wp:term":[{"taxonomy":"product_brand","embeddable":true,"href":"https:\/\/roveyayinevi.com.tr\/index.php\/wp-json\/wp\/v2\/product_brand?post=725259"},{"taxonomy":"product_cat","embeddable":true,"href":"https:\/\/roveyayinevi.com.tr\/index.php\/wp-json\/wp\/v2\/product_cat?post=725259"},{"taxonomy":"product_tag","embeddable":true,"href":"https:\/\/roveyayinevi.com.tr\/index.php\/wp-json\/wp\/v2\/product_tag?post=725259"}],"curies":[{"name":"wp","href":"https:\/\/api.w.org\/{rel}","templated":true}]}}