{"id":725244,"date":"2025-08-27T19:47:26","date_gmt":"2025-08-27T16:47:26","guid":{"rendered":"https:\/\/roveyayinevi.com.tr\/index.php\/urun\/cozum-odakli-terapi\/"},"modified":"2026-04-16T02:32:55","modified_gmt":"2026-04-15T23:32:55","slug":"cozum-odakli-terapi","status":"publish","type":"product","link":"https:\/\/roveyayinevi.com.tr\/index.php\/urun\/cozum-odakli-terapi\/","title":{"rendered":"\u00c7\u00f6z\u00fcm Odakl\u0131 Terapi"},"content":{"rendered":"<p>\u201c\u0130nsanlar\u0131n ya\u015famlar\u0131nda anlam ve mutluluk aray\u0131\u015f\u0131na \u00e7\u00f6z\u00fcmlerin diliyle yard\u0131mc\u0131 olmay\u0131 ama\u00e7layan \u00c7\u00f6z\u00fcm Odakl\u0131 Terapi yakla\u015f\u0131m\u0131n\u0131 her y\u00f6n\u00fcyle anlatan bu kitap yetkin bir kaynak olarak literat\u00fcre \u00f6nemli bir katk\u0131da bulunuyor.\u201d &#8211; Prof. Dr. Cengiz G\u00dcLE\u00c7 \u201c\u0130nsanlar\u0131n hayatlar\u0131nda h\u0131zl\u0131 ve etkili bir \u015fekilde olumlu de\u011fi\u015fiklikler yapmalar\u0131n\u0131 sa\u011flayan \u00c7\u00f6z\u00fcm Odakl\u0131 Terapi\u2019yi ad\u0131m ad\u0131m a\u00e7\u0131klamalar ve vaka \u00f6rnekleriyle anlatan bu kitap, yaln\u0131zca dan\u0131\u015fanlar\u0131na yard\u0131mc\u0131 olmak isteyen ruh sa\u011fl\u0131\u011f\u0131 uzmanlar\u0131na de\u011fil, kendi ya\u015fam\u0131n\u0131n uzman\u0131 olarak arzulad\u0131klar\u0131 gelece\u011fe kavu\u015fmak isteyen herkese yol g\u00f6sterecektir.\u201d &#8211; Psikoterapist &#8211; Yazar Cem KE\u00c7E \u201cKendine \u00f6zg\u00fc bak\u0131\u015f a\u00e7\u0131s\u0131, dili ve uygulamalar\u0131yla \u00e7ok \u00f6zel bir psikoterapi modeli olan \u00c7\u00f6z\u00fcm Odakl\u0131 Terapi\u2019nin geli\u015fimi, kuramsal arka plan\u0131, kavramlar\u0131 ve tekniklerinin anlat\u0131ld\u0131\u011f\u0131 bu kitap sadece yeni ba\u015flayanlar i\u00e7in bir ba\u015fvuru kayna\u011f\u0131 olmakla kalmayacak, ayn\u0131 zamanda deneyimli uzmanlar i\u00e7in destek ve ilham verici olacakt\u0131r.\u201d &#8211; Uluslararas\u0131 Entegratif Kognitif Psikiterapi Enstit\u00fcs\u00fc (IICPI)<\/p>\n","protected":false},"excerpt":{"rendered":"<p>\u201c\u0130nsanlar\u0131n ya\u015famlar\u0131nda anlam ve mutluluk aray\u0131\u015f\u0131na \u00e7\u00f6z\u00fcmlerin diliyle yard\u0131mc\u0131 olmay\u0131 ama\u00e7layan \u00c7\u00f6z\u00fcm Odakl\u0131 Terapi yakla\u015f\u0131m\u0131n\u0131 her y\u00f6n\u00fcyle anlatan bu kitap yetkin bir kaynak olarak literat\u00fcre \u00f6nemli<span class=\"excerpt-hellip\"> [\u2026]<\/span><\/p>\n","protected":false},"featured_media":0,"template":"","meta":{"_monsterinsights_skip_tracking":false,"_monsterinsights_sitenote_active":false,"_monsterinsights_sitenote_note":"","_monsterinsights_sitenote_category":0},"product_brand":[],"product_cat":[12358,12357],"product_tag":[],"class_list":{"0":"post-725244","1":"product","2":"type-product","3":"status-publish","5":"product_cat-genel-psikoloji","6":"product_cat-psikoloji","7":"pa_cilt-ciltsiz","8":"pa_tur-kitap","9":"pa_yayinevi-pusula-yayinevi-ankara","10":"pa_yazar-selen-yagci-veli-duyan","12":"first","13":"instock","14":"sale","15":"shipping-taxable","16":"purchasable","17":"product-type-simple"},"_links":{"self":[{"href":"https:\/\/roveyayinevi.com.tr\/index.php\/wp-json\/wp\/v2\/product\/725244","targetHints":{"allow":["GET"]}}],"collection":[{"href":"https:\/\/roveyayinevi.com.tr\/index.php\/wp-json\/wp\/v2\/product"}],"about":[{"href":"https:\/\/roveyayinevi.com.tr\/index.php\/wp-json\/wp\/v2\/types\/product"}],"wp:attachment":[{"href":"https:\/\/roveyayinevi.com.tr\/index.php\/wp-json\/wp\/v2\/media?parent=725244"}],"wp:term":[{"taxonomy":"product_brand","embeddable":true,"href":"https:\/\/roveyayinevi.com.tr\/index.php\/wp-json\/wp\/v2\/product_brand?post=725244"},{"taxonomy":"product_cat","embeddable":true,"href":"https:\/\/roveyayinevi.com.tr\/index.php\/wp-json\/wp\/v2\/product_cat?post=725244"},{"taxonomy":"product_tag","embeddable":true,"href":"https:\/\/roveyayinevi.com.tr\/index.php\/wp-json\/wp\/v2\/product_tag?post=725244"}],"curies":[{"name":"wp","href":"https:\/\/api.w.org\/{rel}","templated":true}]}}