{"id":725225,"date":"2025-08-27T19:46:35","date_gmt":"2025-08-27T16:46:35","guid":{"rendered":"https:\/\/roveyayinevi.com.tr\/index.php\/urun\/haclilar-caginda-islam-ordulari-1071-1300\/"},"modified":"2026-04-16T02:32:54","modified_gmt":"2026-04-15T23:32:54","slug":"haclilar-caginda-islam-ordulari-1071-1300","status":"publish","type":"product","link":"https:\/\/roveyayinevi.com.tr\/index.php\/urun\/haclilar-caginda-islam-ordulari-1071-1300\/","title":{"rendered":"Ha\u00e7l\u0131lar \u00c7a\u011f\u0131\u2019nda \u0130slam Ordular\u0131 1071-1300"},"content":{"rendered":"<p>1071 y\u0131l\u0131ndaki Malazgirt sava\u015f\u0131 Bizans ile Do\u011fu H\u0131ristiyanl\u0131\u011f\u0131na mahvedici bir darbe indirmi\u015f ve \u0130slam fetihlerinin s\u00f6z konusu sava\u015f\u0131n galibi Sel\u00e7uklu T\u00fcrkleri \u00f6nderli\u011finde t\u00fcm h\u0131z\u0131yla yeniden ba\u015flayaca\u011f\u0131 korkusu H\u0131ristiyan d\u00fcnyay\u0131 sarm\u0131\u015ft\u0131. Bu tehdide cevap olarak Papal\u0131k \u00f6nc\u00fcl\u00fc\u011f\u00fcnde Bat\u0131 Avrupa\u2019da toplanan muazzam Ha\u00e7l\u0131 ordusu 1097\u2019de harekete ge\u00e7ti\u011findeyse Ortado\u011fu\u2019daki \u0130slam devletleri i\u00e7 karga\u015falar ve \u00e7at\u0131\u015fmalarla par\u00e7alanm\u0131\u015f bir halde gafil avland\u0131lar. 1099 y\u0131l\u0131nda Ha\u00e7l\u0131lar\u0131n Kud\u00fcs\u2019\u00fc fethini izleyen iki y\u00fczy\u0131l Ortado\u011fu\u2019da \u2018Ha\u00e7l\u0131lar \u00c7a\u011f\u0131\u2019 olarak an\u0131ld\u0131. Bu d\u00f6nem boyunca \u0130slam d\u00fcnyas\u0131, bir yanda Ha\u00e7l\u0131 tehdidi di\u011fer yanda ise 13. y\u00fczy\u0131ldaki Mo\u011fol fetihlerinin bask\u0131s\u0131 alt\u0131nda hem toplumsal hem de idari ve askeri b\u00fcy\u00fck bir d\u00f6n\u00fc\u015f\u00fcm s\u00fcrecine girdi. Anadolu Sel\u00e7uklu sultan\u0131 K\u0131l\u0131\u00e7 Arslan, Selahaddin Eyyubi ve Meml\u00fbk sultan\u0131 Baybars gibi \u0130slam tarihinin en b\u00fcy\u00fck komutanlar\u0131ndan baz\u0131lar\u0131 bu d\u00f6nemde ortaya \u00e7\u0131karak Ha\u00e7l\u0131 ve Mo\u011fol tehditleri kar\u015f\u0131s\u0131ndaki nihai \u0130slam zaferine \u00f6nc\u00fcl\u00fck ettiler. Ha\u00e7l\u0131lar \u00c7a\u011f\u0131\u2019nda ortaya \u00e7\u0131kan yeni ordu te\u015fkilat\u0131, silahlar, taktikler ve idari yap\u0131lar, 14. y\u00fczy\u0131lda Osmanl\u0131 T\u00fcrkleri taraf\u0131ndan miras al\u0131nacak ve \u00fc\u00e7 k\u0131taya yay\u0131lan muazzam bir imparatorlu\u011fun in\u015fas\u0131nda kilit rol oynayacakt\u0131. Osprey dizisinin \u0130slam tarihi uzman\u0131 David Nicolle, elinizdeki eserde i\u015fte bu kilit sava\u015f ve d\u00f6n\u00fc\u015f\u00fcm devrini M\u00fcsl\u00fcmanlar a\u00e7\u0131s\u0131ndan ele al\u0131yor; Anadolu, Irak, Suriye ve M\u0131s\u0131r\u2019da askerlikte mahir yeni se\u00e7kin s\u0131n\u0131flar\u0131n y\u00fckseli\u015fini, ordular\u0131n giderek nas\u0131l profesyonelle\u015ftiklerini ve M\u00fcsl\u00fcman devletlerdeki kurumlar\u0131n nas\u0131l giderek geli\u015fip karma\u015f\u0131kla\u015ft\u0131klar\u0131n\u0131 berrak bir dille anlat\u0131yor. Angus McBride\u2019\u0131n \u00e7izimleri ise Ha\u00e7l\u0131lar \u00c7a\u011f\u0131\u2019n\u0131n M\u00fcsl\u00fcman sava\u015f\u00e7\u0131lar\u0131n\u0131 yeniden hayata d\u00f6nd\u00fcr\u00fcyor..<\/p>\n","protected":false},"excerpt":{"rendered":"<p>1071 y\u0131l\u0131ndaki Malazgirt sava\u015f\u0131 Bizans ile Do\u011fu H\u0131ristiyanl\u0131\u011f\u0131na mahvedici bir darbe indirmi\u015f ve \u0130slam fetihlerinin s\u00f6z konusu sava\u015f\u0131n galibi Sel\u00e7uklu T\u00fcrkleri \u00f6nderli\u011finde t\u00fcm h\u0131z\u0131yla yeniden ba\u015flayaca\u011f\u0131<span class=\"excerpt-hellip\"> [\u2026]<\/span><\/p>\n","protected":false},"featured_media":0,"template":"","meta":{"_monsterinsights_skip_tracking":false,"_monsterinsights_sitenote_active":false,"_monsterinsights_sitenote_note":"","_monsterinsights_sitenote_category":0},"product_brand":[],"product_cat":[12305,12304],"product_tag":[],"class_list":{"0":"post-725225","1":"product","2":"type-product","3":"status-publish","5":"product_cat-dunya-tarihi","6":"product_cat-tarih","7":"pa_cilt-ciltsiz","8":"pa_tur-kitap","9":"pa_yayinevi-is-bankasi-kultur-yayinlari","10":"pa_yazar-david-nicolle","12":"first","13":"instock","14":"sale","15":"shipping-taxable","16":"purchasable","17":"product-type-simple"},"_links":{"self":[{"href":"https:\/\/roveyayinevi.com.tr\/index.php\/wp-json\/wp\/v2\/product\/725225","targetHints":{"allow":["GET"]}}],"collection":[{"href":"https:\/\/roveyayinevi.com.tr\/index.php\/wp-json\/wp\/v2\/product"}],"about":[{"href":"https:\/\/roveyayinevi.com.tr\/index.php\/wp-json\/wp\/v2\/types\/product"}],"wp:attachment":[{"href":"https:\/\/roveyayinevi.com.tr\/index.php\/wp-json\/wp\/v2\/media?parent=725225"}],"wp:term":[{"taxonomy":"product_brand","embeddable":true,"href":"https:\/\/roveyayinevi.com.tr\/index.php\/wp-json\/wp\/v2\/product_brand?post=725225"},{"taxonomy":"product_cat","embeddable":true,"href":"https:\/\/roveyayinevi.com.tr\/index.php\/wp-json\/wp\/v2\/product_cat?post=725225"},{"taxonomy":"product_tag","embeddable":true,"href":"https:\/\/roveyayinevi.com.tr\/index.php\/wp-json\/wp\/v2\/product_tag?post=725225"}],"curies":[{"name":"wp","href":"https:\/\/api.w.org\/{rel}","templated":true}]}}