{"id":725209,"date":"2025-08-27T19:46:22","date_gmt":"2025-08-27T16:46:22","guid":{"rendered":"https:\/\/roveyayinevi.com.tr\/index.php\/urun\/toplum-sozlesmesi-3\/"},"modified":"2026-04-16T02:32:54","modified_gmt":"2026-04-15T23:32:54","slug":"toplum-sozlesmesi-3","status":"publish","type":"product","link":"https:\/\/roveyayinevi.com.tr\/index.php\/urun\/toplum-sozlesmesi-3\/","title":{"rendered":"Toplum S\u00f6zle\u015fmesi"},"content":{"rendered":"<p>Jean-Jacques Rousseau (1712-1778) Ayd\u0131nlanma\u2019n\u0131n en \u00f6nemli d\u00fc\u015f\u00fcn\u00fcrlerindir. Onun 1762\u2019de yay\u0131mlanan Toplum S\u00f6zle\u015fmesi, toplum ya\u015fam\u0131na ili\u015fkin en temel kitapt\u0131r. Rousseau Toplum S\u00f6zle\u015fmesi\u2019nde egemenlik, devlet, m\u00fclk, halk, y\u00fcr\u00fctme, yasama, yarg\u0131, demokrasi gibi kavramlar\u0131 incelemi\u015f ve etkisi g\u00fcn\u00fcm\u00fcze kadar uzanan bir \u00e7er\u00e7eve olu\u015fturmu\u015ftur. Rousseau\u2019nun \u201cegemenli\u011fin b\u00f6l\u00fcnmezli\u011fi\u201d ve \u201cegemenli\u011fin devredilmezli\u011fi\u201d gibi ilkeleri ve \u201cegemen g\u00fcc\u00fcn s\u0131n\u0131rlar\u0131na\u201d dair yapt\u0131\u011f\u0131 \u00e7\u00f6z\u00fcmleme, bug\u00fcn h\u00e2l\u00e2 ge\u00e7erlili\u011fini korumaktad\u0131r\u2026 \u201c\u0130nsan\u0131n toplum s\u00f6zle\u015fmesiyle yitirdi\u011fi \u015fey, do\u011fal \u00f6zg\u00fcrl\u00fc\u011f\u00fc ve onu \u00e7eken ve eri\u015febilece\u011fi her \u015fey \u00fczerindeki s\u0131n\u0131rs\u0131z bir hakt\u0131r; kazand\u0131\u011f\u0131 \u015fey, sivil \u00f6zg\u00fcrl\u00fck ve sahip oldu\u011fu her \u015feyin iyeli\u011fidir. Bu kar\u015f\u0131l\u0131klar konusunda hataya d\u00fc\u015fmemek i\u00e7in, bireyin sahip oldu\u011fu g\u00fc\u00e7lerinden ba\u015fkaca s\u0131n\u0131rlar\u0131 olmayan do\u011fal \u00f6zg\u00fcrl\u00fc\u011f\u00fc, genel isten\u00e7 arac\u0131l\u0131\u011f\u0131yla s\u0131n\u0131rlanm\u0131\u015f olan sivil \u00f6zg\u00fcrl\u00fckten ve g\u00fcc\u00fcn sonucu ya da ilk i\u015fgalcinin hakk\u0131 olan edinimi de, ancak olumlu bir kimlikte temellenebilen iyelikten \u00f6zenle ayr\u0131\u015ft\u0131rmak gerekir.\u201d\ufffcTan\u0131t\u0131m Metni<\/p>\n","protected":false},"excerpt":{"rendered":"<p>Jean-Jacques Rousseau (1712-1778) Ayd\u0131nlanma\u2019n\u0131n en \u00f6nemli d\u00fc\u015f\u00fcn\u00fcrlerindir. Onun 1762\u2019de yay\u0131mlanan Toplum S\u00f6zle\u015fmesi, toplum ya\u015fam\u0131na ili\u015fkin en temel kitapt\u0131r. Rousseau Toplum S\u00f6zle\u015fmesi\u2019nde egemenlik, devlet, m\u00fclk, halk, y\u00fcr\u00fctme,<span class=\"excerpt-hellip\"> [\u2026]<\/span><\/p>\n","protected":false},"featured_media":0,"template":"","meta":{"_monsterinsights_skip_tracking":false,"_monsterinsights_sitenote_active":false,"_monsterinsights_sitenote_note":"","_monsterinsights_sitenote_category":0},"product_brand":[],"product_cat":[12388,15536],"product_tag":[],"class_list":{"0":"post-725209","1":"product","2":"type-product","3":"status-publish","5":"product_cat-felsefe","6":"product_cat-siyaset-felsefesi","7":"pa_cilt-ciltsiz","8":"pa_tur-kitap","9":"pa_yayinevi-kirmizi-kedi-yayinevi","10":"pa_yazar-jean-jacques-rousseau","12":"first","13":"instock","14":"sale","15":"shipping-taxable","16":"purchasable","17":"product-type-simple"},"_links":{"self":[{"href":"https:\/\/roveyayinevi.com.tr\/index.php\/wp-json\/wp\/v2\/product\/725209","targetHints":{"allow":["GET"]}}],"collection":[{"href":"https:\/\/roveyayinevi.com.tr\/index.php\/wp-json\/wp\/v2\/product"}],"about":[{"href":"https:\/\/roveyayinevi.com.tr\/index.php\/wp-json\/wp\/v2\/types\/product"}],"wp:attachment":[{"href":"https:\/\/roveyayinevi.com.tr\/index.php\/wp-json\/wp\/v2\/media?parent=725209"}],"wp:term":[{"taxonomy":"product_brand","embeddable":true,"href":"https:\/\/roveyayinevi.com.tr\/index.php\/wp-json\/wp\/v2\/product_brand?post=725209"},{"taxonomy":"product_cat","embeddable":true,"href":"https:\/\/roveyayinevi.com.tr\/index.php\/wp-json\/wp\/v2\/product_cat?post=725209"},{"taxonomy":"product_tag","embeddable":true,"href":"https:\/\/roveyayinevi.com.tr\/index.php\/wp-json\/wp\/v2\/product_tag?post=725209"}],"curies":[{"name":"wp","href":"https:\/\/api.w.org\/{rel}","templated":true}]}}