{"id":725204,"date":"2025-08-27T19:46:17","date_gmt":"2025-08-27T16:46:17","guid":{"rendered":"https:\/\/roveyayinevi.com.tr\/index.php\/urun\/turkiyede-cumhuriyetcilik\/"},"modified":"2026-04-16T02:32:54","modified_gmt":"2026-04-15T23:32:54","slug":"turkiyede-cumhuriyetcilik","status":"publish","type":"product","link":"https:\/\/roveyayinevi.com.tr\/index.php\/urun\/turkiyede-cumhuriyetcilik\/","title":{"rendered":"T\u00fcrkiye\u2019de Cumhuriyet\u00e7ilik"},"content":{"rendered":"<p>Cumhuriyet ya da cumhuriyet\u00e7ilik \u00fczerine T\u00fcrkiye\u2019de yay\u0131nlanm\u0131\u015f olan ender yap\u0131tlardan birisidir.Demekrasi kavram\u0131 \u00fczerine y\u00fczlerce bilimsel \u00e7al\u0131\u015fma yap\u0131lmas\u0131na ra\u011fmen cumhuriyet ve cumhuriyet\u00e7ilik konular\u0131 bilin\u00e7li olarak g\u00f6rmezden gelinmekte ve bu y\u00fczden bu alanda fazla yay\u0131n yap\u0131lmamaktad\u0131r.Daha \u00f6nceki y\u0131llarda \u201cAtat\u00fcrk ve Cumhuriyet\u201d ve \u201cT\u00fcrkiye Cumhuriyeti Ulus Devleti\u201d isimli kitaplar\u0131 ile bu alana girmi\u015f olan Prof Dr.ANIL \u00c7E\u00c7EN cumhuriyet\u00e7ilik alan\u0131ndaki \u00fc\u00e7\u00fcnc\u00fc kitab\u0131n\u0131 T\u00fcrk kamuoyunun tart\u0131\u015fmas\u0131na sunmaktad\u0131r.K\u00fcresel emperyalizm,demokrasi tart\u0131\u015fmalar\u0131 \u00fczerinden cumhuriyet rejimlerini ya da devletlerini tasfiye etmeye kararl\u0131 oldu\u011fu i\u00e7in devlet yap\u0131lanmas\u0131n\u0131 ifade eden cumhuriyet kavram\u0131na kas\u0131tl\u0131 olarak uzuk durulmakta ve demokrasi kavram\u0131 \u00fczerinden toplumsal yap\u0131larla oynayarak,cumhuriyet devletleri nin ortadan kalkmas\u0131na \u00e7al\u0131\u015f\u0131lmaktad\u0131r.G\u00fcn\u00fcm\u00fczde b\u00fct\u00fcn d\u00fcnya \u00fclkeleri ve devletleri b\u00f6ylesine sald\u0131r\u0131 ve i\u015fgal planlar\u0131 ile kar\u015f\u0131 kar\u015f\u0131yad\u0131r.\u0130\u015fte bu a\u015famada \u201cT\u00fcrkiye\u2019de Cumhuriyet\u00e7ilik\u201dismini ta\u015f\u0131yan bu kitap,siyasal ger\u00e7ekleri ortaya koymak ve bu do\u011frultuda T\u00fcrk kamuoyunu bilin\u00e7lendirerek emperyalist planlara kar\u015f\u0131 ikinci bir ulusal kurtulu\u015f m\u00fccadelesini g\u00fcndeme getirmek \u00fczere yay\u0131nlanmaktad\u0131r.<\/p>\n","protected":false},"excerpt":{"rendered":"<p>Cumhuriyet ya da cumhuriyet\u00e7ilik \u00fczerine T\u00fcrkiye\u2019de yay\u0131nlanm\u0131\u015f olan ender yap\u0131tlardan birisidir.Demekrasi kavram\u0131 \u00fczerine y\u00fczlerce bilimsel \u00e7al\u0131\u015fma yap\u0131lmas\u0131na ra\u011fmen cumhuriyet ve cumhuriyet\u00e7ilik konular\u0131 bilin\u00e7li olarak g\u00f6rmezden gelinmekte<span class=\"excerpt-hellip\"> [\u2026]<\/span><\/p>\n","protected":false},"featured_media":0,"template":"","meta":{"_monsterinsights_skip_tracking":false,"_monsterinsights_sitenote_active":false,"_monsterinsights_sitenote_note":"","_monsterinsights_sitenote_category":0},"product_brand":[],"product_cat":[12304,13493],"product_tag":[],"class_list":{"0":"post-725204","1":"product","2":"type-product","3":"status-publish","5":"product_cat-tarih","6":"product_cat-turkiye-ve-cumhuriyet-tarihi","7":"pa_cilt-ciltsiz","8":"pa_tur-kitap","9":"pa_yayinevi-nergiz-yayinlari","10":"pa_yazar-anil-cecen","12":"first","13":"instock","14":"sale","15":"shipping-taxable","16":"purchasable","17":"product-type-simple"},"_links":{"self":[{"href":"https:\/\/roveyayinevi.com.tr\/index.php\/wp-json\/wp\/v2\/product\/725204","targetHints":{"allow":["GET"]}}],"collection":[{"href":"https:\/\/roveyayinevi.com.tr\/index.php\/wp-json\/wp\/v2\/product"}],"about":[{"href":"https:\/\/roveyayinevi.com.tr\/index.php\/wp-json\/wp\/v2\/types\/product"}],"wp:attachment":[{"href":"https:\/\/roveyayinevi.com.tr\/index.php\/wp-json\/wp\/v2\/media?parent=725204"}],"wp:term":[{"taxonomy":"product_brand","embeddable":true,"href":"https:\/\/roveyayinevi.com.tr\/index.php\/wp-json\/wp\/v2\/product_brand?post=725204"},{"taxonomy":"product_cat","embeddable":true,"href":"https:\/\/roveyayinevi.com.tr\/index.php\/wp-json\/wp\/v2\/product_cat?post=725204"},{"taxonomy":"product_tag","embeddable":true,"href":"https:\/\/roveyayinevi.com.tr\/index.php\/wp-json\/wp\/v2\/product_tag?post=725204"}],"curies":[{"name":"wp","href":"https:\/\/api.w.org\/{rel}","templated":true}]}}