{"id":725189,"date":"2025-08-27T19:46:03","date_gmt":"2025-08-27T16:46:03","guid":{"rendered":"https:\/\/roveyayinevi.com.tr\/index.php\/urun\/kod-adi-pegasus\/"},"modified":"2026-04-16T02:32:53","modified_gmt":"2026-04-15T23:32:53","slug":"kod-adi-pegasus","status":"publish","type":"product","link":"https:\/\/roveyayinevi.com.tr\/index.php\/urun\/kod-adi-pegasus\/","title":{"rendered":"Kod Ad\u0131: Pegasus"},"content":{"rendered":"<p>1920 y\u0131l\u0131nda Ankara\u2019daki bir ba\u011f evinde, Atat\u00fcrk\u2019\u00fcn de kat\u0131ld\u0131\u011f\u0131 gizli bir toplant\u0131 ger\u00e7ekle\u015fti. Bu toplant\u0131n\u0131n etkileri, 2000\u2019li y\u0131llarda bile g\u00f6r\u00fcl\u00fcyor olacakt\u0131.1939 y\u0131l\u0131na, Avusturya\u2019n\u0131n haritada yeri bile belli olmayan k\u00fc\u00e7\u00fck bir k\u00f6y\u00fcne kadar uzan\u0131yordu olaylar zinciri. Nazilere ait gizemli bir cihaz\u0131n g\u00f6m\u00fcl\u00fc oldu\u011fu k\u00f6yle birlikte Hitler\u2019in anneannesinin mezar\u0131 da Nazi subaylar\u0131 taraf\u0131ndan t\u00fcm\u00fcyle yok edilecekti. II. D\u00fcnya Sava\u015f\u0131\u2019n\u0131n seyri Almanya aleyhinde de\u011fi\u015fince, o k\u00fc\u00e7\u00fck k\u00f6ydeki g\u00f6m\u00fcl\u00fc cihaz d\u00f6rt Gestapo ajan\u0131 taraf\u0131ndan Tarsus\u2019a ka\u00e7\u0131r\u0131lacakt\u0131.2012 y\u0131l\u0131nda Tarsus\u2019ta bir polisin \u00f6ld\u00fcr\u00fclmesiyle medyan\u0131n g\u00fcndemine d\u00fc\u015fen \u201chazineci cinayeti\u201d y\u0131llar \u00f6nce cereyan eden bu tarihi olaylara dayan\u0131yor. Tarsus\u2019taki gecekondu mahallesinde yer alan evlerden biri, b\u00fcy\u00fck bir s\u0131rr\u0131 sakl\u0131yor ayn\u0131 zamanda.Aylar boyunca \u00fclke g\u00fcndemini me\u015fgul eden ve gizemi h\u00e2l\u00e2 \u00e7\u00f6z\u00fclememi\u015f Tarsus kaz\u0131s\u0131n\u0131 konu alan KOD ADI PEGASUS adl\u0131 bu roman, ger\u00e7ek olaylara ve belgelere dayanan, nefes kesici, gizem dolu bir kurgu&#8230;<\/p>\n","protected":false},"excerpt":{"rendered":"<p>1920 y\u0131l\u0131nda Ankara\u2019daki bir ba\u011f evinde, Atat\u00fcrk\u2019\u00fcn de kat\u0131ld\u0131\u011f\u0131 gizli bir toplant\u0131 ger\u00e7ekle\u015fti. Bu toplant\u0131n\u0131n etkileri, 2000\u2019li y\u0131llarda bile g\u00f6r\u00fcl\u00fcyor olacakt\u0131.1939 y\u0131l\u0131na, Avusturya\u2019n\u0131n haritada yeri bile<span class=\"excerpt-hellip\"> [\u2026]<\/span><\/p>\n","protected":false},"featured_media":0,"template":"","meta":{"_monsterinsights_skip_tracking":false,"_monsterinsights_sitenote_active":false,"_monsterinsights_sitenote_note":"","_monsterinsights_sitenote_category":0},"product_brand":[],"product_cat":[12291,12745],"product_tag":[],"class_list":{"0":"post-725189","1":"product","2":"type-product","3":"status-publish","5":"product_cat-edebiyat","6":"product_cat-tarihi-roman","7":"pa_cilt-ciltsiz","8":"pa_tur-kitap","9":"pa_yayinevi-destek-yayinlari","10":"pa_yazar-haluk-ozdil","12":"first","13":"instock","14":"sale","15":"shipping-taxable","16":"purchasable","17":"product-type-simple"},"_links":{"self":[{"href":"https:\/\/roveyayinevi.com.tr\/index.php\/wp-json\/wp\/v2\/product\/725189","targetHints":{"allow":["GET"]}}],"collection":[{"href":"https:\/\/roveyayinevi.com.tr\/index.php\/wp-json\/wp\/v2\/product"}],"about":[{"href":"https:\/\/roveyayinevi.com.tr\/index.php\/wp-json\/wp\/v2\/types\/product"}],"wp:attachment":[{"href":"https:\/\/roveyayinevi.com.tr\/index.php\/wp-json\/wp\/v2\/media?parent=725189"}],"wp:term":[{"taxonomy":"product_brand","embeddable":true,"href":"https:\/\/roveyayinevi.com.tr\/index.php\/wp-json\/wp\/v2\/product_brand?post=725189"},{"taxonomy":"product_cat","embeddable":true,"href":"https:\/\/roveyayinevi.com.tr\/index.php\/wp-json\/wp\/v2\/product_cat?post=725189"},{"taxonomy":"product_tag","embeddable":true,"href":"https:\/\/roveyayinevi.com.tr\/index.php\/wp-json\/wp\/v2\/product_tag?post=725189"}],"curies":[{"name":"wp","href":"https:\/\/api.w.org\/{rel}","templated":true}]}}