{"id":725188,"date":"2025-08-27T19:46:02","date_gmt":"2025-08-27T16:46:02","guid":{"rendered":"https:\/\/roveyayinevi.com.tr\/index.php\/urun\/fatima\/"},"modified":"2026-04-16T02:32:53","modified_gmt":"2026-04-15T23:32:53","slug":"fatima","status":"publish","type":"product","link":"https:\/\/roveyayinevi.com.tr\/index.php\/urun\/fatima\/","title":{"rendered":"Fatima"},"content":{"rendered":"<p>\u201cSular\u0131n\u0131n dibinde Afganl\u0131 cesedi bulunmayan bir deniz var m\u0131d\u0131r?\u201d*Akdeniz\u2019in ortas\u0131nda batmak \u00fczere olan bir botta \u00f6l\u00fcm kal\u0131m sava\u015f\u0131 veren m\u00fcltecilerin hayat\u0131n\u0131 kurtaran aktivist kaptan Carola Rackete\u2019nin g\u00f6sterdi\u011fi kahramanl\u0131k m\u00fccadelesinden esinlenerek kaleme al\u0131nan FAT\u0130MA sadece bir d\u00f6nemin politik hakikatlerine tan\u0131kl\u0131k eden bir roman de\u011fil, ayn\u0131 zamanda Afgan m\u00fcltecilerin \u00f6zg\u00fcrce ve insanca ya\u015famak u\u011fruna \u00e7\u0131kt\u0131klar\u0131 tehlikeli yolculuklar\u0131n g\u00f6r\u00fcnmeyen insan\u00fcst\u00fc direni\u015fini de cesurca g\u00f6zler \u00f6n\u00fcne seren bir yap\u0131t&#8230;Fatima ve Reza\u2019n\u0131n Afganistan\u2019daki onursuz ya\u015famlar\u0131ndan ka\u00e7mak i\u00e7in katland\u0131klar\u0131 ak\u0131l almaz zorluklar\u0131 ve tam da kurtulduklar\u0131n\u0131 sand\u0131klar\u0131nda kar\u015f\u0131lar\u0131na dikilen bamba\u015fka a\u015f\u0131lmaz sorunlar\u0131 t\u00fcm \u00e7\u0131plakl\u0131\u011f\u0131yla okurken, ger\u00e7ek kurtulu\u015fun asl\u0131nda ne kadar ula\u015f\u0131lmaz oldu\u011funu sorgulayacaks\u0131n\u0131z. Bu ayn\u0131 zamanda insanl\u0131\u011f\u0131, ya\u015fam\u0131, \u00f6zg\u00fcrl\u00fckleri ve d\u00fcnya d\u00fczenini de yeniden masaya yat\u0131rmak anlam\u0131na gelecek.***\u201cKapitalizm, b\u00fct\u00fcn ruhsal ve fiziksel gereksinimlerimizi bizden \u00f6nce fark etti ve bizim yerimize ya\u015fam\u0131m\u0131z\u0131 kurgulad\u0131. \u00c7arklar\u0131nda ezilen etlerimiz, k\u0131r\u0131lan kemiklerimiz de\u011fildi sadece, yerine koyamayaca\u011f\u0131m\u0131z onurumuzdu&#8230; Toplumsal \u00e7\u00f6k\u00fc\u015fe kurban verdik kalan\u0131n\u0131 da. Bizlerin can\u0131 gitsindi&#8230; Atalar\u0131m\u0131z\u0131n g\u00fcnah\u0131n\u0131 m\u0131 \u00e7ekmemiz gerekiyor, \u00e7ekelim, ama \u00e7ocuklar\u0131m\u0131z da o ac\u0131mas\u0131z \u00e7arklar\u0131n aras\u0131na al\u0131nd\u0131 insafs\u0131zca.\u201d<\/p>\n","protected":false},"excerpt":{"rendered":"<p>\u201cSular\u0131n\u0131n dibinde Afganl\u0131 cesedi bulunmayan bir deniz var m\u0131d\u0131r?\u201d*Akdeniz\u2019in ortas\u0131nda batmak \u00fczere olan bir botta \u00f6l\u00fcm kal\u0131m sava\u015f\u0131 veren m\u00fcltecilerin hayat\u0131n\u0131 kurtaran aktivist kaptan Carola Rackete\u2019nin<span class=\"excerpt-hellip\"> [\u2026]<\/span><\/p>\n","protected":false},"featured_media":0,"template":"","meta":{"_monsterinsights_skip_tracking":false,"_monsterinsights_sitenote_active":false,"_monsterinsights_sitenote_note":"","_monsterinsights_sitenote_category":0},"product_brand":[],"product_cat":[12291,12711],"product_tag":[],"class_list":{"0":"post-725188","1":"product","2":"type-product","3":"status-publish","5":"product_cat-edebiyat","6":"product_cat-roman-oyku","7":"pa_cilt-ciltsiz","8":"pa_tur-kitap","9":"pa_yayinevi-destek-yayinlari","10":"pa_yazar-yesim-demir","12":"first","13":"instock","14":"sale","15":"shipping-taxable","16":"purchasable","17":"product-type-simple"},"_links":{"self":[{"href":"https:\/\/roveyayinevi.com.tr\/index.php\/wp-json\/wp\/v2\/product\/725188","targetHints":{"allow":["GET"]}}],"collection":[{"href":"https:\/\/roveyayinevi.com.tr\/index.php\/wp-json\/wp\/v2\/product"}],"about":[{"href":"https:\/\/roveyayinevi.com.tr\/index.php\/wp-json\/wp\/v2\/types\/product"}],"wp:attachment":[{"href":"https:\/\/roveyayinevi.com.tr\/index.php\/wp-json\/wp\/v2\/media?parent=725188"}],"wp:term":[{"taxonomy":"product_brand","embeddable":true,"href":"https:\/\/roveyayinevi.com.tr\/index.php\/wp-json\/wp\/v2\/product_brand?post=725188"},{"taxonomy":"product_cat","embeddable":true,"href":"https:\/\/roveyayinevi.com.tr\/index.php\/wp-json\/wp\/v2\/product_cat?post=725188"},{"taxonomy":"product_tag","embeddable":true,"href":"https:\/\/roveyayinevi.com.tr\/index.php\/wp-json\/wp\/v2\/product_tag?post=725188"}],"curies":[{"name":"wp","href":"https:\/\/api.w.org\/{rel}","templated":true}]}}