{"id":725175,"date":"2025-08-27T19:45:51","date_gmt":"2025-08-27T16:45:51","guid":{"rendered":"https:\/\/roveyayinevi.com.tr\/index.php\/urun\/kirtasiye-dukkani\/"},"modified":"2026-04-16T02:32:53","modified_gmt":"2026-04-15T23:32:53","slug":"kirtasiye-dukkani","status":"publish","type":"product","link":"https:\/\/roveyayinevi.com.tr\/index.php\/urun\/kirtasiye-dukkani\/","title":{"rendered":"K\u0131rtasiye D\u00fckkan\u0131"},"content":{"rendered":"<p>1953\u2019\u00fcn \u0130ran\u2019\u0131nda ba\u015flayan ve 2013\u2019\u00fcn ABD\u2019sine kadar uzanan bir a\u015fk hik\u00e2yesi&#8230;   Roya Kayhani ve Bahman Aslan, 1953 y\u0131l\u0131nda Tahran\u2019daki bir k\u0131rtasiye d\u00fckkan\u0131nda kar\u015f\u0131la\u015f\u0131rlar; ikisi de 17 ya\u015f\u0131ndad\u0131r. Roya edebiyata d\u00fc\u015fk\u00fcn bir gen\u00e7 k\u0131zd\u0131r ve Bay Fahri\u2019nin  kitaplar, ka\u011f\u0131tlar, dolma kalemler ve renkli m\u00fcrekkep \u015fi\u015feleriyle dolu k\u0131rtasiye d\u00fckkan\u0131 onun huzur buldu\u011fu bir vahad\u0131r. Bahman, Mevl\u00e2na\u2019n\u0131n \u015fiirlerine d\u00fc\u015fk\u00fcn ve demokratik bir \u0130ran arzuzsuyla tutu\u015fan \u00e7o\u015fkulu bir delikanl\u0131d\u0131r.   Her sal\u0131 g\u00fcn\u00fc k\u0131rtasiye d\u00fckkan\u0131nda bulu\u015fan ikili aras\u0131nda k\u0131sa s\u00fcrede bir a\u015fk filizlenir. Ancak o y\u0131l \u015eah yanl\u0131s\u0131 g\u00fc\u00e7lerin ger\u00e7ekle\u015ftirdi\u011fi darbe, hem \u0130ran\u2019\u0131n demokratik ve ba\u011f\u0131ms\u0131z bir \u00fclke olma yolunda ilerleyi\u015fine son verecek hem de Roya ve Bahman\u2019\u0131n yollar\u0131n\u0131n beklenmedik bir \u015fekilde ayr\u0131lmas\u0131na neden olacakt\u0131r.   Aradan 60 y\u0131l ge\u00e7tikten sonra, Roya \u00fclkesinden uzak Amerika\u2019da kurdu\u011fu hayat\u0131n\u0131 s\u00fcrd\u00fcr\u00fcrken, kader onlar\u0131 bir kez daha kar\u015f\u0131 kar\u015f\u0131ya getirecektir. Roya yar\u0131m y\u00fczy\u0131ldan uzun bir s\u00fcredir arad\u0131\u011f\u0131 cevaplar\u0131 bulma f\u0131rsat\u0131n\u0131 nihayet yakalam\u0131\u015ft\u0131r: Bahman o darbe g\u00fcn\u00fc niye ortadan kaybolmu\u015ftu?  Roya\u2019y\u0131 niye terk etmi\u015fti? Roya\u2019y\u0131 nas\u0131l unutabilmi\u015fti? <\/p>\n","protected":false},"excerpt":{"rendered":"<p>1953\u2019\u00fcn \u0130ran\u2019\u0131nda ba\u015flayan ve 2013\u2019\u00fcn ABD\u2019sine kadar uzanan bir a\u015fk hik\u00e2yesi&#8230; Roya Kayhani ve Bahman Aslan, 1953 y\u0131l\u0131nda Tahran\u2019daki bir k\u0131rtasiye d\u00fckkan\u0131nda kar\u015f\u0131la\u015f\u0131rlar; ikisi de 17<span class=\"excerpt-hellip\"> [\u2026]<\/span><\/p>\n","protected":false},"featured_media":0,"template":"","meta":{"_monsterinsights_skip_tracking":false,"_monsterinsights_sitenote_active":false,"_monsterinsights_sitenote_note":"","_monsterinsights_sitenote_category":0},"product_brand":[],"product_cat":[12291,12711],"product_tag":[],"class_list":{"0":"post-725175","1":"product","2":"type-product","3":"status-publish","5":"product_cat-edebiyat","6":"product_cat-roman-oyku","7":"pa_cilt-ciltsiz","8":"pa_tur-kitap","9":"pa_yayinevi-remzi-kitabevi","10":"pa_yazar-marjan-kamali","12":"first","13":"instock","14":"sale","15":"shipping-taxable","16":"purchasable","17":"product-type-simple"},"_links":{"self":[{"href":"https:\/\/roveyayinevi.com.tr\/index.php\/wp-json\/wp\/v2\/product\/725175","targetHints":{"allow":["GET"]}}],"collection":[{"href":"https:\/\/roveyayinevi.com.tr\/index.php\/wp-json\/wp\/v2\/product"}],"about":[{"href":"https:\/\/roveyayinevi.com.tr\/index.php\/wp-json\/wp\/v2\/types\/product"}],"wp:attachment":[{"href":"https:\/\/roveyayinevi.com.tr\/index.php\/wp-json\/wp\/v2\/media?parent=725175"}],"wp:term":[{"taxonomy":"product_brand","embeddable":true,"href":"https:\/\/roveyayinevi.com.tr\/index.php\/wp-json\/wp\/v2\/product_brand?post=725175"},{"taxonomy":"product_cat","embeddable":true,"href":"https:\/\/roveyayinevi.com.tr\/index.php\/wp-json\/wp\/v2\/product_cat?post=725175"},{"taxonomy":"product_tag","embeddable":true,"href":"https:\/\/roveyayinevi.com.tr\/index.php\/wp-json\/wp\/v2\/product_tag?post=725175"}],"curies":[{"name":"wp","href":"https:\/\/api.w.org\/{rel}","templated":true}]}}