{"id":725174,"date":"2025-08-27T19:45:50","date_gmt":"2025-08-27T16:45:50","guid":{"rendered":"https:\/\/roveyayinevi.com.tr\/index.php\/urun\/dile-ki-uzun-sursun-yolun\/"},"modified":"2026-04-16T02:32:53","modified_gmt":"2026-04-15T23:32:53","slug":"dile-ki-uzun-sursun-yolun","status":"publish","type":"product","link":"https:\/\/roveyayinevi.com.tr\/index.php\/urun\/dile-ki-uzun-sursun-yolun\/","title":{"rendered":"Dile ki Uzun S\u00fcrs\u00fcn Yolun"},"content":{"rendered":"<p>Yarat\u0131c\u0131l\u0131k, fark\u0131ndal\u0131k ve \u00f6z\u00fcn\u00fc aray\u0131\u015f&#8230; Bu kitap u\u00e7suz bir yolculu\u011fun g\u00fcnl\u00fc\u011f\u00fc&#8230; Anadolu\u2019nun farkl\u0131 y\u00f6re ve k\u00fclt\u00fcrlerini ke\u015ffederken, paralel s\u00fcre\u00e7te i\u00e7 d\u00fcnyam\u0131z\u0131n hen\u00fcz tan\u0131\u015f olmad\u0131\u011f\u0131m\u0131z patikalar\u0131nda dola\u015fman\u0131n, g\u00f6rme ve bakma al\u0131\u015fkanl\u0131klar\u0131m\u0131z\u0131 de\u011fi\u015ftirirken ben\u2019in ezberini bozman\u0131n, fark\u0131ndal\u0131k ve yarat\u0131c\u0131l\u0131\u011f\u0131 geli\u015fim s\u00fcre\u00e7lerimize pupa yelken dolduru\u015fun, terapi odas\u0131ndan yarat\u0131c\u0131l\u0131\u011fa ve do\u011faya a\u00e7\u0131l\u0131\u015f\u0131n seyir defteri&#8230; \u201cBir psikolo\u011fun \u015fahsi ve mesleki yolculu\u011fu oldu\u011fu kadar mesle\u011finin-sanat\u0131n\u0131n, yani psikolojinin ve psikoterapinin de yolculu\u011fu&#8230; Leyla Navaro ve yol arkada\u015flar\u0131 birka\u00e7 on y\u0131l \u00f6ncesinden ba\u015fka t\u00fcrl\u00fc bir psikoterapi, eko-terapi ve sanat terapisi gibi do\u011faya da a\u00e7\u0131lan ve oradan da beslenen bir ki\u015fisel geli\u015fim y\u00f6ntemi aray\u0131\u015f\u0131na ba\u015flam\u0131\u015flar bile.\u201d Dr. Zehra Cunillera<\/p>\n","protected":false},"excerpt":{"rendered":"<p>Yarat\u0131c\u0131l\u0131k, fark\u0131ndal\u0131k ve \u00f6z\u00fcn\u00fc aray\u0131\u015f&#8230; Bu kitap u\u00e7suz bir yolculu\u011fun g\u00fcnl\u00fc\u011f\u00fc&#8230; Anadolu\u2019nun farkl\u0131 y\u00f6re ve k\u00fclt\u00fcrlerini ke\u015ffederken, paralel s\u00fcre\u00e7te i\u00e7 d\u00fcnyam\u0131z\u0131n hen\u00fcz tan\u0131\u015f olmad\u0131\u011f\u0131m\u0131z patikalar\u0131nda dola\u015fman\u0131n,<span class=\"excerpt-hellip\"> [\u2026]<\/span><\/p>\n","protected":false},"featured_media":0,"template":"","meta":{"_monsterinsights_skip_tracking":false,"_monsterinsights_sitenote_active":false,"_monsterinsights_sitenote_note":"","_monsterinsights_sitenote_category":0},"product_brand":[],"product_cat":[12755,12357],"product_tag":[],"class_list":{"0":"post-725174","1":"product","2":"type-product","3":"status-publish","5":"product_cat-gelisim-psikolojisi","6":"product_cat-psikoloji","7":"pa_cilt-ciltsiz","8":"pa_tur-kitap","9":"pa_yayinevi-remzi-kitabevi","10":"pa_yazar-leyla-navaro","12":"first","13":"instock","14":"sale","15":"shipping-taxable","16":"purchasable","17":"product-type-simple"},"_links":{"self":[{"href":"https:\/\/roveyayinevi.com.tr\/index.php\/wp-json\/wp\/v2\/product\/725174","targetHints":{"allow":["GET"]}}],"collection":[{"href":"https:\/\/roveyayinevi.com.tr\/index.php\/wp-json\/wp\/v2\/product"}],"about":[{"href":"https:\/\/roveyayinevi.com.tr\/index.php\/wp-json\/wp\/v2\/types\/product"}],"wp:attachment":[{"href":"https:\/\/roveyayinevi.com.tr\/index.php\/wp-json\/wp\/v2\/media?parent=725174"}],"wp:term":[{"taxonomy":"product_brand","embeddable":true,"href":"https:\/\/roveyayinevi.com.tr\/index.php\/wp-json\/wp\/v2\/product_brand?post=725174"},{"taxonomy":"product_cat","embeddable":true,"href":"https:\/\/roveyayinevi.com.tr\/index.php\/wp-json\/wp\/v2\/product_cat?post=725174"},{"taxonomy":"product_tag","embeddable":true,"href":"https:\/\/roveyayinevi.com.tr\/index.php\/wp-json\/wp\/v2\/product_tag?post=725174"}],"curies":[{"name":"wp","href":"https:\/\/api.w.org\/{rel}","templated":true}]}}