{"id":725158,"date":"2025-08-27T19:45:37","date_gmt":"2025-08-27T16:45:37","guid":{"rendered":"https:\/\/roveyayinevi.com.tr\/index.php\/urun\/matematiksel-imha-silahlari\/"},"modified":"2026-04-16T02:32:52","modified_gmt":"2026-04-15T23:32:52","slug":"matematiksel-imha-silahlari","status":"publish","type":"product","link":"https:\/\/roveyayinevi.com.tr\/index.php\/urun\/matematiksel-imha-silahlari\/","title":{"rendered":"Matematiksel \u0130mha Silahlar\u0131"},"content":{"rendered":"<p>Algoritma \u00e7a\u011f\u0131nda ya\u015f\u0131yoruz. Ya\u015famlar\u0131m\u0131z\u0131 etkileyen kararlar \u2013okula gitti\u011fimiz yer, araba kredisi al\u0131p almad\u0131\u011f\u0131m\u0131z, sa\u011fl\u0131k sigortas\u0131 i\u00e7in ne kadar \u00f6deyece\u011fimiz\u2013 insanlar taraf\u0131ndan de\u011fil matematiksel modeller taraf\u0131ndan veriliyor. Teoride bunun daha fazla adalet sa\u011flamas\u0131 gerekir \u00e7\u00fcnk\u00fc bu \u015fekilde herkes ayn\u0131 kurallara g\u00f6re de\u011ferlendirilmi\u015f olur, dolay\u0131s\u0131yla \u00f6nyarg\u0131 ortadan kalkar.Cathy O&#8217;Neil, asl\u0131nda bu durumun tam tersinin ya\u015fanmakta oldu\u011funu s\u00f6yl\u00fcyor. Bug\u00fcn kullan\u0131lan modeller, \u015feffafl\u0131ktanve tart\u0131\u015f\u0131labilir olmaktan \u00e7ok uzaklar. En rahats\u0131z edici olansa, ayr\u0131mc\u0131l\u0131\u011f\u0131 g\u00fc\u00e7lendirmeleri&#8230;&#8221;Demokrasi i\u00e7in zehirli bir kokteyl&#8221; yaratan B\u00fcy\u00fck Veriler\u2019in karanl\u0131k taraf\u0131na ho\u015f geldiniz!Hem birey hem de toplum olarak gelece\u011fimizi \u015fekillendiren kara kutu modellerinin; yani &#8220;matematiksel imha silahlar\u0131&#8221;n\u0131n \u00f6zge\u00e7mi\u015fleri nas\u0131l s\u0131ralad\u0131\u011f\u0131n\u0131, kimlere nas\u0131l kredi verdi\u011fini (veya vermedi\u011fini), \u00e7al\u0131\u015fanlar\u0131 nas\u0131l de\u011ferlendirdi\u011fini, se\u00e7menleri nas\u0131l hedefledi\u011fini ve sa\u011fl\u0131\u011f\u0131m\u0131z\u0131 nas\u0131l izledi\u011fini g\u00f6z \u00f6n\u00fcne seren O\u2019Neil, modelcileri ve politikac\u0131lar\u0131 algoritmalarla ilgili daha fazla sorumluluk almaya davet ediyor.Yine de g\u00fcn\u00fcn sonunda, hayatlar\u0131m\u0131z\u0131 y\u00f6neten modeller hakk\u0131nda daha fazla bilgi sahibi olmak bize kalm\u0131\u015f. Matematiksel \u0130mha Silahlar\u0131 zor sorular\u0131 sormam\u0131za, ger\u00e7e\u011fi ortaya \u00e7\u0131karmam\u0131za ve de\u011fi\u015fim talep etmemize yard\u0131mc\u0131 olacak<\/p>\n","protected":false},"excerpt":{"rendered":"<p>Algoritma \u00e7a\u011f\u0131nda ya\u015f\u0131yoruz. Ya\u015famlar\u0131m\u0131z\u0131 etkileyen kararlar \u2013okula gitti\u011fimiz yer, araba kredisi al\u0131p almad\u0131\u011f\u0131m\u0131z, sa\u011fl\u0131k sigortas\u0131 i\u00e7in ne kadar \u00f6deyece\u011fimiz\u2013 insanlar taraf\u0131ndan de\u011fil matematiksel modeller taraf\u0131ndan veriliyor.<span class=\"excerpt-hellip\"> [\u2026]<\/span><\/p>\n","protected":false},"featured_media":0,"template":"","meta":{"_monsterinsights_skip_tracking":false,"_monsterinsights_sitenote_active":false,"_monsterinsights_sitenote_note":"","_monsterinsights_sitenote_category":0},"product_brand":[],"product_cat":[13005,37328],"product_tag":[],"class_list":{"0":"post-725158","1":"product","2":"type-product","3":"status-publish","5":"product_cat-bilim-muhendislik","6":"product_cat-diger-bilim-muhendislik","7":"pa_cilt-ciltsiz","8":"pa_tur-kitap","9":"pa_yayinevi-tellekt","10":"pa_yazar-cathy-oneil","12":"first","13":"instock","14":"sale","15":"shipping-taxable","16":"purchasable","17":"product-type-simple"},"_links":{"self":[{"href":"https:\/\/roveyayinevi.com.tr\/index.php\/wp-json\/wp\/v2\/product\/725158","targetHints":{"allow":["GET"]}}],"collection":[{"href":"https:\/\/roveyayinevi.com.tr\/index.php\/wp-json\/wp\/v2\/product"}],"about":[{"href":"https:\/\/roveyayinevi.com.tr\/index.php\/wp-json\/wp\/v2\/types\/product"}],"wp:attachment":[{"href":"https:\/\/roveyayinevi.com.tr\/index.php\/wp-json\/wp\/v2\/media?parent=725158"}],"wp:term":[{"taxonomy":"product_brand","embeddable":true,"href":"https:\/\/roveyayinevi.com.tr\/index.php\/wp-json\/wp\/v2\/product_brand?post=725158"},{"taxonomy":"product_cat","embeddable":true,"href":"https:\/\/roveyayinevi.com.tr\/index.php\/wp-json\/wp\/v2\/product_cat?post=725158"},{"taxonomy":"product_tag","embeddable":true,"href":"https:\/\/roveyayinevi.com.tr\/index.php\/wp-json\/wp\/v2\/product_tag?post=725158"}],"curies":[{"name":"wp","href":"https:\/\/api.w.org\/{rel}","templated":true}]}}