{"id":725150,"date":"2025-08-27T19:45:30","date_gmt":"2025-08-27T16:45:30","guid":{"rendered":"https:\/\/roveyayinevi.com.tr\/index.php\/urun\/50-maddede-iliskiler\/"},"modified":"2026-04-13T02:40:37","modified_gmt":"2026-04-12T23:40:37","slug":"50-maddede-iliskiler","status":"publish","type":"product","link":"https:\/\/roveyayinevi.com.tr\/index.php\/urun\/50-maddede-iliskiler\/","title":{"rendered":"50 Maddede \u0130li\u015fkiler"},"content":{"rendered":"<p>ERKEK D\u00dcNYASININ B\u0130L\u0130NMEYENLER\u0130   \u2022 \u0130li\u015fkide mutluluk ar\u0131yor ancak bulam\u0131yor musunuz? \u2022 A\u015fk\u0131 deliler gibi ya\u015famak isterken mutsuzluktan ve \u00f6fkeden deliye mi d\u00f6n\u00fcyorsunuz? \u2022 Partnerinizin ne dedi\u011fini anlamaya \u00e7al\u0131\u015f\u0131rken t\u00fckendi\u011finizi mi hissediyorsunuz? \u2022 Erkek davran\u0131\u015flar\u0131n\u0131n alt\u0131nda yatan sebepleri merak ediyor musunuz? \u2022 Erkeklerin hangi kad\u0131nlara ba\u011fland\u0131klar\u0131n\u0131 bilmek ister misiniz?   Adil Y\u0131ld\u0131r\u0131m, bu kitapta partnerinizle do\u011fru bir ileti\u015fim kurman\u0131n ve mutlu bir ili\u015fkinin s\u0131rr\u0131n\u0131 a\u00e7\u0131kl\u0131yor. Erkekler ile kad\u0131nlar duygu ve d\u00fc\u015f\u00fcnce d\u00fcnyalar\u0131 bak\u0131m\u0131ndan ne gibi farkl\u0131l\u0131klar g\u00f6sterir? Hangi erkeklerle ciddi ili\u015fki d\u00fc\u015f\u00fcnebilirsiniz, hangilerinden ko\u015far ad\u0131m ka\u00e7man\u0131z gerekir? Erkeklerin s\u00f6zleri ve davran\u0131\u015flar\u0131 kad\u0131nlara neler anlat\u0131r, kad\u0131nlar ne anlar? Erkeklerin kad\u0131nlara ve ili\u015fkiye bak\u0131\u015f a\u00e7\u0131s\u0131 nas\u0131ld\u0131r? Ger\u00e7ek a\u015fk\u0131 buldu\u011funuzu nas\u0131l anlars\u0131n\u0131z? Kad\u0131n-erkek ili\u015fkilerine dair bu ve bunun gibi pek \u00e7ok sorunun cevab\u0131n\u0131 bulaca\u011f\u0131n\u0131z, ili\u015fki ko\u00e7u Adil Y\u0131ld\u0131r\u0131m\u2019\u0131n kaleme ald\u0131\u011f\u0131, ruh e\u015fini bir g\u00fcn bulaca\u011f\u0131na inanan ve inanc\u0131n\u0131 asla kaybetmeyen t\u00fcm papatyalar i\u00e7in etkili bi rehber. <\/p>\n","protected":false},"excerpt":{"rendered":"<p>ERKEK D\u00dcNYASININ B\u0130L\u0130NMEYENLER\u0130 \u2022 \u0130li\u015fkide mutluluk ar\u0131yor ancak bulam\u0131yor musunuz? \u2022 A\u015fk\u0131 deliler gibi ya\u015famak isterken mutsuzluktan ve \u00f6fkeden deliye mi d\u00f6n\u00fcyorsunuz? \u2022 Partnerinizin ne dedi\u011fini<span class=\"excerpt-hellip\"> [\u2026]<\/span><\/p>\n","protected":false},"featured_media":0,"template":"","meta":{"_monsterinsights_skip_tracking":false,"_monsterinsights_sitenote_active":false,"_monsterinsights_sitenote_note":"","_monsterinsights_sitenote_category":0},"product_brand":[],"product_cat":[26396,13488],"product_tag":[],"class_list":{"0":"post-725150","1":"product","2":"type-product","3":"status-publish","5":"product_cat-kadin-erkek-iliskileri","6":"product_cat-toplum-ve-insan","7":"pa_cilt-ciltsiz","8":"pa_tur-kitap","9":"pa_yayinevi-kara-karga-yayinlari","10":"pa_yazar-adil-yildirim","12":"first","13":"instock","14":"sale","15":"shipping-taxable","16":"purchasable","17":"product-type-simple"},"_links":{"self":[{"href":"https:\/\/roveyayinevi.com.tr\/index.php\/wp-json\/wp\/v2\/product\/725150","targetHints":{"allow":["GET"]}}],"collection":[{"href":"https:\/\/roveyayinevi.com.tr\/index.php\/wp-json\/wp\/v2\/product"}],"about":[{"href":"https:\/\/roveyayinevi.com.tr\/index.php\/wp-json\/wp\/v2\/types\/product"}],"wp:attachment":[{"href":"https:\/\/roveyayinevi.com.tr\/index.php\/wp-json\/wp\/v2\/media?parent=725150"}],"wp:term":[{"taxonomy":"product_brand","embeddable":true,"href":"https:\/\/roveyayinevi.com.tr\/index.php\/wp-json\/wp\/v2\/product_brand?post=725150"},{"taxonomy":"product_cat","embeddable":true,"href":"https:\/\/roveyayinevi.com.tr\/index.php\/wp-json\/wp\/v2\/product_cat?post=725150"},{"taxonomy":"product_tag","embeddable":true,"href":"https:\/\/roveyayinevi.com.tr\/index.php\/wp-json\/wp\/v2\/product_tag?post=725150"}],"curies":[{"name":"wp","href":"https:\/\/api.w.org\/{rel}","templated":true}]}}