{"id":725148,"date":"2025-08-27T19:45:29","date_gmt":"2025-08-27T16:45:29","guid":{"rendered":"https:\/\/roveyayinevi.com.tr\/index.php\/urun\/osmanli-sarayinda-sanatci-cariyeler-iv-mehmed-donemi-1677-1687\/"},"modified":"2026-04-16T02:32:52","modified_gmt":"2026-04-15T23:32:52","slug":"osmanli-sarayinda-sanatci-cariyeler-iv-mehmed-donemi-1677-1687","status":"publish","type":"product","link":"https:\/\/roveyayinevi.com.tr\/index.php\/urun\/osmanli-sarayinda-sanatci-cariyeler-iv-mehmed-donemi-1677-1687\/","title":{"rendered":"Osmanl\u0131 Saray\u0131nda Sanat\u00e7\u0131 Cariyeler (IV. Mehmed D\u00f6nemi \/ 1677-1687)"},"content":{"rendered":"<p>Kolay olan\u0131, spek\u00fclasyonlar e\u015fli\u011finde macera dolu bir roman yazmak m\u0131? Harem s\u00f6z konusu olunca ger\u00e7e\u011fin pe\u015finde ko\u015fmak neden bu kadar zor? Ne hayalleri y\u0131kmak ne de ger\u00e7e\u011fi idealize etmeye \u00e7al\u0131\u015fmak yeni bir imge d\u00fcnyas\u0131 yaratmaya yeter. Haremin bilinmeyen d\u00fcnyas\u0131na masraf kay\u0131tlar\u0131ndan yola \u00e7\u0131karak \u0131\u015f\u0131k tutmaya \u00e7al\u0131\u015fan bu kitap, kendi \u00e7ap\u0131nda bir te\u015febb\u00fcs mahiyetindedir.Cariyeler, yayg\u0131n kan\u0131ya g\u00f6re odal\u0131k vazifesi i\u00e7in mi haremde bulunuyorlard\u0131? Bu kad\u0131nlara neden sanat e\u011fitimi veriliyordu? G\u00f6r\u00fcnen o ki, harem halk\u0131n\u0131n sanatla kurdu\u011fu bu ba\u011f s\u0131radanl\u0131\u011f\u0131n \u00f6tesindeydi. Hareme \u00f6zg\u00fc olan ve devrin \u00fcst d\u00fczey sanat erbab\u0131n\u0131n \u015fekillendirdi\u011fi bu tarz, harem kad\u0131nlar\u0131na k\u00fclt\u00fcrel zenginlik ve estetik bir bak\u0131\u015f a\u00e7\u0131s\u0131 sunuyordu. Belki de \u201csarayl\u0131 kad\u0131n\u201d tan\u0131mlamas\u0131n\u0131n i\u00e7eri\u011fini dolduran en \u00f6nemli unsurlardan biri, sanatla kurulan bu ba\u011fd\u0131.<\/p>\n","protected":false},"excerpt":{"rendered":"<p>Kolay olan\u0131, spek\u00fclasyonlar e\u015fli\u011finde macera dolu bir roman yazmak m\u0131? Harem s\u00f6z konusu olunca ger\u00e7e\u011fin pe\u015finde ko\u015fmak neden bu kadar zor? Ne hayalleri y\u0131kmak ne de<span class=\"excerpt-hellip\"> [\u2026]<\/span><\/p>\n","protected":false},"featured_media":0,"template":"","meta":{"_monsterinsights_skip_tracking":false,"_monsterinsights_sitenote_active":false,"_monsterinsights_sitenote_note":"","_monsterinsights_sitenote_category":0},"product_brand":[],"product_cat":[13517,12304],"product_tag":[],"class_list":{"0":"post-725148","1":"product","2":"type-product","3":"status-publish","5":"product_cat-osmanli-tarihi","6":"product_cat-tarih","7":"pa_cilt-ciltsiz","8":"pa_tur-kitap","9":"pa_yayinevi-otuken-nesriyat","10":"pa_yazar-gunnaz-caskurlu","12":"first","13":"instock","14":"sale","15":"shipping-taxable","16":"purchasable","17":"product-type-simple"},"_links":{"self":[{"href":"https:\/\/roveyayinevi.com.tr\/index.php\/wp-json\/wp\/v2\/product\/725148","targetHints":{"allow":["GET"]}}],"collection":[{"href":"https:\/\/roveyayinevi.com.tr\/index.php\/wp-json\/wp\/v2\/product"}],"about":[{"href":"https:\/\/roveyayinevi.com.tr\/index.php\/wp-json\/wp\/v2\/types\/product"}],"wp:attachment":[{"href":"https:\/\/roveyayinevi.com.tr\/index.php\/wp-json\/wp\/v2\/media?parent=725148"}],"wp:term":[{"taxonomy":"product_brand","embeddable":true,"href":"https:\/\/roveyayinevi.com.tr\/index.php\/wp-json\/wp\/v2\/product_brand?post=725148"},{"taxonomy":"product_cat","embeddable":true,"href":"https:\/\/roveyayinevi.com.tr\/index.php\/wp-json\/wp\/v2\/product_cat?post=725148"},{"taxonomy":"product_tag","embeddable":true,"href":"https:\/\/roveyayinevi.com.tr\/index.php\/wp-json\/wp\/v2\/product_tag?post=725148"}],"curies":[{"name":"wp","href":"https:\/\/api.w.org\/{rel}","templated":true}]}}