{"id":725147,"date":"2025-08-27T19:45:29","date_gmt":"2025-08-27T16:45:29","guid":{"rendered":"https:\/\/roveyayinevi.com.tr\/index.php\/urun\/renklerin-cumbusu-mandala-mantra-boyama-kitabi\/"},"modified":"2026-04-16T02:32:52","modified_gmt":"2026-04-15T23:32:52","slug":"renklerin-cumbusu-mandala-mantra-boyama-kitabi","status":"publish","type":"product","link":"https:\/\/roveyayinevi.com.tr\/index.php\/urun\/renklerin-cumbusu-mandala-mantra-boyama-kitabi\/","title":{"rendered":"Renklerin C\u00fcmb\u00fc\u015f\u00fc Mandala Mantra Boyama Kitab\u0131"},"content":{"rendered":"<p>Renklendirme, en etkili stres, depresyon ve kayg\u0131dan uzakla\u015ft\u0131rma faaliyetlerinden biridir.     Renklendirme, yarat\u0131c\u0131l\u0131\u011f\u0131n kullan\u0131lmas\u0131na yard\u0131mc\u0131 olur ve bo\u015f zamanlar\u0131m\u0131z\u0131n verimli kullan\u0131lmas\u0131n\u0131 sa\u011flar. Renklendirmenin t\u00fcm bu faydalar\u0131n\u0131 g\u00f6z \u00f6n\u00fcnde bulundurarak, her ya\u015f grubu i\u00e7in haz\u0131rlanan bu kitap, Mandalan\u0131n etkili ve benzersiz sembollerini kullan\u0131r. Mandalalar\u0131n kendi hayat\u0131n\u0131za renk katmas\u0131na izin verin.<\/p>\n","protected":false},"excerpt":{"rendered":"<p>Renklendirme, en etkili stres, depresyon ve kayg\u0131dan uzakla\u015ft\u0131rma faaliyetlerinden biridir. Renklendirme, yarat\u0131c\u0131l\u0131\u011f\u0131n kullan\u0131lmas\u0131na yard\u0131mc\u0131 olur ve bo\u015f zamanlar\u0131m\u0131z\u0131n verimli kullan\u0131lmas\u0131n\u0131 sa\u011flar. Renklendirmenin t\u00fcm bu faydalar\u0131n\u0131 g\u00f6z<span class=\"excerpt-hellip\"> [\u2026]<\/span><\/p>\n","protected":false},"featured_media":0,"template":"","meta":{"_monsterinsights_skip_tracking":false,"_monsterinsights_sitenote_active":false,"_monsterinsights_sitenote_note":"","_monsterinsights_sitenote_category":0},"product_brand":[],"product_cat":[38511,15563],"product_tag":[],"class_list":{"0":"post-725147","1":"product","2":"type-product","3":"status-publish","5":"product_cat-buyukler-icin-boyama-mandala","6":"product_cat-hobi","7":"pa_cilt-ciltsiz","8":"pa_tur-kitap","9":"pa_yayinevi-kozmostar","10":"pa_yazar-sevilay-kaya","12":"first","13":"instock","14":"sale","15":"shipping-taxable","16":"purchasable","17":"product-type-simple"},"_links":{"self":[{"href":"https:\/\/roveyayinevi.com.tr\/index.php\/wp-json\/wp\/v2\/product\/725147","targetHints":{"allow":["GET"]}}],"collection":[{"href":"https:\/\/roveyayinevi.com.tr\/index.php\/wp-json\/wp\/v2\/product"}],"about":[{"href":"https:\/\/roveyayinevi.com.tr\/index.php\/wp-json\/wp\/v2\/types\/product"}],"wp:attachment":[{"href":"https:\/\/roveyayinevi.com.tr\/index.php\/wp-json\/wp\/v2\/media?parent=725147"}],"wp:term":[{"taxonomy":"product_brand","embeddable":true,"href":"https:\/\/roveyayinevi.com.tr\/index.php\/wp-json\/wp\/v2\/product_brand?post=725147"},{"taxonomy":"product_cat","embeddable":true,"href":"https:\/\/roveyayinevi.com.tr\/index.php\/wp-json\/wp\/v2\/product_cat?post=725147"},{"taxonomy":"product_tag","embeddable":true,"href":"https:\/\/roveyayinevi.com.tr\/index.php\/wp-json\/wp\/v2\/product_tag?post=725147"}],"curies":[{"name":"wp","href":"https:\/\/api.w.org\/{rel}","templated":true}]}}