{"id":725125,"date":"2025-08-27T19:45:10","date_gmt":"2025-08-27T16:45:10","guid":{"rendered":"https:\/\/roveyayinevi.com.tr\/index.php\/urun\/on-sozcukte-cin\/"},"modified":"2026-04-16T02:32:52","modified_gmt":"2026-04-15T23:32:52","slug":"on-sozcukte-cin","status":"publish","type":"product","link":"https:\/\/roveyayinevi.com.tr\/index.php\/urun\/on-sozcukte-cin\/","title":{"rendered":"On S\u00f6zc\u00fckte \u00c7in"},"content":{"rendered":"<p>K\u00fclt\u00fcr Devrimi\u2019nden bug\u00fcne kadarki k\u0131rk y\u0131ll\u0131k s\u00fcrede \u201cHalk\u201d s\u00f6zc\u00fc\u011f\u00fcn\u00fcn i\u00e7i bo\u015falt\u0131lm\u0131\u015ft\u0131r \u00c7in ger\u00e7ekli\u011finde. \u015eimdi, \u00c7in\u2019de pop\u00fcler olan ekonomik terminolojiye g\u00f6re \u201cHalk\u201d sadece birparavan \u015firkettir ve \u00c7in farkl\u0131 d\u00f6nemlerde farkl\u0131 i\u00e7eriklerle onu kullanarak pazara girer.Ya\u015famak ve Kan\u0131n\u0131 Satan Adam gibi romanlar\u0131yla tan\u0131nan ve modern \u00c7in edebiyat\u0131n\u0131n en b\u00fcy\u00fck yazarlar\u0131ndan biri olan Yu Hua, bu sefer bir kurmaca yazar\u0131 olarak de\u011fil, \u00fclkesinin ve toplumununyak\u0131n tarihine ve bug\u00fcn\u00fcne dair s\u00f6z\u00fc olan bir ayd\u0131n kimli\u011fiyle kar\u015f\u0131m\u0131zda. Yu Hua, On S\u00f6zc\u00fckte \u00c7in\u2019de hem kendi hayat\u0131n\u0131n ve yazarl\u0131\u011f\u0131n\u0131n mihenk ta\u015flar\u0131n\u0131, hem de K\u00fclt\u00fcr Devrimi y\u0131llar\u0131ndan itibaren \u00c7in\u2019in ge\u00e7irdi\u011fi de\u011fi\u015fim safhalar\u0131n\u0131 pek \u00e7ok ilgin\u00e7 hik\u00e2ye e\u015fli\u011finde, merkezine on anahtar s\u00f6zc\u00fc\u011f\u00fc alarak anlat\u0131yor. Her bir s\u00f6zc\u00fck, bir edebiyat ustas\u0131n\u0131n kaleminde k\u00f6kl\u00fc bir ge\u00e7mi\u015fin ve k\u00fclt\u00fcr miras\u0131n\u0131n \u201cd\u00f6rt bir yan\u0131na\u201d uzan\u0131rken biz de g\u00f6zlem g\u00fcc\u00fc y\u00fcksek bir yazar\u0131n, bir \u00fclkeye ve topluma dair alternatif bir tarih okumas\u0131 yapmak i\u00e7in ne kadar de\u011ferli olabilece\u011fine tan\u0131k oluyoruz. On S\u00f6zc\u00fckte \u00c7in, yazar\u0131n Ya\u015famak roman\u0131n\u0131 da T\u00fcrk\u00e7ele\u015ftiren Bahar K\u0131l\u0131\u00e7\u2019\u0131n \u00c7ince asl\u0131ndan \u00e7evirisiyle\u2026<\/p>\n","protected":false},"excerpt":{"rendered":"<p>K\u00fclt\u00fcr Devrimi\u2019nden bug\u00fcne kadarki k\u0131rk y\u0131ll\u0131k s\u00fcrede \u201cHalk\u201d s\u00f6zc\u00fc\u011f\u00fcn\u00fcn i\u00e7i bo\u015falt\u0131lm\u0131\u015ft\u0131r \u00c7in ger\u00e7ekli\u011finde. \u015eimdi, \u00c7in\u2019de pop\u00fcler olan ekonomik terminolojiye g\u00f6re \u201cHalk\u201d sadece birparavan \u015firkettir ve \u00c7in<span class=\"excerpt-hellip\"> [\u2026]<\/span><\/p>\n","protected":false},"featured_media":0,"template":"","meta":{"_monsterinsights_skip_tracking":false,"_monsterinsights_sitenote_active":false,"_monsterinsights_sitenote_note":"","_monsterinsights_sitenote_category":0},"product_brand":[],"product_cat":[12777,12291],"product_tag":[],"class_list":{"0":"post-725125","1":"product","2":"type-product","3":"status-publish","5":"product_cat-deneme","6":"product_cat-edebiyat","7":"pa_cilt-ciltsiz","8":"pa_tur-kitap","9":"pa_yayinevi-jaguar-kitap","10":"pa_yazar-yu-hua","12":"first","13":"instock","14":"sale","15":"shipping-taxable","16":"purchasable","17":"product-type-simple"},"_links":{"self":[{"href":"https:\/\/roveyayinevi.com.tr\/index.php\/wp-json\/wp\/v2\/product\/725125","targetHints":{"allow":["GET"]}}],"collection":[{"href":"https:\/\/roveyayinevi.com.tr\/index.php\/wp-json\/wp\/v2\/product"}],"about":[{"href":"https:\/\/roveyayinevi.com.tr\/index.php\/wp-json\/wp\/v2\/types\/product"}],"wp:attachment":[{"href":"https:\/\/roveyayinevi.com.tr\/index.php\/wp-json\/wp\/v2\/media?parent=725125"}],"wp:term":[{"taxonomy":"product_brand","embeddable":true,"href":"https:\/\/roveyayinevi.com.tr\/index.php\/wp-json\/wp\/v2\/product_brand?post=725125"},{"taxonomy":"product_cat","embeddable":true,"href":"https:\/\/roveyayinevi.com.tr\/index.php\/wp-json\/wp\/v2\/product_cat?post=725125"},{"taxonomy":"product_tag","embeddable":true,"href":"https:\/\/roveyayinevi.com.tr\/index.php\/wp-json\/wp\/v2\/product_tag?post=725125"}],"curies":[{"name":"wp","href":"https:\/\/api.w.org\/{rel}","templated":true}]}}