{"id":725111,"date":"2025-08-27T19:45:00","date_gmt":"2025-08-27T16:45:00","guid":{"rendered":"https:\/\/roveyayinevi.com.tr\/index.php\/urun\/radikal-kitaplar\/"},"modified":"2026-04-16T02:32:51","modified_gmt":"2026-04-15T23:32:51","slug":"radikal-kitaplar","status":"publish","type":"product","link":"https:\/\/roveyayinevi.com.tr\/index.php\/urun\/radikal-kitaplar\/","title":{"rendered":"Radikal Kitaplar"},"content":{"rendered":"<p>Usta \u00e7evirmen, \u015fair ve ele\u015ftirmen Osman \u00c7akmak\u00e7\u0131 bu kitapla birlikte okurlar\u0131n\u0131 tam yetmi\u015f be\u015f farkl\u0131 kitap vesilesiyle dost\u00e7a bir sohbete \u00e7a\u011f\u0131r\u0131yor ve onlarla hayata dair zihin a\u00e7\u0131c\u0131 diyaloglara giriyor. \u201cRadikal Kitaplar\u201d, yazar\u0131n, ba\u015fta Radikal gazetesindeki k\u00f6\u015fesinde yay\u0131mlanan ele\u015ftirel tahlil denemeleri gelmek u\u0308zere, olgunluk d\u00f6neminin ilk u\u0308ru\u0308nlerinden bir se\u00e7ki niteli\u011finde. Kitapta du\u0308\u015fu\u0308nce, du\u0308nya edebiyat\u0131 ve sanat ba\u015fl\u0131klar\u0131n\u0131n alt\u0131nda yer alanlar\u0131n yan\u0131 s\u0131ra, \u00c7akmak\u00e7\u0131, okurlar\u0131yla 1980 ve sonras\u0131n\u0131n Tu\u0308rk \u015fiiri u\u0308zerine ayr\u0131nt\u0131l\u0131 ve ele\u015ftirel de\u011ferlendirmelerde bulunuyor. Her birinin, okura, Montaigne\u2019den gu\u0308nu\u0308mu\u0308ze deneme tu\u0308ru\u0308nu\u0308n \u00e7e\u015fitli lezzetlerini hat\u0131rlatt\u0131\u011f\u0131 bu yaz\u0131larda, \u00f6zellikle gen\u00e7 edebiyat-severlerin alt\u0131n\u0131 \u00e7izece\u011fi, u\u0308zerine du\u0308\u015fu\u0308nu\u0308p belki bir deneme yazmaya cesaret edece\u011fi samimi bir hava h\u00e2kim&#8230;\ufffcTan\u0131t\u0131m Metni<\/p>\n","protected":false},"excerpt":{"rendered":"<p>Usta \u00e7evirmen, \u015fair ve ele\u015ftirmen Osman \u00c7akmak\u00e7\u0131 bu kitapla birlikte okurlar\u0131n\u0131 tam yetmi\u015f be\u015f farkl\u0131 kitap vesilesiyle dost\u00e7a bir sohbete \u00e7a\u011f\u0131r\u0131yor ve onlarla hayata dair zihin<span class=\"excerpt-hellip\"> [\u2026]<\/span><\/p>\n","protected":false},"featured_media":0,"template":"","meta":{"_monsterinsights_skip_tracking":false,"_monsterinsights_sitenote_active":false,"_monsterinsights_sitenote_note":"","_monsterinsights_sitenote_category":0},"product_brand":[],"product_cat":[12777,12291],"product_tag":[],"class_list":{"0":"post-725111","1":"product","2":"type-product","3":"status-publish","5":"product_cat-deneme","6":"product_cat-edebiyat","7":"pa_cilt-ciltsiz","8":"pa_tur-kitap","9":"pa_yayinevi-vakifbank-kultur-yayinlari","10":"pa_yazar-osman-cakmakci","12":"first","13":"instock","14":"sale","15":"shipping-taxable","16":"purchasable","17":"product-type-simple"},"_links":{"self":[{"href":"https:\/\/roveyayinevi.com.tr\/index.php\/wp-json\/wp\/v2\/product\/725111","targetHints":{"allow":["GET"]}}],"collection":[{"href":"https:\/\/roveyayinevi.com.tr\/index.php\/wp-json\/wp\/v2\/product"}],"about":[{"href":"https:\/\/roveyayinevi.com.tr\/index.php\/wp-json\/wp\/v2\/types\/product"}],"wp:attachment":[{"href":"https:\/\/roveyayinevi.com.tr\/index.php\/wp-json\/wp\/v2\/media?parent=725111"}],"wp:term":[{"taxonomy":"product_brand","embeddable":true,"href":"https:\/\/roveyayinevi.com.tr\/index.php\/wp-json\/wp\/v2\/product_brand?post=725111"},{"taxonomy":"product_cat","embeddable":true,"href":"https:\/\/roveyayinevi.com.tr\/index.php\/wp-json\/wp\/v2\/product_cat?post=725111"},{"taxonomy":"product_tag","embeddable":true,"href":"https:\/\/roveyayinevi.com.tr\/index.php\/wp-json\/wp\/v2\/product_tag?post=725111"}],"curies":[{"name":"wp","href":"https:\/\/api.w.org\/{rel}","templated":true}]}}