{"id":725108,"date":"2025-08-27T19:44:57","date_gmt":"2025-08-27T16:44:57","guid":{"rendered":"https:\/\/roveyayinevi.com.tr\/index.php\/urun\/1950ler-turkiyesinde-edebiyat-dergileri\/"},"modified":"2026-04-16T02:32:51","modified_gmt":"2026-04-15T23:32:51","slug":"1950ler-turkiyesinde-edebiyat-dergileri","status":"publish","type":"product","link":"https:\/\/roveyayinevi.com.tr\/index.php\/urun\/1950ler-turkiyesinde-edebiyat-dergileri\/","title":{"rendered":"1950&#8217;ler T\u00fcrkiye&#8217;sinde Edebiyat Dergileri"},"content":{"rendered":"<p>Asl\u0131 U\u00e7ar\u2019\u0131n Bilkent \u00dcniversitesi Tu\u0308rk Edebiyat\u0131 b\u00f6lu\u0308mu\u0308ndeki lisansu\u0308stu\u0308 \u00e7al\u0131\u015fmalar\u0131n\u0131n u\u0308ru\u0308nu\u0308 olan 1950\u2019ler Tu\u0308rkiye\u2019sinde Edebiyat Dergileri, Tu\u0308rk\u00e7enin hem du\u0308zyaz\u0131 hem \u015fiir bak\u0131m\u0131ndan en bereketli d\u00f6nemlerinden birini ele al\u0131yor. Yazar gayet ustaca bir bak\u0131\u015fla, d\u00f6nemin milliyet\u00e7i-muhafazak\u00e2r temayu\u0308llere sahip edebiyat dergilerinden Kemalist ve Bat\u0131c\u0131 \u00e7izgide olanlara de\u011fin geni\u015f bir yay\u0131n listesinin i\u00e7inden, ilgin\u00e7 ayr\u0131nt\u0131larla dolu ve hayli renkli bir terkip \u00e7\u0131kar\u0131yor. Tu\u0308rkiye\u2019nin Demokrat Parti iktidar\u0131yla ge\u00e7en 1950\u2019li y\u0131llar\u0131ndaki politika ve poetika ba\u011flant\u0131s\u0131n\u0131 g\u00f6zeterek kaleme al\u0131nan kitapta, Attila \u0130lhan\u2019dan Cemal Su\u0308reya\u2019ya, Ya\u015far Nabi Nay\u0131r\u2019dan Mehmet \u00c7\u0131narl\u0131\u2019ya edebiyat\u00e7\u0131lar aras\u0131 diyaloglar\u0131 da takip etmek mu\u0308mku\u0308n. Asl\u0131 U\u00e7ar\u2019\u0131n \u00e7al\u0131\u015fmas\u0131, her biri Tu\u0308rk edebiyat\u0131 tarihi i\u00e7in bu\u0308yu\u0308k de\u011fer ta\u015f\u0131yan Varl\u0131k, Mavi, Hisar, Pazar Postas\u0131 ve Yeditepe gibi dergiler aras\u0131nda \u00e7ok \u00f6\u011fretici bir gezinti sunuyor.\ufffcTan\u0131t\u0131m Metni<\/p>\n","protected":false},"excerpt":{"rendered":"<p>Asl\u0131 U\u00e7ar\u2019\u0131n Bilkent \u00dcniversitesi Tu\u0308rk Edebiyat\u0131 b\u00f6lu\u0308mu\u0308ndeki lisansu\u0308stu\u0308 \u00e7al\u0131\u015fmalar\u0131n\u0131n u\u0308ru\u0308nu\u0308 olan 1950\u2019ler Tu\u0308rkiye\u2019sinde Edebiyat Dergileri, Tu\u0308rk\u00e7enin hem du\u0308zyaz\u0131 hem \u015fiir bak\u0131m\u0131ndan en bereketli d\u00f6nemlerinden birini ele<span class=\"excerpt-hellip\"> [\u2026]<\/span><\/p>\n","protected":false},"featured_media":0,"template":"","meta":{"_monsterinsights_skip_tracking":false,"_monsterinsights_sitenote_active":false,"_monsterinsights_sitenote_note":"","_monsterinsights_sitenote_category":0},"product_brand":[],"product_cat":[13072,12291],"product_tag":[],"class_list":{"0":"post-725108","1":"product","2":"type-product","3":"status-publish","5":"product_cat-arastirma-inceleme-referans","6":"product_cat-edebiyat","7":"pa_cilt-ciltsiz","8":"pa_tur-kitap","9":"pa_yayinevi-vakifbank-kultur-yayinlari","10":"pa_yazar-asli-ucar","12":"first","13":"instock","14":"sale","15":"shipping-taxable","16":"purchasable","17":"product-type-simple"},"_links":{"self":[{"href":"https:\/\/roveyayinevi.com.tr\/index.php\/wp-json\/wp\/v2\/product\/725108","targetHints":{"allow":["GET"]}}],"collection":[{"href":"https:\/\/roveyayinevi.com.tr\/index.php\/wp-json\/wp\/v2\/product"}],"about":[{"href":"https:\/\/roveyayinevi.com.tr\/index.php\/wp-json\/wp\/v2\/types\/product"}],"wp:attachment":[{"href":"https:\/\/roveyayinevi.com.tr\/index.php\/wp-json\/wp\/v2\/media?parent=725108"}],"wp:term":[{"taxonomy":"product_brand","embeddable":true,"href":"https:\/\/roveyayinevi.com.tr\/index.php\/wp-json\/wp\/v2\/product_brand?post=725108"},{"taxonomy":"product_cat","embeddable":true,"href":"https:\/\/roveyayinevi.com.tr\/index.php\/wp-json\/wp\/v2\/product_cat?post=725108"},{"taxonomy":"product_tag","embeddable":true,"href":"https:\/\/roveyayinevi.com.tr\/index.php\/wp-json\/wp\/v2\/product_tag?post=725108"}],"curies":[{"name":"wp","href":"https:\/\/api.w.org\/{rel}","templated":true}]}}