{"id":725104,"date":"2025-08-27T19:44:55","date_gmt":"2025-08-27T16:44:55","guid":{"rendered":"https:\/\/roveyayinevi.com.tr\/index.php\/urun\/gazali-islamin-dirilisi\/"},"modified":"2026-04-16T02:32:51","modified_gmt":"2026-04-15T23:32:51","slug":"gazali-islamin-dirilisi","status":"publish","type":"product","link":"https:\/\/roveyayinevi.com.tr\/index.php\/urun\/gazali-islamin-dirilisi\/","title":{"rendered":"Gazali: \u0130slam\u2019\u0131n Dirili\u015fi"},"content":{"rendered":"<p>Bu etkileyici kitap, \u0130slam d\u00fc\u015f\u00fcnce tarihinin en \u00f6nemli \u015fahsiyetlerinden biri olan Ebu Hamid el-Gazal\u00ee\u2019nin (1058-1111) ola\u011fan\u00fcst\u00fc hayat\u0131n\u0131, fikirlerini ve ard\u0131nda b\u0131rakt\u0131\u011f\u0131 entelekt\u00fcel miras\u0131 anlamak bak\u0131m\u0131ndan okurlara yepyeni bir pencere a\u00e7\u0131yor.\u00c7ok gen\u00e7 ya\u015flardan itibaren Ba\u011fdat\u2019taki Nizamiye Medresesinde verdi\u011fi derslerle d\u00f6nemin t\u00fcm alimlerinin dikkatini \u00e7eken, yazd\u0131\u011f\u0131 eserlerle \u0130slam f\u0131kh\u0131na \u00e7ok \u00f6nemli katk\u0131lar sunan, sonra ya\u015fad\u0131\u011f\u0131 manevi bir krizle her \u015feyden bir anda vazge\u00e7ip g\u00f6n\u00fcll\u00fc s\u00fcrg\u00fcne giden Gaz\u00e2l\u00ee\u2019nin entelekt\u00fcel biyografisini sunan bu \u00e7al\u0131\u015fma, sayg\u0131n \u0130slam tarih\u00e7isi Eric Ormsby imzas\u0131n\u0131 ta\u015f\u0131yor.Bu b\u00fcy\u00fck \u00e2limin ya\u015fam\u0131n\u0131n yan\u0131 s\u0131ra orta\u00e7a\u011f \u0130slam d\u00fc\u015f\u00fcnce gelene\u011fine de yak\u0131ndan bakmak i\u00e7in Gazal\u00ee: \u0130slam\u2019\u0131n Dirili\u015fi zihin a\u00e7\u0131c\u0131 bir ba\u015flang\u0131\u00e7&#8230;<\/p>\n","protected":false},"excerpt":{"rendered":"<p>Bu etkileyici kitap, \u0130slam d\u00fc\u015f\u00fcnce tarihinin en \u00f6nemli \u015fahsiyetlerinden biri olan Ebu Hamid el-Gazal\u00ee\u2019nin (1058-1111) ola\u011fan\u00fcst\u00fc hayat\u0131n\u0131, fikirlerini ve ard\u0131nda b\u0131rakt\u0131\u011f\u0131 entelekt\u00fcel miras\u0131 anlamak bak\u0131m\u0131ndan okurlara<span class=\"excerpt-hellip\"> [\u2026]<\/span><\/p>\n","protected":false},"featured_media":0,"template":"","meta":{"_monsterinsights_skip_tracking":false,"_monsterinsights_sitenote_active":false,"_monsterinsights_sitenote_note":"","_monsterinsights_sitenote_category":0},"product_brand":[],"product_cat":[12718,12719],"product_tag":[],"class_list":{"0":"post-725104","1":"product","2":"type-product","3":"status-publish","5":"product_cat-din","6":"product_cat-islam","7":"pa_cilt-ciltsiz","8":"pa_tur-kitap","9":"pa_yayinevi-vakifbank-kultur-yayinlari","10":"pa_yazar-eric-ormsby","12":"first","13":"instock","14":"sale","15":"shipping-taxable","16":"purchasable","17":"product-type-simple"},"_links":{"self":[{"href":"https:\/\/roveyayinevi.com.tr\/index.php\/wp-json\/wp\/v2\/product\/725104","targetHints":{"allow":["GET"]}}],"collection":[{"href":"https:\/\/roveyayinevi.com.tr\/index.php\/wp-json\/wp\/v2\/product"}],"about":[{"href":"https:\/\/roveyayinevi.com.tr\/index.php\/wp-json\/wp\/v2\/types\/product"}],"wp:attachment":[{"href":"https:\/\/roveyayinevi.com.tr\/index.php\/wp-json\/wp\/v2\/media?parent=725104"}],"wp:term":[{"taxonomy":"product_brand","embeddable":true,"href":"https:\/\/roveyayinevi.com.tr\/index.php\/wp-json\/wp\/v2\/product_brand?post=725104"},{"taxonomy":"product_cat","embeddable":true,"href":"https:\/\/roveyayinevi.com.tr\/index.php\/wp-json\/wp\/v2\/product_cat?post=725104"},{"taxonomy":"product_tag","embeddable":true,"href":"https:\/\/roveyayinevi.com.tr\/index.php\/wp-json\/wp\/v2\/product_tag?post=725104"}],"curies":[{"name":"wp","href":"https:\/\/api.w.org\/{rel}","templated":true}]}}