{"id":725101,"date":"2025-08-27T19:44:53","date_gmt":"2025-08-27T16:44:53","guid":{"rendered":"https:\/\/roveyayinevi.com.tr\/index.php\/urun\/hayvanlar-alemi-bir-dunya-bilgi\/"},"modified":"2026-04-16T02:32:51","modified_gmt":"2026-04-15T23:32:51","slug":"hayvanlar-alemi-bir-dunya-bilgi","status":"publish","type":"product","link":"https:\/\/roveyayinevi.com.tr\/index.php\/urun\/hayvanlar-alemi-bir-dunya-bilgi\/","title":{"rendered":"Hayvanlar Alemi &#8211; Bir D\u00fcnya Bilgi"},"content":{"rendered":"<p>D\u00fcnyam\u0131z\u0131 payla\u015ft\u0131\u011f\u0131m\u0131z hayvanlar\u0131 ne kadar iyi tan\u0131yoruz? \u015eu u\u00e7an hangi ku\u015f? Fillerin hortumlar\u0131 ne i\u015fe yarar? D\u00fcnyan\u0131n en b\u00fcy\u00fck hayvan\u0131 hangisi? Ya en h\u0131zl\u0131 hayvan\u2026 B\u00fct\u00fcn gizemleriyle hayvanlar\u0131n d\u00fcnyas\u0131na yolculuk yapmaya haz\u0131r m\u0131s\u0131n\u0131z?En esrarengizinden en alayc\u0131s\u0131na, en g\u00fcr\u00fclt\u00fcc\u00fcs\u00fcnden en y\u0131rt\u0131c\u0131s\u0131na, en cesurundan en tembeline kadar t\u00fcm hayvanlar\u0131 \u00e7ok daha yak\u0131ndan tan\u0131yacaks\u0131n\u0131z! Hayvanlar \u00c2lemi sizler i\u00e7in haz\u0131rlanm\u0131\u015f m\u00fckemmel bir kaynak kitap. Elinizdeki bu kitapla, hayvanlar hakk\u0131nda bilmediklerinizi \u00f6\u011frenecek ve merak etti\u011finiz t\u00fcm sorular\u0131n cevab\u0131n\u0131 bulacaks\u0131n\u0131z!<\/p>\n","protected":false},"excerpt":{"rendered":"<p>D\u00fcnyam\u0131z\u0131 payla\u015ft\u0131\u011f\u0131m\u0131z hayvanlar\u0131 ne kadar iyi tan\u0131yoruz? \u015eu u\u00e7an hangi ku\u015f? Fillerin hortumlar\u0131 ne i\u015fe yarar? D\u00fcnyan\u0131n en b\u00fcy\u00fck hayvan\u0131 hangisi? Ya en h\u0131zl\u0131 hayvan\u2026 B\u00fct\u00fcn<span class=\"excerpt-hellip\"> [\u2026]<\/span><\/p>\n","protected":false},"featured_media":0,"template":"","meta":{"_monsterinsights_skip_tracking":false,"_monsterinsights_sitenote_active":false,"_monsterinsights_sitenote_note":"","_monsterinsights_sitenote_category":0},"product_brand":[],"product_cat":[12274,15842],"product_tag":[],"class_list":{"0":"post-725101","1":"product","2":"type-product","3":"status-publish","5":"product_cat-cocuk-ve-genclik-kitaplari","6":"product_cat-egitici-kitaplar","7":"pa_cilt-ciltsiz","8":"pa_tur-kitap","9":"pa_yayinevi-dokuz-yayinlari","10":"pa_yazar-mustafa-sumer","12":"first","13":"instock","14":"sale","15":"shipping-taxable","16":"purchasable","17":"product-type-simple"},"_links":{"self":[{"href":"https:\/\/roveyayinevi.com.tr\/index.php\/wp-json\/wp\/v2\/product\/725101","targetHints":{"allow":["GET"]}}],"collection":[{"href":"https:\/\/roveyayinevi.com.tr\/index.php\/wp-json\/wp\/v2\/product"}],"about":[{"href":"https:\/\/roveyayinevi.com.tr\/index.php\/wp-json\/wp\/v2\/types\/product"}],"wp:attachment":[{"href":"https:\/\/roveyayinevi.com.tr\/index.php\/wp-json\/wp\/v2\/media?parent=725101"}],"wp:term":[{"taxonomy":"product_brand","embeddable":true,"href":"https:\/\/roveyayinevi.com.tr\/index.php\/wp-json\/wp\/v2\/product_brand?post=725101"},{"taxonomy":"product_cat","embeddable":true,"href":"https:\/\/roveyayinevi.com.tr\/index.php\/wp-json\/wp\/v2\/product_cat?post=725101"},{"taxonomy":"product_tag","embeddable":true,"href":"https:\/\/roveyayinevi.com.tr\/index.php\/wp-json\/wp\/v2\/product_tag?post=725101"}],"curies":[{"name":"wp","href":"https:\/\/api.w.org\/{rel}","templated":true}]}}