{"id":725096,"date":"2025-08-27T19:44:48","date_gmt":"2025-08-27T16:44:48","guid":{"rendered":"https:\/\/roveyayinevi.com.tr\/index.php\/urun\/dinozorlar-diyari-bir-dunya-bilgi\/"},"modified":"2026-04-16T02:32:51","modified_gmt":"2026-04-15T23:32:51","slug":"dinozorlar-diyari-bir-dunya-bilgi","status":"publish","type":"product","link":"https:\/\/roveyayinevi.com.tr\/index.php\/urun\/dinozorlar-diyari-bir-dunya-bilgi\/","title":{"rendered":"Dinozorlar Diyari \u2013 Bir D\u00fcnya Bilgi"},"content":{"rendered":"<p>Dinozorlar ger\u00e7ekten ya\u015fad\u0131lar m\u0131? E\u011fer \u00f6yleyse bu nas\u0131l ke\u015ffedildi? En korkutucu dinozor hangisiydi? Peki, su alt\u0131 d\u00fcnyas\u0131nda neler oluyor? T\u00fcm bu sorulara cevap bulmak ister misiniz? O zaman durmay\u0131n, sayfalar\u0131 \u00e7evirin!Hen\u00fcz insanlar\u0131n var olmad\u0131\u011f\u0131 \u00e7a\u011flarda yery\u00fcz\u00fcnde h\u00fck\u00fcm s\u00fcren dinozorlarla tan\u0131\u015f\u0131yoruz! \u00c7a\u011flar \u00f6ncesinden kalan fosiller bize neler s\u00f6yl\u00fcyor? Her sayfada bu sorunun cevab\u0131n\u0131 bulmaya biraz daha yakla\u015facaks\u0131n\u0131z. En y\u0131rt\u0131c\u0131s\u0131ndan en uysal\u0131na, en tembelinden en h\u0131zl\u0131s\u0131na kadar dinozorlar d\u00fcnyas\u0131na dair <\/p>\n","protected":false},"excerpt":{"rendered":"<p>Dinozorlar ger\u00e7ekten ya\u015fad\u0131lar m\u0131? E\u011fer \u00f6yleyse bu nas\u0131l ke\u015ffedildi? En korkutucu dinozor hangisiydi? Peki, su alt\u0131 d\u00fcnyas\u0131nda neler oluyor? T\u00fcm bu sorulara cevap bulmak ister misiniz?<span class=\"excerpt-hellip\"> [\u2026]<\/span><\/p>\n","protected":false},"featured_media":0,"template":"","meta":{"_monsterinsights_skip_tracking":false,"_monsterinsights_sitenote_active":false,"_monsterinsights_sitenote_note":"","_monsterinsights_sitenote_category":0},"product_brand":[],"product_cat":[12274,15842],"product_tag":[],"class_list":{"0":"post-725096","1":"product","2":"type-product","3":"status-publish","5":"product_cat-cocuk-ve-genclik-kitaplari","6":"product_cat-egitici-kitaplar","7":"pa_cilt-ciltsiz","8":"pa_tur-kitap","9":"pa_yayinevi-dokuz-yayinlari","10":"pa_yazar-mustafa-sumer","12":"first","13":"instock","14":"sale","15":"shipping-taxable","16":"purchasable","17":"product-type-simple"},"_links":{"self":[{"href":"https:\/\/roveyayinevi.com.tr\/index.php\/wp-json\/wp\/v2\/product\/725096","targetHints":{"allow":["GET"]}}],"collection":[{"href":"https:\/\/roveyayinevi.com.tr\/index.php\/wp-json\/wp\/v2\/product"}],"about":[{"href":"https:\/\/roveyayinevi.com.tr\/index.php\/wp-json\/wp\/v2\/types\/product"}],"wp:attachment":[{"href":"https:\/\/roveyayinevi.com.tr\/index.php\/wp-json\/wp\/v2\/media?parent=725096"}],"wp:term":[{"taxonomy":"product_brand","embeddable":true,"href":"https:\/\/roveyayinevi.com.tr\/index.php\/wp-json\/wp\/v2\/product_brand?post=725096"},{"taxonomy":"product_cat","embeddable":true,"href":"https:\/\/roveyayinevi.com.tr\/index.php\/wp-json\/wp\/v2\/product_cat?post=725096"},{"taxonomy":"product_tag","embeddable":true,"href":"https:\/\/roveyayinevi.com.tr\/index.php\/wp-json\/wp\/v2\/product_tag?post=725096"}],"curies":[{"name":"wp","href":"https:\/\/api.w.org\/{rel}","templated":true}]}}