{"id":725089,"date":"2025-08-27T19:44:44","date_gmt":"2025-08-27T16:44:44","guid":{"rendered":"https:\/\/roveyayinevi.com.tr\/index.php\/urun\/citir-citir-felsefe-serisi-32-kahkaha-ve-gozyaslari\/"},"modified":"2026-04-16T02:32:51","modified_gmt":"2026-04-15T23:32:51","slug":"citir-citir-felsefe-serisi-32-kahkaha-ve-gozyaslari","status":"publish","type":"product","link":"https:\/\/roveyayinevi.com.tr\/index.php\/urun\/citir-citir-felsefe-serisi-32-kahkaha-ve-gozyaslari\/","title":{"rendered":"\u00c7\u0131t\u0131r \u00c7\u0131t\u0131r Felsefe Serisi 32 &#8211; Kahkaha ve G\u00f6zya\u015flar\u0131"},"content":{"rendered":"<p>Kahkahalar ve g\u00f6zya\u015flar\u0131 birle\u015ftirir bizi! K\u00fc\u00e7\u00fck b\u00fcy\u00fck herkesin hayat\u0131 sorgulama rehberi &#8220;\u00c7\u0131t\u0131r \u00c7\u0131t\u0131r Felsefe&#8221; dizisinin 32. kitab\u0131 &#8220;kahkaha&#8221; ve &#8220;g\u00f6zya\u015flar\u0131&#8221; kavramlar\u0131n\u0131 ele al\u0131yor. Modern bir klasik haline gelen dizinin yarat\u0131c\u0131s\u0131 Brigitte Labb\u00e9 bu kitab\u0131nda, g\u00fclme ve a\u011flama eylemlerini \u00e7okboyutlu bi\u00e7imde irdelerken, her ikisinin ard\u0131ndaki anlam\u0131 g\u00fcndelik ya\u015famdan \u00f6rneklerle d\u00fc\u015f\u00fcnd\u00fcr\u00fcyor. \u00c7ocuklar ve felsefe \u00fczerine \u00e7al\u0131\u015fmalar yapanlara da ilham kayna\u011f\u0131 olan dizi, Jacques Azam&#8217;\u0131n derin mizah anlay\u0131\u015f\u0131n\u0131 yans\u0131tt\u0131\u011f\u0131 desenleriyle renkleniyor. Diziyi okuyan \u00e7ocuklar, \u00f6\u011fretmenler ve anne babalar, birlikte felsefe yapman\u0131n ve yeni bir ileti\u015fim evreninin kap\u0131lar\u0131n\u0131 aral\u0131yorlar.Bir bebek ac\u0131kt\u0131\u011f\u0131n\u0131, susad\u0131\u011f\u0131n\u0131, bir yerinin a\u011fr\u0131d\u0131\u011f\u0131n\u0131, kuca\u011fa al\u0131nma ihtiyac\u0131n\u0131 anlatmak i\u00e7in gerekli s\u00f6zc\u00fckleri bilmez, konu\u015famaz. Bedeni bunlar\u0131 a\u011flayarak ifade eder. S\u00f6zc\u00fckler \u00f6\u011frendik\u00e7e, bedeni daha az konu\u015fmaya ba\u015flar. Kimi zaman da susturulur\u2026 Ne mutlu ki, g\u00fclmemize, a\u011flamam\u0131za, g\u00fclmekten a\u011flamam\u0131za ya da g\u00f6zlerimizde ya\u015flarla kahkahalar atmam\u0131za engel olamay\u0131z!Brigitte Labb\u00e9 uzun s\u00fcre ileti\u015fim sekt\u00f6r\u00fcnde g\u00f6rev ald\u0131ktan sonra Paris Sorbonne \u00dcniversitesi&#8217;nde felsefe e\u011fitimi g\u00f6rd\u00fc. \u00c7al\u0131\u015fmalar\u0131n\u0131, kar\u0131\u015f\u0131k felsefi kavramlar\u0131 \u00e7ocuklara aktarabilmek \u00fczerine yo\u011funla\u015ft\u0131rd\u0131. &#8220;\u00c7\u0131t\u0131r \u00c7\u0131t\u0131r Felsefe&#8221; dizisinde, \u00e7ocuklara felsefenin s\u00fcrekli kendini yenileyen bir sorgulama oldu\u011funu g\u00f6stermek istedi. Okullarda, k\u00fct\u00fcphanelerde ve kafelerde, \u00e7ikolata, kurabiye ve \u015feker e\u015fli\u011finde \u00e7ocuklar i\u00e7in &#8220;\u00c7\u0131t\u0131r \u00c7\u0131t\u0131r Felsefe&#8221; g\u00fcnleri d\u00fczenleyip tart\u0131\u015fmalar yapan Labb\u00e9, kat\u0131ld\u0131\u011f\u0131 ulusal ve uluslararas\u0131 konferanslarda, yeti\u015fkinler i\u00e7in, \u00e7ocuklara zor konular\u0131 anlatmak \u00fczerine sunumlar ger\u00e7ekle\u015ftiriyor. Labbe\u0301, kitaplar\u0131yla c\u0327ocuklar\u0131n eg\u0306itim ve o\u0308g\u0306renimine sag\u0306lad\u0131g\u0306\u0131 katk\u0131lardan dolay\u0131 Ocak 2019&#8217;da Fransa&#8217;n\u0131n o\u0308nemli devlet nis\u0327an\u0131 Le\u0301gion d&#8217;Honneur&#8217;le o\u0308du\u0308llendirildi. T\u00fcrkiye&#8217;de de okullarda \u00e7ocuklarla bir araya gelen yazar, m\u00fczisyen e\u015fi Wassim Soubra&#8217;yla Barselona&#8217;da ya\u015f\u0131yor; iki k\u0131z\u0131 var. Dan\u0131\u015fman Michel Puech Paris&#8217;te Sorbonne U\u0308niversitesi Felsefe Bo\u0308lu\u0308mu\u0308&#8217;nde o\u0308g\u0306retim u\u0308yesi. Dizinin felsefi ic\u0327erig\u0306ini denetledi. \u0130ll\u00fcstrat\u00f6r Jacques Azam, \u00f6zellikle gen\u00e7lere y\u00f6nelik kitap ve dergilerde desenleme \u00e7al\u0131\u015fmalar\u0131 yap\u0131yor. Yay\u0131mlanm\u0131\u015f \u00e7izgi romanlar\u0131 var.<\/p>\n","protected":false},"excerpt":{"rendered":"<p>Kahkahalar ve g\u00f6zya\u015flar\u0131 birle\u015ftirir bizi! K\u00fc\u00e7\u00fck b\u00fcy\u00fck herkesin hayat\u0131 sorgulama rehberi &#8220;\u00c7\u0131t\u0131r \u00c7\u0131t\u0131r Felsefe&#8221; dizisinin 32. kitab\u0131 &#8220;kahkaha&#8221; ve &#8220;g\u00f6zya\u015flar\u0131&#8221; kavramlar\u0131n\u0131 ele al\u0131yor. Modern bir klasik<span class=\"excerpt-hellip\"> [\u2026]<\/span><\/p>\n","protected":false},"featured_media":0,"template":"","meta":{"_monsterinsights_skip_tracking":false,"_monsterinsights_sitenote_active":false,"_monsterinsights_sitenote_note":"","_monsterinsights_sitenote_category":0},"product_brand":[],"product_cat":[12275,12274],"product_tag":[],"class_list":{"0":"post-725089","1":"product","2":"type-product","3":"status-publish","5":"product_cat-6-12-yas-kitaplari","6":"product_cat-cocuk-ve-genclik-kitaplari","7":"pa_cilt-ciltsiz","8":"pa_tur-kitap","9":"pa_yayinevi-gunisigi-kitapligi","10":"pa_yazar-brigitte-labbe","12":"first","13":"instock","14":"sale","15":"shipping-taxable","16":"purchasable","17":"product-type-simple"},"_links":{"self":[{"href":"https:\/\/roveyayinevi.com.tr\/index.php\/wp-json\/wp\/v2\/product\/725089","targetHints":{"allow":["GET"]}}],"collection":[{"href":"https:\/\/roveyayinevi.com.tr\/index.php\/wp-json\/wp\/v2\/product"}],"about":[{"href":"https:\/\/roveyayinevi.com.tr\/index.php\/wp-json\/wp\/v2\/types\/product"}],"wp:attachment":[{"href":"https:\/\/roveyayinevi.com.tr\/index.php\/wp-json\/wp\/v2\/media?parent=725089"}],"wp:term":[{"taxonomy":"product_brand","embeddable":true,"href":"https:\/\/roveyayinevi.com.tr\/index.php\/wp-json\/wp\/v2\/product_brand?post=725089"},{"taxonomy":"product_cat","embeddable":true,"href":"https:\/\/roveyayinevi.com.tr\/index.php\/wp-json\/wp\/v2\/product_cat?post=725089"},{"taxonomy":"product_tag","embeddable":true,"href":"https:\/\/roveyayinevi.com.tr\/index.php\/wp-json\/wp\/v2\/product_tag?post=725089"}],"curies":[{"name":"wp","href":"https:\/\/api.w.org\/{rel}","templated":true}]}}