{"id":725088,"date":"2025-08-27T19:44:43","date_gmt":"2025-08-27T16:44:43","guid":{"rendered":"https:\/\/roveyayinevi.com.tr\/index.php\/urun\/savas-sanati-11\/"},"modified":"2026-04-16T02:32:51","modified_gmt":"2026-04-15T23:32:51","slug":"savas-sanati-11","status":"publish","type":"product","link":"https:\/\/roveyayinevi.com.tr\/index.php\/urun\/savas-sanati-11\/","title":{"rendered":"Sava\u015f Sanat\u0131"},"content":{"rendered":"<p>Sun Zi Sava\u015f Sanat\u0131, binlerce y\u0131l \u00f6nce yaz\u0131lm\u0131\u015f olmas\u0131na ra\u011fmen, g\u00fcn\u00fcm\u00fczde h\u00e2len harp okulla-r\u0131nda ve akademilerinde temel ders kitab\u0131 olarak okutulmaktad\u0131r.Sun Zi Sava\u015f Sanat\u0131, sadece bir asker\u00ee strateji kita-b\u0131 de\u011fildir. Ayn\u0131 zamanda da bir \u201cy\u00f6neticilik sana-t\u0131\u201d kitab\u0131d\u0131r. \u00c7in, Japon ve Kore\u2019de b\u00fcy\u00fck \u015firket y\u00f6neticilerinin \u201cba\u015fucu kitab\u0131\u201d konumundad\u0131r. Ayr\u0131ca, g\u00fcnl\u00fck ya\u015famda, herkesin yararlanabilece-\u011fi bilgiler veren, bir \u201cya\u015fam sanat\u0131\u201d kitab\u0131d\u0131r.Sun Zi diyor ki: \u201cHarple elde edilecek kazan\u0131mlar\u0131 hesaplayan, harp nedeniyle kaybedeceklerini de hesaplamal\u0131d\u0131r.\u201d   Bilindi\u011fi \u00fczere, verdi\u011fimiz kararlar ya\u015fam\u0131m\u0131z\u0131 bi\u00e7imlendirmektedir. Bir konuda uygulamaya ge\u00e7meden \u00f6nce, \u00e7ok iyi hesap yapmam\u0131z gerek-mektedir. Bu karar\u0131m\u0131z bize neler kazand\u0131racak, neler kaybettirecektir? Kendimize sormam\u0131z gerekir;  \u201cde\u011fer mi?\u201d<\/p>\n","protected":false},"excerpt":{"rendered":"<p>Sun Zi Sava\u015f Sanat\u0131, binlerce y\u0131l \u00f6nce yaz\u0131lm\u0131\u015f olmas\u0131na ra\u011fmen, g\u00fcn\u00fcm\u00fczde h\u00e2len harp okulla-r\u0131nda ve akademilerinde temel ders kitab\u0131 olarak okutulmaktad\u0131r.Sun Zi Sava\u015f Sanat\u0131, sadece bir<span class=\"excerpt-hellip\"> [\u2026]<\/span><\/p>\n","protected":false},"featured_media":0,"template":"","meta":{"_monsterinsights_skip_tracking":false,"_monsterinsights_sitenote_active":false,"_monsterinsights_sitenote_note":"","_monsterinsights_sitenote_category":0},"product_brand":[],"product_cat":[12388,15309],"product_tag":[],"class_list":{"0":"post-725088","1":"product","2":"type-product","3":"status-publish","5":"product_cat-felsefe","6":"product_cat-felsefi-akimlar","7":"pa_cilt-ciltsiz","8":"pa_tur-kitap","9":"pa_yayinevi-bilge-kultur-sanat","10":"pa_yazar-sun-zi","12":"first","13":"instock","14":"sale","15":"shipping-taxable","16":"purchasable","17":"product-type-simple"},"_links":{"self":[{"href":"https:\/\/roveyayinevi.com.tr\/index.php\/wp-json\/wp\/v2\/product\/725088","targetHints":{"allow":["GET"]}}],"collection":[{"href":"https:\/\/roveyayinevi.com.tr\/index.php\/wp-json\/wp\/v2\/product"}],"about":[{"href":"https:\/\/roveyayinevi.com.tr\/index.php\/wp-json\/wp\/v2\/types\/product"}],"wp:attachment":[{"href":"https:\/\/roveyayinevi.com.tr\/index.php\/wp-json\/wp\/v2\/media?parent=725088"}],"wp:term":[{"taxonomy":"product_brand","embeddable":true,"href":"https:\/\/roveyayinevi.com.tr\/index.php\/wp-json\/wp\/v2\/product_brand?post=725088"},{"taxonomy":"product_cat","embeddable":true,"href":"https:\/\/roveyayinevi.com.tr\/index.php\/wp-json\/wp\/v2\/product_cat?post=725088"},{"taxonomy":"product_tag","embeddable":true,"href":"https:\/\/roveyayinevi.com.tr\/index.php\/wp-json\/wp\/v2\/product_tag?post=725088"}],"curies":[{"name":"wp","href":"https:\/\/api.w.org\/{rel}","templated":true}]}}