{"id":725058,"date":"2025-08-27T19:44:17","date_gmt":"2025-08-27T16:44:17","guid":{"rendered":"https:\/\/roveyayinevi.com.tr\/index.php\/urun\/mesafenin-siddeti\/"},"modified":"2026-04-16T02:32:50","modified_gmt":"2026-04-15T23:32:50","slug":"mesafenin-siddeti","status":"publish","type":"product","link":"https:\/\/roveyayinevi.com.tr\/index.php\/urun\/mesafenin-siddeti\/","title":{"rendered":"Mesafenin \u015eiddeti"},"content":{"rendered":"<p>Yal\u00e7\u0131n Tosun be\u015f y\u0131l sonra yeni \u00f6yk\u00fc kitab\u0131yla;Mesafenin \u015eiddeti\u201cYine yanaklar\u0131m alevlendi. Sevi\u015fme laf\u0131 en \u00e7ok bizim gibilere dokunur zaten. Derininde bir yere bir kor \u00fcflenmi\u015f\u00e7esine titreyiverir insan. Durdum bir an, sonra denize \u00e7evirdim ba\u015f\u0131m\u0131, ne olursa olsun halden anlayan denize.\u201dAnne, Baba ve Di\u011fer \u00d6l\u00fcmc\u00fcl \u015eeyler, Peruk Gibi H\u00fcz\u00fcnl\u00fc, Dokunma Dersleri, Bir Nedene Sunuldum ile g\u00fcn\u00fcm\u00fcz \u00f6yk\u00fcc\u00fcl\u00fc\u011f\u00fcn\u00fcn sevilen yazarlar\u0131 aras\u0131na giren Yal\u00e7\u0131n Tosun, be\u015f y\u0131l aradan sonra, be\u015finci \u00f6yk\u00fc kitab\u0131 Mesafenin \u015eiddeti ile etkisini g\u00f6steriyor.\u00c7ocuklu\u011fu, evlili\u011fi, aileyi, anneyi ve babay\u0131, hep o k\u0131r\u0131lgan bak\u0131\u015fla, hep bir ergen uyan\u0131\u015f\u0131yla ince ince i\u015fleyen, doyurucu \u00f6yk\u00fclerden olu\u015fuyor Mesafenin \u015eiddeti. Yal\u00e7\u0131n Tosun, mahremin \u00e7eperinde \u00f6zg\u00fcrce devinen duyu\u015flar\u0131, d\u00fc\u015f\u00fcn\u00fc\u015fleri, d\u00fc\u015fleri, beklentileri anlat\u0131yor. G\u00f6nl\u00fcn k\u0131r\u0131ld\u0131\u011f\u0131 yeri, zihnin sars\u0131ld\u0131\u011f\u0131 noktay\u0131, \u2014hangi mesafeden olursa olsun\u2014 \u015fiddetin g\u00f6r\u00fcnd\u00fc\u011f\u00fc aral\u0131klar\u0131 yakalarken anlat\u0131c\u0131l\u0131\u011f\u0131n\u0131 giderek u\u00e7lara ta\u015f\u0131yor.<\/p>\n","protected":false},"excerpt":{"rendered":"<p>Yal\u00e7\u0131n Tosun be\u015f y\u0131l sonra yeni \u00f6yk\u00fc kitab\u0131yla;Mesafenin \u015eiddeti\u201cYine yanaklar\u0131m alevlendi. Sevi\u015fme laf\u0131 en \u00e7ok bizim gibilere dokunur zaten. Derininde bir yere bir kor \u00fcflenmi\u015f\u00e7esine titreyiverir<span class=\"excerpt-hellip\"> [\u2026]<\/span><\/p>\n","protected":false},"featured_media":0,"template":"","meta":{"_monsterinsights_skip_tracking":false,"_monsterinsights_sitenote_active":false,"_monsterinsights_sitenote_note":"","_monsterinsights_sitenote_category":0},"product_brand":[],"product_cat":[12291,12711],"product_tag":[],"class_list":{"0":"post-725058","1":"product","2":"type-product","3":"status-publish","5":"product_cat-edebiyat","6":"product_cat-roman-oyku","7":"pa_cilt-ciltsiz","8":"pa_tur-kitap","9":"pa_yayinevi-yapi-kredi-yayinlari","10":"pa_yazar-yalcin-tosun","12":"first","13":"instock","14":"sale","15":"shipping-taxable","16":"purchasable","17":"product-type-simple"},"_links":{"self":[{"href":"https:\/\/roveyayinevi.com.tr\/index.php\/wp-json\/wp\/v2\/product\/725058","targetHints":{"allow":["GET"]}}],"collection":[{"href":"https:\/\/roveyayinevi.com.tr\/index.php\/wp-json\/wp\/v2\/product"}],"about":[{"href":"https:\/\/roveyayinevi.com.tr\/index.php\/wp-json\/wp\/v2\/types\/product"}],"wp:attachment":[{"href":"https:\/\/roveyayinevi.com.tr\/index.php\/wp-json\/wp\/v2\/media?parent=725058"}],"wp:term":[{"taxonomy":"product_brand","embeddable":true,"href":"https:\/\/roveyayinevi.com.tr\/index.php\/wp-json\/wp\/v2\/product_brand?post=725058"},{"taxonomy":"product_cat","embeddable":true,"href":"https:\/\/roveyayinevi.com.tr\/index.php\/wp-json\/wp\/v2\/product_cat?post=725058"},{"taxonomy":"product_tag","embeddable":true,"href":"https:\/\/roveyayinevi.com.tr\/index.php\/wp-json\/wp\/v2\/product_tag?post=725058"}],"curies":[{"name":"wp","href":"https:\/\/api.w.org\/{rel}","templated":true}]}}