{"id":725056,"date":"2025-08-27T19:44:16","date_gmt":"2025-08-27T16:44:16","guid":{"rendered":"https:\/\/roveyayinevi.com.tr\/index.php\/urun\/sultan-abdulaziz-darbesi-ve-sabik-sultanin-olumu\/"},"modified":"2025-12-30T10:31:46","modified_gmt":"2025-12-30T07:31:46","slug":"sultan-abdulaziz-darbesi-ve-sabik-sultanin-olumu","status":"publish","type":"product","link":"https:\/\/roveyayinevi.com.tr\/index.php\/urun\/sultan-abdulaziz-darbesi-ve-sabik-sultanin-olumu\/","title":{"rendered":"Sultan Abd\u00fclaziz Darbesi Ve Sab\u0131k Sultan\u0131n \u00d6l\u00fcm\u00fc"},"content":{"rendered":"<p>Osmanl\u0131 \u0130mparatorlu\u011fu d\u00f6neminde ya\u015fanan ihtilal hareketleri aras\u0131nda Kabak\u00e7\u0131 Mustafa \u0130syan\u0131 (1807), 31 Mart Ayaklanmas\u0131 (1909) ve II. Abd\u00fclhamid\u2019in hal edilmesi ile Bab-\u0131 Ali Bask\u0131n\u0131 (1913) \u00f6n plana \u00e7\u0131kar. Ancak Sultan Abd\u00fclaziz\u2019in \u00f6l\u00fcm\u00fcyle sonu\u00e7lanan bir darbe de 1876 y\u0131l\u0131nda ger\u00e7ekle\u015fmi\u015ftir. Sultan Abd\u00fclaziz\u2019in tahttan indirilmesi ile Osmanl\u0131 sultanlar\u0131n\u0131n deneyimledi\u011fi darbeler aras\u0131nda esasen farkl\u0131l\u0131k vard\u0131r. II.Mahmud\u2019un devrine kadar padi\u015fah de\u011fi\u015ftiren g\u00fc\u00e7ler Yeni\u00e7eri Oca\u011f\u0131 ve ulema s\u0131n\u0131f\u0131yken, Sultan Abd\u00fclaziz kendi iradesiyle y\u00fcksek mevkilere atad\u0131\u011f\u0131 ki\u015filer taraf\u0131ndan hal edilmi\u015ftir. Darbeciler millet ad\u0131na hareket ettiklerini vurgulayarak \u00fcstlerinden sorumlulu\u011fu atmak istemi\u015flerdir. Sultan Abd\u00fclaziz\u2019in tahttan indirilmesi ve hal\u2019inden bir hafta sonra bilekleri kesilmi\u015f bir \u015fekilde \u00f6lmesi ya da \u00f6ld\u00fcr\u00fclmesi \u00e7e\u015fitli \u00e7al\u0131\u015fmalarda defalarca ele al\u0131nmas\u0131na ra\u011fmen halen ayd\u0131nlat\u0131lmay\u0131 bekleyen bir meseledir.\u00c7al\u0131\u015fmam\u0131z\u0131n amac\u0131, tarih yaz\u0131m\u0131nda ortaya \u00e7\u0131kan iki temel g\u00f6r\u00fc\u015f \u00e7er\u00e7evesinde bu konudaki t\u00fcm kaynaklar\u0131 bir araya getirip olaylar\u0131n geli\u015fimini eksiksiz g\u00f6stermek, Osmanl\u0131 Ar\u015fivi belgelerini de kullanarak kaynaklardaki g\u00f6r\u00fc\u015fleri kar\u015f\u0131la\u015ft\u0131rmak; alana yeni bir katk\u0131 sa\u011flamas\u0131 bak\u0131m\u0131ndan The Times gazetesinin Londra\u2019daki ar\u015fivinden al\u0131nan haberleri inceleyerek, o d\u00f6nemde d\u00fcnya kamuoyunu olu\u015fturma g\u00f6revini \u00fcstlenen gazetenin, Sultan Abd\u00fclaziz\u2019in hal\u2019ine ve \u00f6l\u00fcm\u00fcne nas\u0131l bakt\u0131\u011f\u0131n\u0131 anlayabilmektir<\/p>\n","protected":false},"excerpt":{"rendered":"<p>Osmanl\u0131 \u0130mparatorlu\u011fu d\u00f6neminde ya\u015fanan ihtilal hareketleri aras\u0131nda Kabak\u00e7\u0131 Mustafa \u0130syan\u0131 (1807), 31 Mart Ayaklanmas\u0131 (1909) ve II. Abd\u00fclhamid\u2019in hal edilmesi ile Bab-\u0131 Ali Bask\u0131n\u0131 (1913) \u00f6n<span class=\"excerpt-hellip\"> [\u2026]<\/span><\/p>\n","protected":false},"featured_media":0,"template":"","meta":{"_monsterinsights_skip_tracking":false,"_monsterinsights_sitenote_active":false,"_monsterinsights_sitenote_note":"","_monsterinsights_sitenote_category":0},"product_brand":[],"product_cat":[12304,13650],"product_tag":[],"class_list":{"0":"post-725056","1":"product","2":"type-product","3":"status-publish","5":"product_cat-tarih","6":"product_cat-turk-tarihi-arastirmalari","7":"pa_cilt-ciltsiz","8":"pa_tur-kitap","9":"pa_yayinevi-berikan-yayinlari","10":"pa_yazar-gunseli-gumusel","12":"first","13":"instock","14":"sale","15":"shipping-taxable","16":"purchasable","17":"product-type-simple"},"_links":{"self":[{"href":"https:\/\/roveyayinevi.com.tr\/index.php\/wp-json\/wp\/v2\/product\/725056","targetHints":{"allow":["GET"]}}],"collection":[{"href":"https:\/\/roveyayinevi.com.tr\/index.php\/wp-json\/wp\/v2\/product"}],"about":[{"href":"https:\/\/roveyayinevi.com.tr\/index.php\/wp-json\/wp\/v2\/types\/product"}],"wp:attachment":[{"href":"https:\/\/roveyayinevi.com.tr\/index.php\/wp-json\/wp\/v2\/media?parent=725056"}],"wp:term":[{"taxonomy":"product_brand","embeddable":true,"href":"https:\/\/roveyayinevi.com.tr\/index.php\/wp-json\/wp\/v2\/product_brand?post=725056"},{"taxonomy":"product_cat","embeddable":true,"href":"https:\/\/roveyayinevi.com.tr\/index.php\/wp-json\/wp\/v2\/product_cat?post=725056"},{"taxonomy":"product_tag","embeddable":true,"href":"https:\/\/roveyayinevi.com.tr\/index.php\/wp-json\/wp\/v2\/product_tag?post=725056"}],"curies":[{"name":"wp","href":"https:\/\/api.w.org\/{rel}","templated":true}]}}