{"id":725054,"date":"2025-08-27T19:44:14","date_gmt":"2025-08-27T16:44:14","guid":{"rendered":"https:\/\/roveyayinevi.com.tr\/index.php\/urun\/hangi-hayat-benim\/"},"modified":"2026-04-16T02:32:50","modified_gmt":"2026-04-15T23:32:50","slug":"hangi-hayat-benim","status":"publish","type":"product","link":"https:\/\/roveyayinevi.com.tr\/index.php\/urun\/hangi-hayat-benim\/","title":{"rendered":"Hangi Hayat Benim ?"},"content":{"rendered":"<p>\u201cEski zamanlar\u0131n kokusunu al\u0131yor, beni benden alan o melodiyi dinliyorum. An\u0131ms\u0131yorum, film \u015feridi gibi her \u015fey bir bir g\u00f6z\u00fcm\u00fcn \u00f6n\u00fcmden ge\u00e7erken seni yaradan y\u00fcce Rabbime \u015f\u00fckran\u0131m\u0131 sunuyorum. Sevgili, ey a\u015fk! Sesini duyuyor, sana gelmek istiyorum. Aram\u0131zda mesafeler olmasa da yolumu bulam\u0131yorum. Sesinde kayboldum, karanl\u0131k \u00e7\u00f6kt\u00fc g\u00f6remiyorum. Gel a\u015fk art\u0131k dayanam\u0131yorum.\u201d\u201cAnlay\u0131\u015f\u0131n\u0131 yitirmi\u015f, etraf\u0131na \u00f6fke sa\u00e7an insanlar vard\u0131. Paran\u0131n ve ihtiraslar\u0131n\u0131n k\u00f6lesi olup sevgisiz ve anlams\u0131z bir hayat s\u00fcr\u00fcyorlard\u0131. Kendileri i\u00e7in ya\u015fayan bu benciller, pek \u00e7ok insan\u0131n hem paras\u0131n\u0131 hem de eme\u011fini \u00e7al\u0131yordu.\u201d<\/p>\n","protected":false},"excerpt":{"rendered":"<p>\u201cEski zamanlar\u0131n kokusunu al\u0131yor, beni benden alan o melodiyi dinliyorum. An\u0131ms\u0131yorum, film \u015feridi gibi her \u015fey bir bir g\u00f6z\u00fcm\u00fcn \u00f6n\u00fcmden ge\u00e7erken seni yaradan y\u00fcce Rabbime \u015f\u00fckran\u0131m\u0131<span class=\"excerpt-hellip\"> [\u2026]<\/span><\/p>\n","protected":false},"featured_media":0,"template":"","meta":{"_monsterinsights_skip_tracking":false,"_monsterinsights_sitenote_active":false,"_monsterinsights_sitenote_note":"","_monsterinsights_sitenote_category":0},"product_brand":[],"product_cat":[12291,12711],"product_tag":[],"class_list":{"0":"post-725054","1":"product","2":"type-product","3":"status-publish","5":"product_cat-edebiyat","6":"product_cat-roman-oyku","7":"pa_cilt-ciltsiz","8":"pa_tur-kitap","9":"pa_yayinevi-us-yayinlari","10":"pa_yazar-hasan-dilli","12":"first","13":"instock","14":"sale","15":"shipping-taxable","16":"purchasable","17":"product-type-simple"},"_links":{"self":[{"href":"https:\/\/roveyayinevi.com.tr\/index.php\/wp-json\/wp\/v2\/product\/725054","targetHints":{"allow":["GET"]}}],"collection":[{"href":"https:\/\/roveyayinevi.com.tr\/index.php\/wp-json\/wp\/v2\/product"}],"about":[{"href":"https:\/\/roveyayinevi.com.tr\/index.php\/wp-json\/wp\/v2\/types\/product"}],"wp:attachment":[{"href":"https:\/\/roveyayinevi.com.tr\/index.php\/wp-json\/wp\/v2\/media?parent=725054"}],"wp:term":[{"taxonomy":"product_brand","embeddable":true,"href":"https:\/\/roveyayinevi.com.tr\/index.php\/wp-json\/wp\/v2\/product_brand?post=725054"},{"taxonomy":"product_cat","embeddable":true,"href":"https:\/\/roveyayinevi.com.tr\/index.php\/wp-json\/wp\/v2\/product_cat?post=725054"},{"taxonomy":"product_tag","embeddable":true,"href":"https:\/\/roveyayinevi.com.tr\/index.php\/wp-json\/wp\/v2\/product_tag?post=725054"}],"curies":[{"name":"wp","href":"https:\/\/api.w.org\/{rel}","templated":true}]}}