{"id":725044,"date":"2025-08-27T19:44:06","date_gmt":"2025-08-27T16:44:06","guid":{"rendered":"https:\/\/roveyayinevi.com.tr\/index.php\/urun\/hicbir-yerden-haberler\/"},"modified":"2026-04-16T02:32:50","modified_gmt":"2026-04-15T23:32:50","slug":"hicbir-yerden-haberler","status":"publish","type":"product","link":"https:\/\/roveyayinevi.com.tr\/index.php\/urun\/hicbir-yerden-haberler\/","title":{"rendered":"Hi\u00e7bir Yerden Haberler"},"content":{"rendered":"<p>\u201cPolitik de\u011fi\u015fimin nas\u0131l ger\u00e7ekle\u015fece\u011fini ayr\u0131nt\u0131l\u0131 bi\u00e7imde anlatan say\u0131l\u0131 \u00fctopya \u00f6ng\u00f6r\u00fcs\u00fcnden birisi.\u201d\u2013Terry Eagleton\u015eair, \u00e7evirmen, ressam ve \u0130ngiltere\u2019nin \u00f6nde gelen erken d\u00f6nem sosyalistlerinden olan William Morris, ThomasMore\u2019un \u00dctopya\u2019s\u0131ndan sonra en \u00f6nemli gelecek tahayy\u00fcllerinden birini kaleme ald\u0131, John Ruskin ve Karl Marxgibi isimlerin \u00e7al\u0131\u015fmalar\u0131ndan beslenerek yazd\u0131\u011f\u0131 Hi\u00e7bir Yerden Haberler klasikle\u015fmi\u015f bir \u00fctopya anlat\u0131s\u0131.On dokuzuncu y\u00fczy\u0131lda uykuya dal\u0131p 2102 y\u0131l\u0131nda g\u00f6zlerini a\u00e7an William kendini, \u00f6zel m\u00fclkiyetin ortadan kalkt\u0131\u011f\u0131ve \u00fcretim ara\u00e7lar\u0131n\u0131n demokratik payla\u015ft\u0131r\u0131ld\u0131\u011f\u0131 bir nevi cennette bulur. Bu toplumda b\u00fcy\u00fck \u015fehirler, parasal birsistem, bo\u015fanma, mahkeme, hapishane ya da sosyal s\u0131n\u0131flar yoktur. Hi\u00e7bir Yerden Haberler, ger\u00e7ekle\u015femez denilenbir gelece\u011fin nas\u0131l ger\u00e7ekle\u015febilece\u011fini g\u00f6steren sosyalist bir ba\u015fyap\u0131t.<\/p>\n","protected":false},"excerpt":{"rendered":"<p>\u201cPolitik de\u011fi\u015fimin nas\u0131l ger\u00e7ekle\u015fece\u011fini ayr\u0131nt\u0131l\u0131 bi\u00e7imde anlatan say\u0131l\u0131 \u00fctopya \u00f6ng\u00f6r\u00fcs\u00fcnden birisi.\u201d\u2013Terry Eagleton\u015eair, \u00e7evirmen, ressam ve \u0130ngiltere\u2019nin \u00f6nde gelen erken d\u00f6nem sosyalistlerinden olan William Morris, ThomasMore\u2019un \u00dctopya\u2019s\u0131ndan<span class=\"excerpt-hellip\"> [\u2026]<\/span><\/p>\n","protected":false},"featured_media":0,"template":"","meta":{"_monsterinsights_skip_tracking":false,"_monsterinsights_sitenote_active":false,"_monsterinsights_sitenote_note":"","_monsterinsights_sitenote_category":0},"product_brand":[],"product_cat":[12540,12291],"product_tag":[],"class_list":{"0":"post-725044","1":"product","2":"type-product","3":"status-publish","5":"product_cat-bilim-kurgu","6":"product_cat-edebiyat","7":"pa_cilt-ciltsiz","8":"pa_tur-kitap","9":"pa_yayinevi-ithaki-yayinlari","10":"pa_yazar-william-morris","12":"first","13":"instock","14":"sale","15":"shipping-taxable","16":"purchasable","17":"product-type-simple"},"_links":{"self":[{"href":"https:\/\/roveyayinevi.com.tr\/index.php\/wp-json\/wp\/v2\/product\/725044","targetHints":{"allow":["GET"]}}],"collection":[{"href":"https:\/\/roveyayinevi.com.tr\/index.php\/wp-json\/wp\/v2\/product"}],"about":[{"href":"https:\/\/roveyayinevi.com.tr\/index.php\/wp-json\/wp\/v2\/types\/product"}],"wp:attachment":[{"href":"https:\/\/roveyayinevi.com.tr\/index.php\/wp-json\/wp\/v2\/media?parent=725044"}],"wp:term":[{"taxonomy":"product_brand","embeddable":true,"href":"https:\/\/roveyayinevi.com.tr\/index.php\/wp-json\/wp\/v2\/product_brand?post=725044"},{"taxonomy":"product_cat","embeddable":true,"href":"https:\/\/roveyayinevi.com.tr\/index.php\/wp-json\/wp\/v2\/product_cat?post=725044"},{"taxonomy":"product_tag","embeddable":true,"href":"https:\/\/roveyayinevi.com.tr\/index.php\/wp-json\/wp\/v2\/product_tag?post=725044"}],"curies":[{"name":"wp","href":"https:\/\/api.w.org\/{rel}","templated":true}]}}