{"id":725040,"date":"2025-08-27T19:44:03","date_gmt":"2025-08-27T16:44:03","guid":{"rendered":"https:\/\/roveyayinevi.com.tr\/index.php\/urun\/dokunmanin-gucu-uzerine\/"},"modified":"2026-04-16T02:32:50","modified_gmt":"2026-04-15T23:32:50","slug":"dokunmanin-gucu-uzerine","status":"publish","type":"product","link":"https:\/\/roveyayinevi.com.tr\/index.php\/urun\/dokunmanin-gucu-uzerine\/","title":{"rendered":"Dokunman\u0131n G\u00fcc\u00fc \u00dczerine"},"content":{"rendered":"<p>Dokunman\u0131n insan ili\u015fkilerinde, \u00f6zellikle de yak\u0131nl\u0131k ve g\u00fcvenba\u011f\u0131 kurmada, e\u015fsiz bir \u00f6nemi vard\u0131r. Besler, sa\u011falt\u0131r, tazebir ya\u015fama cesareti a\u015f\u0131lar. Hem t\u00fcy gibi hafif hem de sonderece etkili bir deneyimdir. Belki d\u00fc\u015f\u00fcnmed en bile \u00f6nce,insan\u0131 insan yapan temel \u015feydir. Dokunma, doyurucu birhayat\u0131n vazge\u00e7ilmez unsurlar\u0131ndan biridir. Eksikli\u011fi, ac\u0131 vericibir mahrumiyete d\u00f6n\u00fc\u015febilir. \u00d6te yandan zorla dokunman\u0131nd\u00fc\u015f\u00fcncesi bile \u00fcrk\u00fct\u00fcc\u00fcd\u00fcr, \u015fiddet i\u00e7erir ve dokunulan ki\u015fiyehasar verir. O halde kimin, kime, ne zaman dokunu\u015fu me\u015fruve uygundur? Nerede s\u0131n\u0131r koymak laz\u0131md\u0131r? \u00c2\u015f\u0131klar i\u00e7indokunma ne anlama gelir? Birinin ruhuna dokunmak nedemektir? Bebek ve \u00e7ocuk geli\u015fiminde dokunman\u0131n nas\u0131l biryeri vard\u0131r? Kucakla\u015fmak ki\u015finin ba\u011f\u0131\u015f\u0131kl\u0131k sistemini nas\u0131lkuvvetlendirir? Bir ba\u015fkas\u0131na zihinsel olarak dokunman\u0131nyollar\u0131 nelerdir? Nefes almak, bir bak\u0131ma d\u00fcnyaya dokunmakm\u0131d\u0131r? Korkulu ya da tela\u015fl\u0131yken neden fark\u0131nda olmadany\u00fcz\u00fcm\u00fcze dokunuruz? Dokunman\u0131n hormonlarla ba\u011flant\u0131s\u0131nedir? Neye \u201cdokunakl\u0131\u201d deriz? Sanat, ba\u015fkalar\u0131nadokunman\u0131n bir bi\u00e7imi midir? Sevilen felsefeci WilhelmSchmid Dokunman\u0131n G\u00fcc\u00fc \u00dczerine\u2019de, insan t\u00fcr\u00fc i\u00e7in hembiyolojik hem sosyal a\u00e7\u0131dan hayati bir kavram\u0131 ele al\u0131yor. Yazaranalogdan dijitale do\u011fru evrilen hayat\u0131m\u0131zda, dokunman\u0131n g\u00fcc\u00fc\u00fczerine bir kez daha etrafl\u0131ca d\u00fc\u015f\u00fcnmeyi \u00f6neriyor<\/p>\n","protected":false},"excerpt":{"rendered":"<p>Dokunman\u0131n insan ili\u015fkilerinde, \u00f6zellikle de yak\u0131nl\u0131k ve g\u00fcvenba\u011f\u0131 kurmada, e\u015fsiz bir \u00f6nemi vard\u0131r. Besler, sa\u011falt\u0131r, tazebir ya\u015fama cesareti a\u015f\u0131lar. Hem t\u00fcy gibi hafif hem de sonderece<span class=\"excerpt-hellip\"> [\u2026]<\/span><\/p>\n","protected":false},"featured_media":0,"template":"","meta":{"_monsterinsights_skip_tracking":false,"_monsterinsights_sitenote_active":false,"_monsterinsights_sitenote_note":"","_monsterinsights_sitenote_category":0},"product_brand":[],"product_cat":[12291,13872],"product_tag":[],"class_list":{"0":"post-725040","1":"product","2":"type-product","3":"status-publish","5":"product_cat-edebiyat","6":"product_cat-klasikler","7":"pa_cilt-ciltsiz","8":"pa_tur-kitap","9":"pa_yayinevi-iletisim-yayinlari","10":"pa_yazar-wilhelm-schmid","12":"first","13":"instock","14":"sale","15":"shipping-taxable","16":"purchasable","17":"product-type-simple"},"_links":{"self":[{"href":"https:\/\/roveyayinevi.com.tr\/index.php\/wp-json\/wp\/v2\/product\/725040","targetHints":{"allow":["GET"]}}],"collection":[{"href":"https:\/\/roveyayinevi.com.tr\/index.php\/wp-json\/wp\/v2\/product"}],"about":[{"href":"https:\/\/roveyayinevi.com.tr\/index.php\/wp-json\/wp\/v2\/types\/product"}],"wp:attachment":[{"href":"https:\/\/roveyayinevi.com.tr\/index.php\/wp-json\/wp\/v2\/media?parent=725040"}],"wp:term":[{"taxonomy":"product_brand","embeddable":true,"href":"https:\/\/roveyayinevi.com.tr\/index.php\/wp-json\/wp\/v2\/product_brand?post=725040"},{"taxonomy":"product_cat","embeddable":true,"href":"https:\/\/roveyayinevi.com.tr\/index.php\/wp-json\/wp\/v2\/product_cat?post=725040"},{"taxonomy":"product_tag","embeddable":true,"href":"https:\/\/roveyayinevi.com.tr\/index.php\/wp-json\/wp\/v2\/product_tag?post=725040"}],"curies":[{"name":"wp","href":"https:\/\/api.w.org\/{rel}","templated":true}]}}