{"id":725034,"date":"2025-08-27T19:43:59","date_gmt":"2025-08-27T16:43:59","guid":{"rendered":"https:\/\/roveyayinevi.com.tr\/index.php\/urun\/korla-karisik-yagmur\/"},"modified":"2026-04-16T02:32:50","modified_gmt":"2026-04-15T23:32:50","slug":"korla-karisik-yagmur","status":"publish","type":"product","link":"https:\/\/roveyayinevi.com.tr\/index.php\/urun\/korla-karisik-yagmur\/","title":{"rendered":"Korla Kar\u0131\u015f\u0131k Ya\u011fmur"},"content":{"rendered":"<p>Korla kar\u0131\u015f\u0131k bir ya\u011fmurdu bu. Hem yakan hem de yakarken serinleten bir ya\u011fmur. Hakk ve hak u\u011fruna sava\u015f\u0131rken a\u015fka ula\u015fman\u0131n ya\u011fmuruyla s\u0131r\u0131ls\u0131klam olmu\u015f bir hik\u00e2ye. Be\u015fer\u00ee ve ebedi a\u015fk\u0131n sonsuzlu\u011funda ba\u015f\u0131n\u0131z\u0131 d\u00f6nd\u00fcren, nefesinizi kesen hayal ve ger\u00e7ek\u2026Ger\u00e7e\u011fin i\u00e7erisinde asl\u0131nda bildi\u011fimiz inand\u0131\u011f\u0131m\u0131z ama g\u00f6rmedi\u011fimiz bir a\u015fka ba\u011flanman\u0131n hikayesi. A\u015fk, duygular\u0131n en g\u00fczeliydi, a\u015fka ula\u015f\u0131rken hayattaki hedefimize de a\u015fkla ula\u015fmak en g\u00fczeliydi.Sevmenin en gizemli, en kat\u0131ks\u0131z ve en y\u00fcce haliydi korla kar\u0131\u015f\u0131k ya\u011fan ya\u011fmur<\/p>\n","protected":false},"excerpt":{"rendered":"<p>Korla kar\u0131\u015f\u0131k bir ya\u011fmurdu bu. Hem yakan hem de yakarken serinleten bir ya\u011fmur. Hakk ve hak u\u011fruna sava\u015f\u0131rken a\u015fka ula\u015fman\u0131n ya\u011fmuruyla s\u0131r\u0131ls\u0131klam olmu\u015f bir hik\u00e2ye. Be\u015fer\u00ee<span class=\"excerpt-hellip\"> [\u2026]<\/span><\/p>\n","protected":false},"featured_media":0,"template":"","meta":{"_monsterinsights_skip_tracking":false,"_monsterinsights_sitenote_active":false,"_monsterinsights_sitenote_note":"","_monsterinsights_sitenote_category":0},"product_brand":[],"product_cat":[12291,12711],"product_tag":[],"class_list":{"0":"post-725034","1":"product","2":"type-product","3":"status-publish","5":"product_cat-edebiyat","6":"product_cat-roman-oyku","7":"pa_cilt-ciltsiz","8":"pa_tur-kitap","9":"pa_yayinevi-elpis-yayinlari","10":"pa_yazar-fatma-yagmur","12":"first","13":"instock","14":"sale","15":"shipping-taxable","16":"purchasable","17":"product-type-simple"},"_links":{"self":[{"href":"https:\/\/roveyayinevi.com.tr\/index.php\/wp-json\/wp\/v2\/product\/725034","targetHints":{"allow":["GET"]}}],"collection":[{"href":"https:\/\/roveyayinevi.com.tr\/index.php\/wp-json\/wp\/v2\/product"}],"about":[{"href":"https:\/\/roveyayinevi.com.tr\/index.php\/wp-json\/wp\/v2\/types\/product"}],"wp:attachment":[{"href":"https:\/\/roveyayinevi.com.tr\/index.php\/wp-json\/wp\/v2\/media?parent=725034"}],"wp:term":[{"taxonomy":"product_brand","embeddable":true,"href":"https:\/\/roveyayinevi.com.tr\/index.php\/wp-json\/wp\/v2\/product_brand?post=725034"},{"taxonomy":"product_cat","embeddable":true,"href":"https:\/\/roveyayinevi.com.tr\/index.php\/wp-json\/wp\/v2\/product_cat?post=725034"},{"taxonomy":"product_tag","embeddable":true,"href":"https:\/\/roveyayinevi.com.tr\/index.php\/wp-json\/wp\/v2\/product_tag?post=725034"}],"curies":[{"name":"wp","href":"https:\/\/api.w.org\/{rel}","templated":true}]}}