{"id":725033,"date":"2025-08-27T19:43:58","date_gmt":"2025-08-27T16:43:58","guid":{"rendered":"https:\/\/roveyayinevi.com.tr\/index.php\/urun\/pasifike-karsi-bir-bent\/"},"modified":"2026-04-16T02:32:50","modified_gmt":"2026-04-15T23:32:50","slug":"pasifike-karsi-bir-bent","status":"publish","type":"product","link":"https:\/\/roveyayinevi.com.tr\/index.php\/urun\/pasifike-karsi-bir-bent\/","title":{"rendered":"Pasifik&#8217;e Kar\u015f\u0131 Bir Bent"},"content":{"rendered":"<p>Adili\u011finize hi\u00e7bir zaman al\u0131\u015famayaca\u011f\u0131m ve ya\u015fad\u0131k\u00e7a, son nefesimi verene kadar size hep bundan s\u00f6z edece\u011fim.Frans\u0131z s\u00f6m\u00fcrgesi \u00c7inhindi\u2019nde, yirmi ve on alt\u0131 ya\u015flar\u0131nda iki \u00e7ocu\u011fuyla birlikte zor ko\u015fullarda hayat\u0131n\u0131 s\u00fcrd\u00fcren anne, g\u00fc\u00e7bela edindi\u011fi topraklar\u0131 kaybetme tehlikesiyle kar\u015f\u0131 kar\u015f\u0131yad\u0131r. \u00dcstelik yoksulluk y\u00fcz\u00fcnden \u00e7ocuklar\u0131n\u0131n \u00e7ekip gidece\u011finden korkar. Onlara bir \u015fey b\u0131rakabilme arzusuyla topra\u011f\u0131n\u0131 ekmek i\u00e7in durmadan \u00e7abalar, fakat y\u0131l\u0131n belli zamanlar\u0131nda y\u00fckselen deniz sular\u0131yla emekleri heba olur ve b\u00f6ylece Pasifik\u2019e kar\u015f\u0131 bir bent kurmaya giri\u015fir.\u00c7ocuklu\u011fundan ve gen\u00e7li\u011finden yo\u011fun izler ta\u015f\u0131yan, annesine \u00f6vg\u00fc niteli\u011findeki 1950 tarihli roman\u0131 Duras\u2019a hak etti\u011fi \u00fcn\u00fc getirmi\u015f, dikkatleri \u00fczerine \u00e7ekmesini sa\u011flam\u0131\u015ft\u0131r. Pasifik\u2019e Kar\u015f\u0131 Bir Bent, yozla\u015fman\u0131n metaforu olarak kar\u015f\u0131m\u0131za \u00e7\u0131kan okyanus sular\u0131na kar\u015f\u0131 giri\u015filmi\u015f m\u00fccadelenin yan\u0131 s\u0131ra, toplumsal e\u015fitsizli\u011fe, s\u00f6m\u00fcrgecili\u011fe kar\u015f\u0131 a\u00e7\u0131lm\u0131\u015f bir sava\u015ft\u0131r.\u201cOkuyan\u0131 i\u00e7ine alan ve kendini okutan bu \u00e7ok y\u00fczl\u00fc roman\u0131n gizli anlamlar\u0131 insan\u0131n adeta akl\u0131na dolan\u0131yor.\u201dGermaine Br\u00e9e<span>Tan\u0131t\u0131m Metni<\/span><\/p>\n","protected":false},"excerpt":{"rendered":"<p>Adili\u011finize hi\u00e7bir zaman al\u0131\u015famayaca\u011f\u0131m ve ya\u015fad\u0131k\u00e7a, son nefesimi verene kadar size hep bundan s\u00f6z edece\u011fim.Frans\u0131z s\u00f6m\u00fcrgesi \u00c7inhindi\u2019nde, yirmi ve on alt\u0131 ya\u015flar\u0131nda iki \u00e7ocu\u011fuyla birlikte zor<span class=\"excerpt-hellip\"> [\u2026]<\/span><\/p>\n","protected":false},"featured_media":0,"template":"","meta":{"_monsterinsights_skip_tracking":false,"_monsterinsights_sitenote_active":false,"_monsterinsights_sitenote_note":"","_monsterinsights_sitenote_category":0},"product_brand":[],"product_cat":[13661,12291],"product_tag":[],"class_list":{"0":"post-725033","1":"product","2":"type-product","3":"status-publish","5":"product_cat-diger-ulke-edebiyatlari","6":"product_cat-edebiyat","7":"pa_cilt-ciltsiz","8":"pa_tur-kitap","9":"pa_yayinevi-can-yayinlari","10":"pa_yazar-marguerite-duras","12":"first","13":"instock","14":"sale","15":"shipping-taxable","16":"purchasable","17":"product-type-simple"},"_links":{"self":[{"href":"https:\/\/roveyayinevi.com.tr\/index.php\/wp-json\/wp\/v2\/product\/725033","targetHints":{"allow":["GET"]}}],"collection":[{"href":"https:\/\/roveyayinevi.com.tr\/index.php\/wp-json\/wp\/v2\/product"}],"about":[{"href":"https:\/\/roveyayinevi.com.tr\/index.php\/wp-json\/wp\/v2\/types\/product"}],"wp:attachment":[{"href":"https:\/\/roveyayinevi.com.tr\/index.php\/wp-json\/wp\/v2\/media?parent=725033"}],"wp:term":[{"taxonomy":"product_brand","embeddable":true,"href":"https:\/\/roveyayinevi.com.tr\/index.php\/wp-json\/wp\/v2\/product_brand?post=725033"},{"taxonomy":"product_cat","embeddable":true,"href":"https:\/\/roveyayinevi.com.tr\/index.php\/wp-json\/wp\/v2\/product_cat?post=725033"},{"taxonomy":"product_tag","embeddable":true,"href":"https:\/\/roveyayinevi.com.tr\/index.php\/wp-json\/wp\/v2\/product_tag?post=725033"}],"curies":[{"name":"wp","href":"https:\/\/api.w.org\/{rel}","templated":true}]}}