{"id":725028,"date":"2025-08-27T19:43:13","date_gmt":"2025-08-27T16:43:13","guid":{"rendered":"https:\/\/roveyayinevi.com.tr\/index.php\/urun\/mogollarin-turkistan-fethi\/"},"modified":"2026-04-16T02:32:50","modified_gmt":"2026-04-15T23:32:50","slug":"mogollarin-turkistan-fethi","status":"publish","type":"product","link":"https:\/\/roveyayinevi.com.tr\/index.php\/urun\/mogollarin-turkistan-fethi\/","title":{"rendered":"Mo\u011follar\u0131n T\u00fcrkistan Fethi"},"content":{"rendered":"<p>Cengiz Han, insanl\u0131k tarihinin g\u00f6rd\u00fc\u011f\u00fc en ilgi \u00e7eken fig\u00fcrlerinden biridir. M\u00fccadelelerle dolu hayat hik\u00e2yesinde ba\u015fard\u0131klar\u0131 b\u00fcy\u00fcleyicidir. \u0130mk\u00e2ns\u0131zl\u0131klardan onu zirveye \u00e7\u0131karan, zek\u00e2s\u0131, kararl\u0131 ki\u015fili\u011fi ve \u00fcst\u00fcn liderli\u011fi ile tarihin ak\u0131\u015f\u0131n\u0131 de\u011fi\u015ftirmi\u015ftir. \u0130nsanl\u0131k tarihinin g\u00f6rd\u00fc\u011f\u00fc en b\u00fcy\u00fck fatih olarak Makedonyal\u0131 B\u00fcy\u00fck \u0130skender\u2019in yerle\u015fik d\u00fcnya ad\u0131na yapt\u0131\u011f\u0131 i\u015flerin daha g\u00f6rkemlisini o bozk\u0131r halklar\u0131 ad\u0131na ba\u015farm\u0131\u015ft\u0131r. Bu y\u00f6n\u00fcyle vah\u015fi, barbar, katil, h\u0131rs\u0131z, gibi nitelemelere dayanan yerle\u015fik tarih yaz\u0131m\u0131n\u0131n \u00f6nyarg\u0131lar\u0131ndan da pay\u0131n\u0131 alm\u0131\u015ft\u0131r.Cengiz Han ve Mo\u011follar\u0131n\u0131n \u00c7in, Anadolu, \u0130ran, De\u015ft-i K\u0131p\u00e7ak, Do\u011fu Avrupa, T\u00fcrkistan\u2019da odaklanan Avrasya\u2019daki faaliyetleri, en yo\u011fun etkilerini T\u00fcrklerin ya\u015fad\u0131\u011f\u0131 b\u00f6lgelerde b\u0131rakm\u0131\u015ft\u0131r. T\u00fcrklerin tarihinin de bir par\u00e7as\u0131 olan bu faaliyetlerin T\u00fcrkistan\u2019daki g\u00f6r\u00fcn\u00fcm\u00fc s\u00f6z konusu \u00f6n yarg\u0131lardan uzak bilimsel de\u011ferlendirmeye muhta\u00e7t\u0131r. Elinizdeki \u00e7al\u0131\u015fma konuya \u00e7ok y\u00f6nl\u00fc yakla\u015f\u0131m\u0131 ile tam da bunu ba\u015farmay\u0131 hedefliyor.<\/p>\n","protected":false},"excerpt":{"rendered":"<p>Cengiz Han, insanl\u0131k tarihinin g\u00f6rd\u00fc\u011f\u00fc en ilgi \u00e7eken fig\u00fcrlerinden biridir. M\u00fccadelelerle dolu hayat hik\u00e2yesinde ba\u015fard\u0131klar\u0131 b\u00fcy\u00fcleyicidir. \u0130mk\u00e2ns\u0131zl\u0131klardan onu zirveye \u00e7\u0131karan, zek\u00e2s\u0131, kararl\u0131 ki\u015fili\u011fi ve \u00fcst\u00fcn liderli\u011fi<span class=\"excerpt-hellip\"> [\u2026]<\/span><\/p>\n","protected":false},"featured_media":0,"template":"","meta":{"_monsterinsights_skip_tracking":false,"_monsterinsights_sitenote_active":false,"_monsterinsights_sitenote_note":"","_monsterinsights_sitenote_category":0},"product_brand":[],"product_cat":[12305,12304],"product_tag":[],"class_list":{"0":"post-725028","1":"product","2":"type-product","3":"status-publish","5":"product_cat-dunya-tarihi","6":"product_cat-tarih","7":"pa_cilt-ciltsiz","8":"pa_tur-kitap","9":"pa_yayinevi-astana-yayinlari","10":"pa_yazar-bilen-yilmaz","12":"first","13":"instock","14":"sale","15":"shipping-taxable","16":"purchasable","17":"product-type-simple"},"_links":{"self":[{"href":"https:\/\/roveyayinevi.com.tr\/index.php\/wp-json\/wp\/v2\/product\/725028","targetHints":{"allow":["GET"]}}],"collection":[{"href":"https:\/\/roveyayinevi.com.tr\/index.php\/wp-json\/wp\/v2\/product"}],"about":[{"href":"https:\/\/roveyayinevi.com.tr\/index.php\/wp-json\/wp\/v2\/types\/product"}],"wp:attachment":[{"href":"https:\/\/roveyayinevi.com.tr\/index.php\/wp-json\/wp\/v2\/media?parent=725028"}],"wp:term":[{"taxonomy":"product_brand","embeddable":true,"href":"https:\/\/roveyayinevi.com.tr\/index.php\/wp-json\/wp\/v2\/product_brand?post=725028"},{"taxonomy":"product_cat","embeddable":true,"href":"https:\/\/roveyayinevi.com.tr\/index.php\/wp-json\/wp\/v2\/product_cat?post=725028"},{"taxonomy":"product_tag","embeddable":true,"href":"https:\/\/roveyayinevi.com.tr\/index.php\/wp-json\/wp\/v2\/product_tag?post=725028"}],"curies":[{"name":"wp","href":"https:\/\/api.w.org\/{rel}","templated":true}]}}

Moğolların Türkistan Fethi

<p>Cengiz Han, insanlık tarihinin gördüğü en ilgi çeken figürlerinden biridir. Mücadelelerle dolu hayat hikâyesinde başardıkları büyüleyicidir. İmkânsızlıklardan onu zirveye çıkaran, zekâsı, kararlı kişiliği ve üstün liderliği ile tarihin akışını değiştirmiştir. İnsanlık tarihinin gördüğü en büyük fatih olarak Makedonyalı Büyük İskender’in yerleşik dünya adına yaptığı işlerin daha görkemlisini o bozkır halkları adına başarmıştır. Bu yönüyle vahşi, barbar, katil, hırsız, gibi nitelemelere dayanan yerleşik tarih yazımının önyargılarından da payını almıştır.Cengiz Han ve Moğollarının Çin, Anadolu, İran, Deşt-i Kıpçak, Doğu Avrupa, Türkistan’da odaklanan Avrasya’daki faaliyetleri, en yoğun etkilerini Türklerin yaşadığı bölgelerde bırakmıştır. Türklerin tarihinin de bir parçası olan bu faaliyetlerin Türkistan’daki görünümü söz konusu ön yargılardan uzak bilimsel değerlendirmeye muhtaçtır. Elinizdeki çalışma konuya çok yönlü yaklaşımı ile tam da bunu başarmayı hedefliyor.</p>

<p>Cengiz Han, insanlık tarihinin gördüğü en ilgi çeken figürlerinden biridir. Mücadelelerle dolu hayat hikâyesinde başardıkları büyüleyicidir. İmkânsızlıklardan onu zirveye çıkaran, zekâsı, kararlı kişiliği ve üstün liderliği<span class="excerpt-hellip"> […]</span></p>
