{"id":725012,"date":"2025-08-27T19:43:00","date_gmt":"2025-08-27T16:43:00","guid":{"rendered":"https:\/\/roveyayinevi.com.tr\/index.php\/urun\/denizminaresi-topac-ugurbocegi-sevecen-ile-salyangoz-tomurcuk-33\/"},"modified":"2026-04-16T02:32:49","modified_gmt":"2026-04-15T23:32:49","slug":"denizminaresi-topac-ugurbocegi-sevecen-ile-salyangoz-tomurcuk-33","status":"publish","type":"product","link":"https:\/\/roveyayinevi.com.tr\/index.php\/urun\/denizminaresi-topac-ugurbocegi-sevecen-ile-salyangoz-tomurcuk-33\/","title":{"rendered":"Denizminaresi Topa\u00e7 U\u011furb\u00f6ce\u011fi Sevecen \u0130le Salyangoz Tomurcuk 33"},"content":{"rendered":"<p>Erika Bartos&#8217;un sevimli d\u00fcnyas\u0131 U\u011furb\u00f6ce\u011fi Sevecen ile Salyangoz Tomurcuk&#8217;un yeni maceralar\u0131yla b\u00fcy\u00fcmeye devam ediyor. Kendisi gibi evini s\u0131rt\u0131nda ta\u015f\u0131yan uzak akrabalar\u0131n\u0131n izini s\u00fcren Salyangoz Tomurcuk ve arkada\u015flar\u0131n\u0131 ne\u015feli bir yolculuk bekliyor: Yuvarlak G\u00f6l\u2019\u00fcn dibinde saklanan b\u00fcy\u00fck s\u00fcrpriz herkesi \u00e7ok \u015fa\u015f\u0131rt\u0131yor!<\/p>\n","protected":false},"excerpt":{"rendered":"<p>Erika Bartos&#8217;un sevimli d\u00fcnyas\u0131 U\u011furb\u00f6ce\u011fi Sevecen ile Salyangoz Tomurcuk&#8217;un yeni maceralar\u0131yla b\u00fcy\u00fcmeye devam ediyor. Kendisi gibi evini s\u0131rt\u0131nda ta\u015f\u0131yan uzak akrabalar\u0131n\u0131n izini s\u00fcren Salyangoz Tomurcuk ve<span class=\"excerpt-hellip\"> [\u2026]<\/span><\/p>\n","protected":false},"featured_media":0,"template":"","meta":{"_monsterinsights_skip_tracking":false,"_monsterinsights_sitenote_active":false,"_monsterinsights_sitenote_note":"","_monsterinsights_sitenote_category":0},"product_brand":[],"product_cat":[12913,12274],"product_tag":[],"class_list":{"0":"post-725012","1":"product","2":"type-product","3":"status-publish","5":"product_cat-3-6-yas-kitaplari","6":"product_cat-cocuk-ve-genclik-kitaplari","7":"pa_cilt-ciltsiz","8":"pa_tur-kitap","9":"pa_yayinevi-yapi-kredi-yayinlari","10":"pa_yazar-erika-bartos","12":"first","13":"instock","14":"sale","15":"shipping-taxable","16":"purchasable","17":"product-type-simple"},"_links":{"self":[{"href":"https:\/\/roveyayinevi.com.tr\/index.php\/wp-json\/wp\/v2\/product\/725012","targetHints":{"allow":["GET"]}}],"collection":[{"href":"https:\/\/roveyayinevi.com.tr\/index.php\/wp-json\/wp\/v2\/product"}],"about":[{"href":"https:\/\/roveyayinevi.com.tr\/index.php\/wp-json\/wp\/v2\/types\/product"}],"wp:attachment":[{"href":"https:\/\/roveyayinevi.com.tr\/index.php\/wp-json\/wp\/v2\/media?parent=725012"}],"wp:term":[{"taxonomy":"product_brand","embeddable":true,"href":"https:\/\/roveyayinevi.com.tr\/index.php\/wp-json\/wp\/v2\/product_brand?post=725012"},{"taxonomy":"product_cat","embeddable":true,"href":"https:\/\/roveyayinevi.com.tr\/index.php\/wp-json\/wp\/v2\/product_cat?post=725012"},{"taxonomy":"product_tag","embeddable":true,"href":"https:\/\/roveyayinevi.com.tr\/index.php\/wp-json\/wp\/v2\/product_tag?post=725012"}],"curies":[{"name":"wp","href":"https:\/\/api.w.org\/{rel}","templated":true}]}}