{"id":725009,"date":"2025-08-27T19:42:57","date_gmt":"2025-08-27T16:42:57","guid":{"rendered":"https:\/\/roveyayinevi.com.tr\/index.php\/urun\/havsan-oykuleri\/"},"modified":"2026-04-16T02:32:49","modified_gmt":"2026-04-15T23:32:49","slug":"havsan-oykuleri","status":"publish","type":"product","link":"https:\/\/roveyayinevi.com.tr\/index.php\/urun\/havsan-oykuleri\/","title":{"rendered":"Hav\u015fan \u00d6yk\u00fcleri"},"content":{"rendered":"<p>Bu tav\u015fan ba\u015fka tav\u015fan\u2026Bir tav\u015fan d\u00fc\u015f\u00fcn\u00fcn ki kendisine \u201chav\u015fan\u201d diyor.Niye mi?\u00c7\u00fcnk\u00fc bu bildi\u011finiz, havu\u00e7 kemiren ve hoplay\u0131p z\u0131playan tav\u015fanlara benzemiyor.Havl\u0131yor, konu\u015fuyor, miyavl\u0131yor\u2026Bu kadar da de\u011fil\u2026Resim yap\u0131yor, okuma yazma \u00f6\u011freniyor, bilgisayar kullan\u0131yor.Bir aileyle birlikte ya\u015famaya ba\u015flad\u0131\u011f\u0131 eve ne\u015fe getiriyor.Bilgin Adal\u0131\u2019n\u0131n kaleminden Hav\u015fan \u00d6yk\u00fcleri\u2026TADIMLIK\u201cAz sonra k\u0131zlarla birlikte denizdeydik. Sular\u0131n i\u00e7inde alt alta \u00fcst \u00fcste, \u00e7\u0131\u011fl\u0131k \u00e7\u0131\u011fl\u0131\u011fa oyna\u015f\u0131yorduk. Birden, \u2018Hev hev, miyeeeeev, imdaaat\u2026\u2019 diye bir ses duyduk. Z\u0131pz\u0131p\u2019tan ba\u015fkas\u0131 olabilir mi? Bakt\u0131m dalgalar\u0131n i\u00e7inde \u00e7\u0131rp\u0131n\u0131yor. Z\u0131pz\u0131p bu, ille bir hav\u015fanl\u0131k yapacak. Hemen ona do\u011fru y\u00fcz\u00fcp sudan \u00e7\u0131kard\u0131m. Korkudan tir tir titriyordu.\u201d<\/p>\n","protected":false},"excerpt":{"rendered":"<p>Bu tav\u015fan ba\u015fka tav\u015fan\u2026Bir tav\u015fan d\u00fc\u015f\u00fcn\u00fcn ki kendisine \u201chav\u015fan\u201d diyor.Niye mi?\u00c7\u00fcnk\u00fc bu bildi\u011finiz, havu\u00e7 kemiren ve hoplay\u0131p z\u0131playan tav\u015fanlara benzemiyor.Havl\u0131yor, konu\u015fuyor, miyavl\u0131yor\u2026Bu kadar da de\u011fil\u2026Resim yap\u0131yor,<span class=\"excerpt-hellip\"> [\u2026]<\/span><\/p>\n","protected":false},"featured_media":0,"template":"","meta":{"_monsterinsights_skip_tracking":false,"_monsterinsights_sitenote_active":false,"_monsterinsights_sitenote_note":"","_monsterinsights_sitenote_category":0},"product_brand":[],"product_cat":[12275,12274],"product_tag":[],"class_list":{"0":"post-725009","1":"product","2":"type-product","3":"status-publish","5":"product_cat-6-12-yas-kitaplari","6":"product_cat-cocuk-ve-genclik-kitaplari","7":"pa_cilt-ciltsiz","8":"pa_tur-kitap","9":"pa_yayinevi-yapi-kredi-yayinlari","10":"pa_yazar-bilgin-adali","12":"first","13":"instock","14":"sale","15":"shipping-taxable","16":"purchasable","17":"product-type-simple"},"_links":{"self":[{"href":"https:\/\/roveyayinevi.com.tr\/index.php\/wp-json\/wp\/v2\/product\/725009","targetHints":{"allow":["GET"]}}],"collection":[{"href":"https:\/\/roveyayinevi.com.tr\/index.php\/wp-json\/wp\/v2\/product"}],"about":[{"href":"https:\/\/roveyayinevi.com.tr\/index.php\/wp-json\/wp\/v2\/types\/product"}],"wp:attachment":[{"href":"https:\/\/roveyayinevi.com.tr\/index.php\/wp-json\/wp\/v2\/media?parent=725009"}],"wp:term":[{"taxonomy":"product_brand","embeddable":true,"href":"https:\/\/roveyayinevi.com.tr\/index.php\/wp-json\/wp\/v2\/product_brand?post=725009"},{"taxonomy":"product_cat","embeddable":true,"href":"https:\/\/roveyayinevi.com.tr\/index.php\/wp-json\/wp\/v2\/product_cat?post=725009"},{"taxonomy":"product_tag","embeddable":true,"href":"https:\/\/roveyayinevi.com.tr\/index.php\/wp-json\/wp\/v2\/product_tag?post=725009"}],"curies":[{"name":"wp","href":"https:\/\/api.w.org\/{rel}","templated":true}]}}