{"id":725001,"date":"2025-08-27T19:42:51","date_gmt":"2025-08-27T16:42:51","guid":{"rendered":"https:\/\/roveyayinevi.com.tr\/index.php\/urun\/akil-oyunlari-3\/"},"modified":"2026-04-16T02:32:49","modified_gmt":"2026-04-15T23:32:49","slug":"akil-oyunlari-3","status":"publish","type":"product","link":"https:\/\/roveyayinevi.com.tr\/index.php\/urun\/akil-oyunlari-3\/","title":{"rendered":"Ak\u0131l Oyunlar\u0131"},"content":{"rendered":"<p>7\u2019den 70\u2019e Zek\u00e2 ve Mant\u0131k Oyunlar\u0131 Dizisi\u2019nin bir di\u011fer kitab\u0131 Ak\u0131l Oyunlar\u0131; ki\u015finin konsantrasyon, haf\u0131za, g\u00f6rsel du\u0308\u015fu\u0308nme, mant\u0131k ve ak\u0131l yu\u0308ru\u0308tme alanlar\u0131nda geli\u015fmesine katk\u0131da bulunur. Ayr\u0131ca strateji geli\u015ftirme, planlama ve yarat\u0131c\u0131l\u0131k gibi konularda da bireysel geli\u015fimi destekler. Ayn\u0131 zamanda her ya\u015ftan okuyucunun e\u011flenerek, keyifle zaman ge\u00e7irebilece\u011fi oyunlar sunar. Bu oyunlar, beynin gen\u00e7 ve dinamik kalmas\u0131na, dopamin u\u0308retimini art\u0131rmas\u0131na yard\u0131mc\u0131 olur. Stresin ve demans ihtimalinin azalmas\u0131na katk\u0131 sunar.Du\u0308\u015fu\u0308nme, sorgulama, problem \u00e7\u00f6zme ve yetenek geli\u015ftirme alanlar\u0131nda son derece yararl\u0131 bir k\u0131lavuz olan Ak\u0131l Oyunlar\u0131, zihnini canl\u0131 tutarak e\u011flenmek isteyenler i\u00e7in ba\u015fucu kitab\u0131 niteli\u011findedir.<\/p>\n","protected":false},"excerpt":{"rendered":"<p>7\u2019den 70\u2019e Zek\u00e2 ve Mant\u0131k Oyunlar\u0131 Dizisi\u2019nin bir di\u011fer kitab\u0131 Ak\u0131l Oyunlar\u0131; ki\u015finin konsantrasyon, haf\u0131za, g\u00f6rsel du\u0308\u015fu\u0308nme, mant\u0131k ve ak\u0131l yu\u0308ru\u0308tme alanlar\u0131nda geli\u015fmesine katk\u0131da bulunur. Ayr\u0131ca<span class=\"excerpt-hellip\"> [\u2026]<\/span><\/p>\n","protected":false},"featured_media":0,"template":"","meta":{"_monsterinsights_skip_tracking":false,"_monsterinsights_sitenote_active":false,"_monsterinsights_sitenote_note":"","_monsterinsights_sitenote_category":0},"product_brand":[],"product_cat":[13005,13006],"product_tag":[],"class_list":{"0":"post-725001","1":"product","2":"type-product","3":"status-publish","5":"product_cat-bilim-muhendislik","6":"product_cat-populer-bilim","7":"pa_cilt-ciltsiz","8":"pa_tur-kitap","9":"pa_yayinevi-pia-yayinlari","10":"pa_yazar-mehmet-esabil-yurdakul","12":"first","13":"instock","14":"sale","15":"shipping-taxable","16":"purchasable","17":"product-type-simple"},"_links":{"self":[{"href":"https:\/\/roveyayinevi.com.tr\/index.php\/wp-json\/wp\/v2\/product\/725001","targetHints":{"allow":["GET"]}}],"collection":[{"href":"https:\/\/roveyayinevi.com.tr\/index.php\/wp-json\/wp\/v2\/product"}],"about":[{"href":"https:\/\/roveyayinevi.com.tr\/index.php\/wp-json\/wp\/v2\/types\/product"}],"wp:attachment":[{"href":"https:\/\/roveyayinevi.com.tr\/index.php\/wp-json\/wp\/v2\/media?parent=725001"}],"wp:term":[{"taxonomy":"product_brand","embeddable":true,"href":"https:\/\/roveyayinevi.com.tr\/index.php\/wp-json\/wp\/v2\/product_brand?post=725001"},{"taxonomy":"product_cat","embeddable":true,"href":"https:\/\/roveyayinevi.com.tr\/index.php\/wp-json\/wp\/v2\/product_cat?post=725001"},{"taxonomy":"product_tag","embeddable":true,"href":"https:\/\/roveyayinevi.com.tr\/index.php\/wp-json\/wp\/v2\/product_tag?post=725001"}],"curies":[{"name":"wp","href":"https:\/\/api.w.org\/{rel}","templated":true}]}}