{"id":724999,"date":"2025-08-27T19:42:49","date_gmt":"2025-08-27T16:42:49","guid":{"rendered":"https:\/\/roveyayinevi.com.tr\/index.php\/urun\/hamletin-baglanan-basireti-uzerine-hamlet-ve-surunceme\/"},"modified":"2026-04-16T02:32:49","modified_gmt":"2026-04-15T23:32:49","slug":"hamletin-baglanan-basireti-uzerine-hamlet-ve-surunceme","status":"publish","type":"product","link":"https:\/\/roveyayinevi.com.tr\/index.php\/urun\/hamletin-baglanan-basireti-uzerine-hamlet-ve-surunceme\/","title":{"rendered":"Hamlet&#8217;in Ba\u011flanan Basireti \u00dczerine &#8211; Hamlet Ve S\u00fcr\u00fcnceme"},"content":{"rendered":"<p>Ferit Burak Aydar, tarihin en tart\u0131\u015fmal\u0131 ve \u00fczerine en \u00e7ok yorum yap\u0131lm\u0131\u015f kitaplar\u0131ndan biri olan Hamlet&#8217;i, Shakespeare&#8217;in kendisine dair sis bulutunu bir kenara b\u0131rakarak bir edebiyat metni olarak ele al\u0131yor. Farkl\u0131 versiyonlar\u0131n\u0131 kar\u015f\u0131la\u015ft\u0131rd\u0131\u011f\u0131 ve metnin ba\u011flam\u0131na odakland\u0131\u011f\u0131 \u00e7al\u0131\u015fmas\u0131nda hem tarihsel hem de politik \u00f6r\u00fcnt\u00fcleri ilmek ilmek \u00e7\u00f6zerken Hamlet&#8217;in ger\u00e7ek edebi de\u011ferini ancak toplumsal\u0131n g\u00f6vdesinde kavrayabilece\u011fimizi ileri s\u00fcr\u00fcyor.Hamlet&#8217;in Ba\u011flanan Basireti \u00dczerine, \u00f6zellikle iki \u00f6\u011feyi mercek alt\u0131na al\u0131yor: Bir kahraman olarak Hamlet&#8217;in &#8220;s\u00fcr\u00fcnceme&#8221;si ve Ophelia&#8217;n\u0131n erkek egemen toplum taraf\u0131ndan delirtilip \u00f6lmesi. Ne var ki, bunu yaparken bir yandan da Hamlet&#8217;e &#8220;\u00e7\u00f6reklenmi\u015f&#8221; yorum end\u00fcstrisine, metne kendi siyasi veyahut felsefi g\u00fcndemini do\u011frulamak i\u00e7in uzananlara, okumay\u0131 kolayla\u015ft\u0131rmak yerine sular\u0131 buland\u0131ranlara yine metnin i\u00e7inden sat\u0131rlarla yan\u0131t veriyor. B\u00f6ylelikle karakter olarak Hamlet&#8217;i putla\u015ft\u0131ran ele\u015ftirmenlerin kalemlerinin g\u00f6lgesinde kalm\u0131\u015f Ophelia&#8217;y\u0131 \u00e7ok daha net ve ger\u00e7ek\u00e7i bir bi\u00e7imde g\u00f6rmemizi sa\u011fl\u0131yor.Aydar&#8217;dan fikri yava\u015f yava\u015f yo\u011furan, benzetmelerin cazibesine kap\u0131lmayan, ele\u015ftirel oldu\u011fu kadar k\u0131\u015fk\u0131rt\u0131c\u0131 bir Hamlet ve Hamlet yorumlar\u0131 okumas\u0131&#8230;<\/p>\n","protected":false},"excerpt":{"rendered":"<p>Ferit Burak Aydar, tarihin en tart\u0131\u015fmal\u0131 ve \u00fczerine en \u00e7ok yorum yap\u0131lm\u0131\u015f kitaplar\u0131ndan biri olan Hamlet&#8217;i, Shakespeare&#8217;in kendisine dair sis bulutunu bir kenara b\u0131rakarak bir edebiyat<span class=\"excerpt-hellip\"> [\u2026]<\/span><\/p>\n","protected":false},"featured_media":0,"template":"","meta":{"_monsterinsights_skip_tracking":false,"_monsterinsights_sitenote_active":false,"_monsterinsights_sitenote_note":"","_monsterinsights_sitenote_category":0},"product_brand":[],"product_cat":[13072,12291],"product_tag":[],"class_list":{"0":"post-724999","1":"product","2":"type-product","3":"status-publish","5":"product_cat-arastirma-inceleme-referans","6":"product_cat-edebiyat","7":"pa_cilt-ciltsiz","8":"pa_tur-kitap","9":"pa_yayinevi-sel-yayincilik","10":"pa_yazar-ferit-burak-aydar","12":"first","13":"instock","14":"sale","15":"shipping-taxable","16":"purchasable","17":"product-type-simple"},"_links":{"self":[{"href":"https:\/\/roveyayinevi.com.tr\/index.php\/wp-json\/wp\/v2\/product\/724999","targetHints":{"allow":["GET"]}}],"collection":[{"href":"https:\/\/roveyayinevi.com.tr\/index.php\/wp-json\/wp\/v2\/product"}],"about":[{"href":"https:\/\/roveyayinevi.com.tr\/index.php\/wp-json\/wp\/v2\/types\/product"}],"wp:attachment":[{"href":"https:\/\/roveyayinevi.com.tr\/index.php\/wp-json\/wp\/v2\/media?parent=724999"}],"wp:term":[{"taxonomy":"product_brand","embeddable":true,"href":"https:\/\/roveyayinevi.com.tr\/index.php\/wp-json\/wp\/v2\/product_brand?post=724999"},{"taxonomy":"product_cat","embeddable":true,"href":"https:\/\/roveyayinevi.com.tr\/index.php\/wp-json\/wp\/v2\/product_cat?post=724999"},{"taxonomy":"product_tag","embeddable":true,"href":"https:\/\/roveyayinevi.com.tr\/index.php\/wp-json\/wp\/v2\/product_tag?post=724999"}],"curies":[{"name":"wp","href":"https:\/\/api.w.org\/{rel}","templated":true}]}}