{"id":724996,"date":"2025-08-27T19:42:45","date_gmt":"2025-08-27T16:42:45","guid":{"rendered":"https:\/\/roveyayinevi.com.tr\/index.php\/urun\/geceyarisinin-yarisina-dogru\/"},"modified":"2026-04-16T02:32:49","modified_gmt":"2026-04-15T23:32:49","slug":"geceyarisinin-yarisina-dogru","status":"publish","type":"product","link":"https:\/\/roveyayinevi.com.tr\/index.php\/urun\/geceyarisinin-yarisina-dogru\/","title":{"rendered":"Geceyar\u0131s\u0131n\u0131n Yar\u0131s\u0131na Do\u011fru"},"content":{"rendered":"<p>Boris Vian&#8217;\u0131n binbir t\u00fcrl\u00fc muamma, karma\u015fa ve satirik imgeyle \u00f6rd\u00fc\u011f\u00fc, daha \u00f6nce yay\u0131nlanmam\u0131\u015f hik\u00e2yelerinden olu\u015fan Geceyar\u0131s\u0131n\u0131n Yar\u0131s\u0131na Do\u011fru, miad\u0131 dolan de\u011ferler ve kaybedilen sava\u015flar i\u00e7in yas tutmaya de\u011fil, i\u00e7inde debelendi\u011fimiz \u00e7eli\u015fkileri kutlamaya y\u00f6nelik k\u0131\u015fk\u0131rt\u0131c\u0131 bir se\u00e7ki.Vian geleneklerin, ahlak\u0131n, aile ba\u011flar\u0131n\u0131n hatta a\u015fk\u0131n dahi h\u00fckm\u00fcn\u00fc yitirdi\u011fi bir garip devirde co\u015fkuyla yazmaya koyularak abs\u00fcrd\u00fcn s\u0131n\u0131rlar\u0131nda dola\u015f\u0131yor; bu s\u0131n\u0131rlar\u0131 k\u00e2h c\u00fcretk\u00e2r dokunu\u015flarla k\u00e2h \u015f\u0131k \u00e7al\u0131mlarla a\u015f\u0131nd\u0131rmakta ise beis g\u00f6rm\u00fcyor.Geceyar\u0131s\u0131n\u0131n Yar\u0131s\u0131na Do\u011fru&#8217;da Vian, kendine has \u00fcslubu, anti-kahramanlar\u0131, zaman\u0131n \u00f6tesine ta\u015f\u0131nan hicviyle daha iyi bir d\u00fcnyan\u0131n m\u00fcmk\u00fcn olabilece\u011fine inanc\u0131n\u0131 \u00e7oktan yitirenleri teselli ederken, \u00e7\u00fcr\u00fcmekte olan\u0131n \u015ferefine kadeh kald\u0131r\u0131yor.<\/p>\n","protected":false},"excerpt":{"rendered":"<p>Boris Vian&#8217;\u0131n binbir t\u00fcrl\u00fc muamma, karma\u015fa ve satirik imgeyle \u00f6rd\u00fc\u011f\u00fc, daha \u00f6nce yay\u0131nlanmam\u0131\u015f hik\u00e2yelerinden olu\u015fan Geceyar\u0131s\u0131n\u0131n Yar\u0131s\u0131na Do\u011fru, miad\u0131 dolan de\u011ferler ve kaybedilen sava\u015flar i\u00e7in yas<span class=\"excerpt-hellip\"> [\u2026]<\/span><\/p>\n","protected":false},"featured_media":0,"template":"","meta":{"_monsterinsights_skip_tracking":false,"_monsterinsights_sitenote_active":false,"_monsterinsights_sitenote_note":"","_monsterinsights_sitenote_category":0},"product_brand":[],"product_cat":[12291,12711],"product_tag":[],"class_list":{"0":"post-724996","1":"product","2":"type-product","3":"status-publish","5":"product_cat-edebiyat","6":"product_cat-roman-oyku","7":"pa_cilt-ciltsiz","8":"pa_tur-kitap","9":"pa_yayinevi-sel-yayincilik","10":"pa_yazar-boris-vian","12":"first","13":"instock","14":"sale","15":"shipping-taxable","16":"purchasable","17":"product-type-simple"},"_links":{"self":[{"href":"https:\/\/roveyayinevi.com.tr\/index.php\/wp-json\/wp\/v2\/product\/724996","targetHints":{"allow":["GET"]}}],"collection":[{"href":"https:\/\/roveyayinevi.com.tr\/index.php\/wp-json\/wp\/v2\/product"}],"about":[{"href":"https:\/\/roveyayinevi.com.tr\/index.php\/wp-json\/wp\/v2\/types\/product"}],"wp:attachment":[{"href":"https:\/\/roveyayinevi.com.tr\/index.php\/wp-json\/wp\/v2\/media?parent=724996"}],"wp:term":[{"taxonomy":"product_brand","embeddable":true,"href":"https:\/\/roveyayinevi.com.tr\/index.php\/wp-json\/wp\/v2\/product_brand?post=724996"},{"taxonomy":"product_cat","embeddable":true,"href":"https:\/\/roveyayinevi.com.tr\/index.php\/wp-json\/wp\/v2\/product_cat?post=724996"},{"taxonomy":"product_tag","embeddable":true,"href":"https:\/\/roveyayinevi.com.tr\/index.php\/wp-json\/wp\/v2\/product_tag?post=724996"}],"curies":[{"name":"wp","href":"https:\/\/api.w.org\/{rel}","templated":true}]}}