{"id":724991,"date":"2025-08-27T19:42:40","date_gmt":"2025-08-27T16:42:40","guid":{"rendered":"https:\/\/roveyayinevi.com.tr\/index.php\/urun\/milletlesen-adam-s-kamucan\/"},"modified":"2026-04-16T02:32:49","modified_gmt":"2026-04-15T23:32:49","slug":"milletlesen-adam-s-kamucan","status":"publish","type":"product","link":"https:\/\/roveyayinevi.com.tr\/index.php\/urun\/milletlesen-adam-s-kamucan\/","title":{"rendered":"Milletle\u015fen Adam &#8211; \u201cS. Kamucan\u201d"},"content":{"rendered":"<p>R\u0131fk\u0131 Kula\u00e7, 1914\u2019te Birinci D\u00fcnya Sava\u015f\u0131\u2019na kat\u0131lmadan \u00f6nce Marksist olmu\u015f ve devrim \u00f6ncesi Rusya\u2019y\u0131 da g\u00f6rm\u00fc\u015ft\u00fc. Esaret d\u00f6n\u00fc\u015f\u00fc 1920\u2019de \u00f6nce Batum\u2019a ge\u00e7ti, 1926\u2019ya kadar Moskova\u2019da ya\u015fad\u0131. Trabzon\u2019da gazetecilik yaparken kendi \u00f6zg\u00fcn \u00e7izgisini \u00f6mr\u00fcn\u00fcn sonuna kadar korudu, suskunlu\u011fa mahkum edili\u015fine kar\u015f\u0131l\u0131k 1936\u2019da Milletle\u015fen Adam roman\u0131n\u0131 yay\u0131nlad\u0131.  Milletle\u015fen Adam, tezli bir roman, yaln\u0131zca \u2018tez\u2019i a\u00e7\u0131s\u0131ndan de\u011fil, yazar\u0131n\u0131n kahramanlar\u0131yla kurdu\u011fu yak\u0131nl\u0131k ve uzakl\u0131k mesafesi, kurguyla ger\u00e7ek aras\u0131ndaki ili\u015fkinin ifadesi ve R\u0131fk\u0131 Kula\u00e7\u2019\u0131n uzg\u00f6r\u00fc\u015fl\u00fcl\u00fc\u011f\u00fc ile zaman\u0131n\u0131n insan\u0131 olmas\u0131ndaki ger\u00e7eklikle de ilgin\u00e7 hatta benzersiz\u2026   Bu \u00fclkede \u2018sol duyu\u2019nun dilinin olu\u015fturulmas\u0131 gayretinde etkin olamam\u0131\u015f \u2018\u00e7aresiz\u2019 bir d\u00fcr\u00fcstl\u00fc\u011f\u00fcn \u00e7ileke\u015fli\u011fiyle\u2026   <\/p>\n","protected":false},"excerpt":{"rendered":"<p>R\u0131fk\u0131 Kula\u00e7, 1914\u2019te Birinci D\u00fcnya Sava\u015f\u0131\u2019na kat\u0131lmadan \u00f6nce Marksist olmu\u015f ve devrim \u00f6ncesi Rusya\u2019y\u0131 da g\u00f6rm\u00fc\u015ft\u00fc. Esaret d\u00f6n\u00fc\u015f\u00fc 1920\u2019de \u00f6nce Batum\u2019a ge\u00e7ti, 1926\u2019ya kadar Moskova\u2019da ya\u015fad\u0131.<span class=\"excerpt-hellip\"> [\u2026]<\/span><\/p>\n","protected":false},"featured_media":0,"template":"","meta":{"_monsterinsights_skip_tracking":false,"_monsterinsights_sitenote_active":false,"_monsterinsights_sitenote_note":"","_monsterinsights_sitenote_category":0},"product_brand":[],"product_cat":[14009,12291],"product_tag":[],"class_list":{"0":"post-724991","1":"product","2":"type-product","3":"status-publish","5":"product_cat-biyografi-otobiyografi-edebiyat","6":"product_cat-edebiyat","7":"pa_cilt-ciltsiz","8":"pa_tur-kitap","9":"pa_yayinevi-islik-yayinlari","10":"pa_yazar-rifki-kulac","12":"first","13":"instock","14":"sale","15":"shipping-taxable","16":"purchasable","17":"product-type-simple"},"_links":{"self":[{"href":"https:\/\/roveyayinevi.com.tr\/index.php\/wp-json\/wp\/v2\/product\/724991","targetHints":{"allow":["GET"]}}],"collection":[{"href":"https:\/\/roveyayinevi.com.tr\/index.php\/wp-json\/wp\/v2\/product"}],"about":[{"href":"https:\/\/roveyayinevi.com.tr\/index.php\/wp-json\/wp\/v2\/types\/product"}],"wp:attachment":[{"href":"https:\/\/roveyayinevi.com.tr\/index.php\/wp-json\/wp\/v2\/media?parent=724991"}],"wp:term":[{"taxonomy":"product_brand","embeddable":true,"href":"https:\/\/roveyayinevi.com.tr\/index.php\/wp-json\/wp\/v2\/product_brand?post=724991"},{"taxonomy":"product_cat","embeddable":true,"href":"https:\/\/roveyayinevi.com.tr\/index.php\/wp-json\/wp\/v2\/product_cat?post=724991"},{"taxonomy":"product_tag","embeddable":true,"href":"https:\/\/roveyayinevi.com.tr\/index.php\/wp-json\/wp\/v2\/product_tag?post=724991"}],"curies":[{"name":"wp","href":"https:\/\/api.w.org\/{rel}","templated":true}]}}

Milletleşen Adam &#8211; “S. Kamucan”

<p>Rıfkı Kulaç, 1914’te Birinci Dünya Savaşı’na katılmadan önce Marksist olmuş ve devrim öncesi Rusya’yı da görmüştü. Esaret dönüşü 1920’de önce Batum’a geçti, 1926’ya kadar Moskova’da yaşadı. Trabzon’da gazetecilik yaparken kendi özgün çizgisini ömrünün sonuna kadar korudu, suskunluğa mahkum edilişine karşılık 1936’da Milletleşen Adam romanını yayınladı.  Milletleşen Adam, tezli bir roman, yalnızca ‘tez’i açısından değil, yazarının kahramanlarıyla kurduğu yakınlık ve uzaklık mesafesi, kurguyla gerçek arasındaki ilişkinin ifadesi ve Rıfkı Kulaç’ın uzgörüşlülüğü ile zamanının insanı olmasındaki gerçeklikle de ilginç hatta benzersiz…   Bu ülkede ‘sol duyu’nun dilinin oluşturulması gayretinde etkin olamamış ‘çaresiz’ bir dürüstlüğün çilekeşliğiyle…   </p>

<p>Rıfkı Kulaç, 1914’te Birinci Dünya Savaşı’na katılmadan önce Marksist olmuş ve devrim öncesi Rusya’yı da görmüştü. Esaret dönüşü 1920’de önce Batum’a geçti, 1926’ya kadar Moskova’da yaşadı.<span class="excerpt-hellip"> […]</span></p>
