{"id":724989,"date":"2025-08-27T19:42:39","date_gmt":"2025-08-27T16:42:39","guid":{"rendered":"https:\/\/roveyayinevi.com.tr\/index.php\/urun\/kendiniz-olma-aliskanligini-kirmak\/"},"modified":"2026-04-12T02:39:19","modified_gmt":"2026-04-11T23:39:19","slug":"kendiniz-olma-aliskanligini-kirmak","status":"publish","type":"product","link":"https:\/\/roveyayinevi.com.tr\/index.php\/urun\/kendiniz-olma-aliskanligini-kirmak\/","title":{"rendered":"Kendiniz Olma Al\u0131\u015fkanl\u0131\u011f\u0131n\u0131 K\u0131rmak"},"content":{"rendered":"<p>Genleriniz taraf\u0131ndan hayat\u0131n\u0131z\u0131n geri kalan\u0131nda belirli bir \u015fekilde olmak i\u00e7in kaderinize terk edilmediniz. T\u00fcm insanlar\u0131 se\u00e7tikleri ger\u00e7ekli\u011fi yaratmalar\u0131 i\u00e7in yetkilendiren yeni bir bilim dal\u0131 ortaya \u00e7\u0131k\u0131yor. Kendiniz Olma Al\u0131\u015fkanl\u0131\u011f\u0131n\u0131 K\u0131rmak isimli bu kitapta me\u015fhur yazar, konu\u015fmac\u0131, ara\u015ft\u0131rmac\u0131 ve kiroprakti uzman\u0131 Dr. Joe Dispenza size ger\u00e7ekten nelerin m\u00fcmk\u00fcn oldu\u011funu g\u00f6stermek i\u00e7in kuantum fizi\u011fi, n\u00f6robilim, beyin kimyas\u0131, biyoloji ve genetik alanlar\u0131n\u0131 bir araya getiriyor.Yaln\u0131zca benli\u011finizin herhangi bir \u00f6zelli\u011fini de\u011fi\u015ftirmek i\u00e7in gereken bilgiye sahip olmakla kalmayacak, ayn\u0131 zamanda ya\u015fam\u0131n\u0131z\u0131n herhangi bir alan\u0131nda \u00f6l\u00e7\u00fclebilir de\u011fisiklikler yapmak i\u00e7in \u00f6\u011frendiklerinizi uygulayabilece\u011finiz ad\u0131m ad\u0131m ara\u00e7lar \u00f6\u011freneceksiniz. Dr. Dispenza, eski \u00e7a\u011f anlay\u0131\u015flar\u0131n\u0131n \u00f6n\u00fcndeki gizem perdesini kald\u0131r\u0131yor ve bilim ile spirit\u00fcellik aras\u0131ndaki u\u00e7urumda bir k\u00f6pr\u00fc yarat\u0131yor. G\u00fc\u00e7l\u00fc at\u00f6lye \u00e7al\u0131\u015fmalar\u0131 ve konferanslar\u0131yla 24 \u00fclkeden binlerce insan bu ilkeleri ba\u015ftan a\u015fa\u011f\u0131 degi\u015fmek i\u00e7in kulland\u0131. Siz de kendiniz olma al\u0131\u015fkanl\u0131\u011f\u0131n\u0131 k\u0131r\u0131p zihninizi ger\u00e7ek anlamda de\u011fi\u015ftirdi\u011finizde, hayat\u0131n\u0131z bir daha asla eskisi gibi olmayacak!<\/p>\n","protected":false},"excerpt":{"rendered":"<p>Genleriniz taraf\u0131ndan hayat\u0131n\u0131z\u0131n geri kalan\u0131nda belirli bir \u015fekilde olmak i\u00e7in kaderinize terk edilmediniz. T\u00fcm insanlar\u0131 se\u00e7tikleri ger\u00e7ekli\u011fi yaratmalar\u0131 i\u00e7in yetkilendiren yeni bir bilim dal\u0131 ortaya \u00e7\u0131k\u0131yor.<span class=\"excerpt-hellip\"> [\u2026]<\/span><\/p>\n","protected":false},"featured_media":0,"template":"","meta":{"_monsterinsights_skip_tracking":false,"_monsterinsights_sitenote_active":false,"_monsterinsights_sitenote_note":"","_monsterinsights_sitenote_category":0},"product_brand":[],"product_cat":[12364,12376],"product_tag":[],"class_list":{"0":"post-724989","1":"product","2":"type-product","3":"status-publish","5":"product_cat-genel-konular","6":"product_cat-kisisel-gelisim","7":"pa_cilt-ciltsiz","8":"pa_tur-kitap","9":"pa_yayinevi-butik-yayinlari","10":"pa_yazar-joe-dispenza","12":"first","13":"instock","14":"sale","15":"shipping-taxable","16":"purchasable","17":"product-type-simple"},"_links":{"self":[{"href":"https:\/\/roveyayinevi.com.tr\/index.php\/wp-json\/wp\/v2\/product\/724989","targetHints":{"allow":["GET"]}}],"collection":[{"href":"https:\/\/roveyayinevi.com.tr\/index.php\/wp-json\/wp\/v2\/product"}],"about":[{"href":"https:\/\/roveyayinevi.com.tr\/index.php\/wp-json\/wp\/v2\/types\/product"}],"wp:attachment":[{"href":"https:\/\/roveyayinevi.com.tr\/index.php\/wp-json\/wp\/v2\/media?parent=724989"}],"wp:term":[{"taxonomy":"product_brand","embeddable":true,"href":"https:\/\/roveyayinevi.com.tr\/index.php\/wp-json\/wp\/v2\/product_brand?post=724989"},{"taxonomy":"product_cat","embeddable":true,"href":"https:\/\/roveyayinevi.com.tr\/index.php\/wp-json\/wp\/v2\/product_cat?post=724989"},{"taxonomy":"product_tag","embeddable":true,"href":"https:\/\/roveyayinevi.com.tr\/index.php\/wp-json\/wp\/v2\/product_tag?post=724989"}],"curies":[{"name":"wp","href":"https:\/\/api.w.org\/{rel}","templated":true}]}}