{"id":724965,"date":"2025-08-27T19:42:20","date_gmt":"2025-08-27T16:42:20","guid":{"rendered":"https:\/\/roveyayinevi.com.tr\/index.php\/urun\/fatih-istanbulda\/"},"modified":"2026-04-16T02:32:48","modified_gmt":"2026-04-15T23:32:48","slug":"fatih-istanbulda","status":"publish","type":"product","link":"https:\/\/roveyayinevi.com.tr\/index.php\/urun\/fatih-istanbulda\/","title":{"rendered":"Fatih \u0130stanbul&#8217;da"},"content":{"rendered":"<p>Azmi saran, iradeyi \u00e7\u00fcr\u00fcten, ruha f\u00fctur ve meskene veren bu bat\u0131l inan\u0131\u015flar aras\u0131nda Zaganos\u2019un s\u00f6yledi\u011fi hurafede vard\u0131. Halk\u0131n bir k\u0131sm\u0131 bu hurafeye iman edip T\u00fcrklerin ancak Bo\u011fa Meydan\u0131\u2019na kadar gelebileceklerine, orada bir mele\u011fin delaletiyle \u015fevke gelecek Bizansl\u0131lar taraf\u0131ndan geri p\u00fcsk\u00fcrt\u00fcleceklerine inanma gafletini g\u00f6steriyordu.Bunlara mukabil T\u00fcrkler aras\u0131nda bir akide h\u00fck\u00fcm s\u00fcr\u00fcyordu. Onlar Hazreti Muhammed\u2019in ashab\u0131yla \u015f\u00f6yle bir konu\u015fma yapt\u0131\u011f\u0131na inan\u0131yorlard\u0131. Peygamber bir g\u00fcn ashab\u0131na soruyor.- Bir taraf\u0131 karaya, iki taraf\u0131 denize bakan b\u00fcy\u00fck bir \u015fehirden bahis olundu\u011funu i\u015fittiniz mi?- Evet, ya Resulullah!- Bu \u015fehir M\u00fcsl\u00fcmanlar taraf\u0131ndan zapt olunmad\u0131k\u00e7a k\u0131yamet kopmayacakt\u0131r. \u00dcmmetimden yetmi\u015f bin ki\u015fi o \u015fehre La ilahe illallah ve Allahu ekber diyerek h\u00fccum edeceklerdir, o vakit denize naz\u0131r bur\u00e7lardan biri y\u0131k\u0131lacak, ikincisi de biraz sonra d\u00fc\u015ferek gazilere yol a\u00e7\u0131lacakt\u0131r.T\u00fcrkler, \u0130stanbul\u2019u alacak askerin \u201cEn \u0130yi Asker\u201d ve onlara ba\u015fbu\u011fluk eden kimsenin \u201cEn \u0130yi Emir\u201d oldu\u011funu m\u00fcjdeleyen hadisin de bu muhavere s\u0131ras\u0131nda Hz. Muhammed\u2019in a\u011fz\u0131ndan \u00e7\u0131kt\u0131\u011f\u0131n\u0131 s\u00f6yl\u00fcyorlard\u0131\u2026<\/p>\n","protected":false},"excerpt":{"rendered":"<p>Azmi saran, iradeyi \u00e7\u00fcr\u00fcten, ruha f\u00fctur ve meskene veren bu bat\u0131l inan\u0131\u015flar aras\u0131nda Zaganos\u2019un s\u00f6yledi\u011fi hurafede vard\u0131. Halk\u0131n bir k\u0131sm\u0131 bu hurafeye iman edip T\u00fcrklerin ancak<span class=\"excerpt-hellip\"> [\u2026]<\/span><\/p>\n","protected":false},"featured_media":0,"template":"","meta":{"_monsterinsights_skip_tracking":false,"_monsterinsights_sitenote_active":false,"_monsterinsights_sitenote_note":"","_monsterinsights_sitenote_category":0},"product_brand":[],"product_cat":[12291,12745],"product_tag":[],"class_list":{"0":"post-724965","1":"product","2":"type-product","3":"status-publish","5":"product_cat-edebiyat","6":"product_cat-tarihi-roman","7":"pa_cilt-ciltsiz","8":"pa_tur-kitap","9":"pa_yayinevi-yediveren-yayinlari","10":"pa_yazar-turhan-tan","12":"first","13":"instock","14":"sale","15":"shipping-taxable","16":"purchasable","17":"product-type-simple"},"_links":{"self":[{"href":"https:\/\/roveyayinevi.com.tr\/index.php\/wp-json\/wp\/v2\/product\/724965","targetHints":{"allow":["GET"]}}],"collection":[{"href":"https:\/\/roveyayinevi.com.tr\/index.php\/wp-json\/wp\/v2\/product"}],"about":[{"href":"https:\/\/roveyayinevi.com.tr\/index.php\/wp-json\/wp\/v2\/types\/product"}],"wp:attachment":[{"href":"https:\/\/roveyayinevi.com.tr\/index.php\/wp-json\/wp\/v2\/media?parent=724965"}],"wp:term":[{"taxonomy":"product_brand","embeddable":true,"href":"https:\/\/roveyayinevi.com.tr\/index.php\/wp-json\/wp\/v2\/product_brand?post=724965"},{"taxonomy":"product_cat","embeddable":true,"href":"https:\/\/roveyayinevi.com.tr\/index.php\/wp-json\/wp\/v2\/product_cat?post=724965"},{"taxonomy":"product_tag","embeddable":true,"href":"https:\/\/roveyayinevi.com.tr\/index.php\/wp-json\/wp\/v2\/product_tag?post=724965"}],"curies":[{"name":"wp","href":"https:\/\/api.w.org\/{rel}","templated":true}]}}