{"id":724959,"date":"2025-08-27T19:42:14","date_gmt":"2025-08-27T16:42:14","guid":{"rendered":"https:\/\/roveyayinevi.com.tr\/index.php\/urun\/ektelesi-adrian\/"},"modified":"2026-04-16T02:32:48","modified_gmt":"2026-04-15T23:32:48","slug":"ektelesi-adrian","status":"publish","type":"product","link":"https:\/\/roveyayinevi.com.tr\/index.php\/urun\/ektelesi-adrian\/","title":{"rendered":"Ektelesi &#8220;Adrian&#8221;"},"content":{"rendered":"<p>\u201cNefretim, akan bir nehir gibi s\u00fcrekli kendini yeniliyor suratlar\u0131n\u0131z\u0131 g\u00f6r\u00fcnce.\u201d***Distopik bir ya\u015famd\u0131r Adrian!Ektelesi serisinin \u0130dam Seremonisi\u2019nde d\u00f6v\u00fc\u015fmeye mahk\u00fbm edilen d\u00f6rd\u00fcnc\u00fc karakteri Adrian, \u00fctopik ya\u015famlar\u0131n aras\u0131nda g\u00f6rd\u00fc\u011f\u00fc\/g\u00f6rmek istedi\u011fi ve t\u00fcm bedeninin yan\u0131nda ruhunun da kanla kapland\u0131\u011f\u0131 bir hayat hik\u00e2yesidir.***\u201cE\u011fer insanlar bilseydi bizim soyumuzu ve onlar\u0131 korumak i\u00e7in g\u00f6revlendirildi\u011fimizi, eminim, bir g\u00fcn isyan edebilece\u011fimizin korkusundan \u00f6l\u00fcrlerdi! Tanr\u0131\u2019ysa bir ressam gibi b\u00fct\u00fcn f\u0131r\u00e7alar\u0131n\u0131 tuvalin \u00fcst\u00fcnde par\u00e7alay\u0131p biz ulu Karga \u0130nsanlar\u0131; insanlardan daha ak\u0131ll\u0131, hayvanlardan daha asil olarak yaratm\u0131\u015ft\u0131.<\/p>\n","protected":false},"excerpt":{"rendered":"<p>\u201cNefretim, akan bir nehir gibi s\u00fcrekli kendini yeniliyor suratlar\u0131n\u0131z\u0131 g\u00f6r\u00fcnce.\u201d***Distopik bir ya\u015famd\u0131r Adrian!Ektelesi serisinin \u0130dam Seremonisi\u2019nde d\u00f6v\u00fc\u015fmeye mahk\u00fbm edilen d\u00f6rd\u00fcnc\u00fc karakteri Adrian, \u00fctopik ya\u015famlar\u0131n aras\u0131nda g\u00f6rd\u00fc\u011f\u00fc\/g\u00f6rmek<span class=\"excerpt-hellip\"> [\u2026]<\/span><\/p>\n","protected":false},"featured_media":0,"template":"","meta":{"_monsterinsights_skip_tracking":false,"_monsterinsights_sitenote_active":false,"_monsterinsights_sitenote_note":"","_monsterinsights_sitenote_category":0},"product_brand":[],"product_cat":[12291,14777],"product_tag":[],"class_list":{"0":"post-724959","1":"product","2":"type-product","3":"status-publish","5":"product_cat-edebiyat","6":"product_cat-fantastik","7":"pa_cilt-ciltsiz","8":"pa_tur-kitap","9":"pa_yayinevi-vaveyla-yayincilik","10":"pa_yazar-irem-kabaz","12":"first","13":"instock","14":"sale","15":"shipping-taxable","16":"purchasable","17":"product-type-simple"},"_links":{"self":[{"href":"https:\/\/roveyayinevi.com.tr\/index.php\/wp-json\/wp\/v2\/product\/724959","targetHints":{"allow":["GET"]}}],"collection":[{"href":"https:\/\/roveyayinevi.com.tr\/index.php\/wp-json\/wp\/v2\/product"}],"about":[{"href":"https:\/\/roveyayinevi.com.tr\/index.php\/wp-json\/wp\/v2\/types\/product"}],"wp:attachment":[{"href":"https:\/\/roveyayinevi.com.tr\/index.php\/wp-json\/wp\/v2\/media?parent=724959"}],"wp:term":[{"taxonomy":"product_brand","embeddable":true,"href":"https:\/\/roveyayinevi.com.tr\/index.php\/wp-json\/wp\/v2\/product_brand?post=724959"},{"taxonomy":"product_cat","embeddable":true,"href":"https:\/\/roveyayinevi.com.tr\/index.php\/wp-json\/wp\/v2\/product_cat?post=724959"},{"taxonomy":"product_tag","embeddable":true,"href":"https:\/\/roveyayinevi.com.tr\/index.php\/wp-json\/wp\/v2\/product_tag?post=724959"}],"curies":[{"name":"wp","href":"https:\/\/api.w.org\/{rel}","templated":true}]}}