{"id":724946,"date":"2025-08-27T19:42:03","date_gmt":"2025-08-27T16:42:03","guid":{"rendered":"https:\/\/roveyayinevi.com.tr\/index.php\/urun\/kitaplarin-kahramani\/"},"modified":"2026-04-16T02:32:48","modified_gmt":"2026-04-15T23:32:48","slug":"kitaplarin-kahramani","status":"publish","type":"product","link":"https:\/\/roveyayinevi.com.tr\/index.php\/urun\/kitaplarin-kahramani\/","title":{"rendered":"Kitaplar\u0131n Kahraman\u0131"},"content":{"rendered":"<p>Kitaplar\u0131n yok edildi\u011fi bir d\u00fcnya\u2026\u0130nsanlar\u0131 bitkiye d\u00f6n\u00fc\u015ft\u00fcrmenin bir yolunu bulan bir adam ve ajanlar\u0131\u2026Her \u015feye ra\u011fmen pes etmeyen bir \u00e7ocuk\u2026 Kerem\u2019in yan\u0131nda kimse kalmam\u0131\u015ft\u0131.\u00dcstelik, \u00e7evresini saran ajanlar\u0131n bitmez t\u00fckenmez sorular\u0131yla g\u00fcc\u00fcn\u00fc kaybediyordu.Ajanlar\u0131n amac\u0131, Kerem\u2019in saklad\u0131\u011f\u0131 son kitaplar\u0131 da bulmakt\u0131.B\u00f6ylelikle \u00f6nlerinde hi\u00e7bir engel kalmayacakt\u0131.Kitaplar\u0131n Kahraman\u0131\u2019n\u0131 unutulmaz bir macera bekliyordu!<\/p>\n","protected":false},"excerpt":{"rendered":"<p>Kitaplar\u0131n yok edildi\u011fi bir d\u00fcnya\u2026\u0130nsanlar\u0131 bitkiye d\u00f6n\u00fc\u015ft\u00fcrmenin bir yolunu bulan bir adam ve ajanlar\u0131\u2026Her \u015feye ra\u011fmen pes etmeyen bir \u00e7ocuk\u2026 Kerem\u2019in yan\u0131nda kimse kalmam\u0131\u015ft\u0131.\u00dcstelik, \u00e7evresini saran<span class=\"excerpt-hellip\"> [\u2026]<\/span><\/p>\n","protected":false},"featured_media":0,"template":"","meta":{"_monsterinsights_skip_tracking":false,"_monsterinsights_sitenote_active":false,"_monsterinsights_sitenote_note":"","_monsterinsights_sitenote_category":0},"product_brand":[],"product_cat":[12275,12274],"product_tag":[],"class_list":{"0":"post-724946","1":"product","2":"type-product","3":"status-publish","5":"product_cat-6-12-yas-kitaplari","6":"product_cat-cocuk-ve-genclik-kitaplari","7":"pa_cilt-ciltsiz","8":"pa_tur-kitap","9":"pa_yayinevi-is-bankasi-kultur-yayinlari","10":"pa_yazar-fidan-cobanoglu-kaplan","12":"first","13":"instock","14":"sale","15":"shipping-taxable","16":"purchasable","17":"product-type-simple"},"_links":{"self":[{"href":"https:\/\/roveyayinevi.com.tr\/index.php\/wp-json\/wp\/v2\/product\/724946","targetHints":{"allow":["GET"]}}],"collection":[{"href":"https:\/\/roveyayinevi.com.tr\/index.php\/wp-json\/wp\/v2\/product"}],"about":[{"href":"https:\/\/roveyayinevi.com.tr\/index.php\/wp-json\/wp\/v2\/types\/product"}],"wp:attachment":[{"href":"https:\/\/roveyayinevi.com.tr\/index.php\/wp-json\/wp\/v2\/media?parent=724946"}],"wp:term":[{"taxonomy":"product_brand","embeddable":true,"href":"https:\/\/roveyayinevi.com.tr\/index.php\/wp-json\/wp\/v2\/product_brand?post=724946"},{"taxonomy":"product_cat","embeddable":true,"href":"https:\/\/roveyayinevi.com.tr\/index.php\/wp-json\/wp\/v2\/product_cat?post=724946"},{"taxonomy":"product_tag","embeddable":true,"href":"https:\/\/roveyayinevi.com.tr\/index.php\/wp-json\/wp\/v2\/product_tag?post=724946"}],"curies":[{"name":"wp","href":"https:\/\/api.w.org\/{rel}","templated":true}]}}