{"id":724942,"date":"2025-08-27T19:41:59","date_gmt":"2025-08-27T16:41:59","guid":{"rendered":"https:\/\/roveyayinevi.com.tr\/index.php\/urun\/ay-ve-alti-peni\/"},"modified":"2026-04-16T02:32:48","modified_gmt":"2026-04-15T23:32:48","slug":"ay-ve-alti-peni","status":"publish","type":"product","link":"https:\/\/roveyayinevi.com.tr\/index.php\/urun\/ay-ve-alti-peni\/","title":{"rendered":"Ay ve Alt\u0131 Peni"},"content":{"rendered":"<p>Ay ve Alt\u0131 Peni, Londra\u2019da ya\u015fayan s\u0131radan bir borsa simsar\u0131n\u0131n resim yapma tutkusuyla b\u00fct\u00fcn d\u00fczenini bozup Paris\u2019te ve ard\u0131ndan Tahiti\u2019de maceralara at\u0131lmas\u0131n\u0131 konu edinir. 1919 y\u0131l\u0131nda yay\u0131mlanan roman hem kurgusal bir ressam olan Charles Strickland\u2019\u0131n biyografisi, hem de bu biyografiyi kendi bak\u0131\u015f a\u00e7\u0131s\u0131yla aktaran isimsiz anlat\u0131c\u0131n\u0131n hik\u00e2yesidir. Maugham\u2019\u0131n \u00fcnl\u00fc ressam Paul Gauguin\u2019in hayat\u0131ndan esinlenerek yaratt\u0131\u011f\u0131 Charles Strickland karakteri, ailesini ve para odakl\u0131 hayat\u0131n\u0131 geride b\u0131rak\u0131p hayallerinin pe\u015finden gider. Roman\u0131n ba\u015fl\u0131\u011f\u0131 da kurulu d\u00fczen ve para ile hayaller aras\u0131ndaki ikilemle a\u00e7\u0131klan\u0131r. Maugham bir mektubunda bu ikilemi \u015f\u00f6yle ifade etmi\u015ftir: \u201cAlt\u0131 peni bulaca\u011f\u0131m diye yere bakarak dola\u015f\u0131rsan, Ay\u2019\u0131 ka\u00e7\u0131r\u0131rs\u0131n.\u201d Yazar\u0131n \u0130nsan\u0131n Esareti adl\u0131 kitab\u0131 i\u00e7in yaz\u0131lan ele\u015ftirilerden birinde de yine uzun s\u00fcre tedav\u00fclde kalan bu madeni para kullan\u0131lm\u0131\u015f ve karakter \u201cAy\u2019\u0131 g\u00f6rmek isterken aya\u011f\u0131n\u0131n dibindeki alt\u0131 peniyi g\u00f6remiyor\u201d \u015feklinde tasvir edilmi\u015ftir. Bu da Maugham\u2019\u0131n eserleri hakk\u0131nda yaz\u0131lanlar\u0131 okudu\u011fu ve bir sonraki eserinin ba\u015fl\u0131\u011f\u0131n\u0131 b\u00f6ylece belirledi\u011fi \u015feklinde yorumlanabilir<\/p>\n","protected":false},"excerpt":{"rendered":"<p>Ay ve Alt\u0131 Peni, Londra\u2019da ya\u015fayan s\u0131radan bir borsa simsar\u0131n\u0131n resim yapma tutkusuyla b\u00fct\u00fcn d\u00fczenini bozup Paris\u2019te ve ard\u0131ndan Tahiti\u2019de maceralara at\u0131lmas\u0131n\u0131 konu edinir. 1919 y\u0131l\u0131nda<span class=\"excerpt-hellip\"> [\u2026]<\/span><\/p>\n","protected":false},"featured_media":0,"template":"","meta":{"_monsterinsights_skip_tracking":false,"_monsterinsights_sitenote_active":false,"_monsterinsights_sitenote_note":"","_monsterinsights_sitenote_category":0},"product_brand":[],"product_cat":[12291,12866],"product_tag":[],"class_list":{"0":"post-724942","1":"product","2":"type-product","3":"status-publish","5":"product_cat-edebiyat","6":"product_cat-ingiliz-edebiyati","7":"pa_cilt-ciltsiz","8":"pa_tur-kitap","9":"pa_yayinevi-is-bankasi-kultur-yayinlari","10":"pa_yazar-w-somerset-maugham","12":"first","13":"instock","14":"sale","15":"shipping-taxable","16":"purchasable","17":"product-type-simple"},"_links":{"self":[{"href":"https:\/\/roveyayinevi.com.tr\/index.php\/wp-json\/wp\/v2\/product\/724942","targetHints":{"allow":["GET"]}}],"collection":[{"href":"https:\/\/roveyayinevi.com.tr\/index.php\/wp-json\/wp\/v2\/product"}],"about":[{"href":"https:\/\/roveyayinevi.com.tr\/index.php\/wp-json\/wp\/v2\/types\/product"}],"wp:attachment":[{"href":"https:\/\/roveyayinevi.com.tr\/index.php\/wp-json\/wp\/v2\/media?parent=724942"}],"wp:term":[{"taxonomy":"product_brand","embeddable":true,"href":"https:\/\/roveyayinevi.com.tr\/index.php\/wp-json\/wp\/v2\/product_brand?post=724942"},{"taxonomy":"product_cat","embeddable":true,"href":"https:\/\/roveyayinevi.com.tr\/index.php\/wp-json\/wp\/v2\/product_cat?post=724942"},{"taxonomy":"product_tag","embeddable":true,"href":"https:\/\/roveyayinevi.com.tr\/index.php\/wp-json\/wp\/v2\/product_tag?post=724942"}],"curies":[{"name":"wp","href":"https:\/\/api.w.org\/{rel}","templated":true}]}}